{"id":9952,"date":"2024-01-13T18:27:39","date_gmt":"2024-01-13T18:27:39","guid":{"rendered":"https:\/\/bepet.pet\/loja\/produto\/alcort-5mg-castel-pharma-10-comprimidos\/"},"modified":"2025-12-10T17:07:01","modified_gmt":"2025-12-10T20:07:01","slug":"alcort-5mg-castel-pharma-10-comprimidos","status":"publish","type":"product","link":"https:\/\/bepet.pet\/loja\/produto\/alcort-5mg-castel-pharma-10-comprimidos\/","title":{"rendered":"Alcort 5mg Castel Pharma 10 comprimidos"},"content":{"rendered":"<p>Alcort 5mg Castel Pharma &#8211; A solu\u00e7\u00e3o para o seu bem-estar<\/p>\n<p>Se voc\u00ea procura por um medicamento confi\u00e1vel e eficaz, o Alcort 5mg da Castel Pharma \u00e9 a escolha certa para voc\u00ea. Comprimidos de alta qualidade, desenvolvidos com tecnologia de ponta, o Alcort 5mg \u00e9 a solu\u00e7\u00e3o para diversos problemas de sa\u00fade.<\/p>\n<p>Com o objetivo de proporcionar o m\u00e1ximo de conforto e al\u00edvio, o Alcort 5mg \u00e9 recomendado para o tratamento de uma ampla gama de condi\u00e7\u00f5es, como alergias, inflama\u00e7\u00f5es e doen\u00e7as autoimunes. Sua f\u00f3rmula exclusiva, desenvolvida por especialistas, garante resultados r\u00e1pidos e duradouros.<\/p>\n<p>Cada embalagem cont\u00e9m 10 comprimidos, o suficiente para um tratamento completo. A dosagem de 5mg \u00e9 cuidadosamente calibrada para oferecer o equil\u00edbrio perfeito entre efic\u00e1cia e seguran\u00e7a. Al\u00e9m disso, o Alcort 5mg \u00e9 de f\u00e1cil administra\u00e7\u00e3o, podendo ser ingerido com ou sem alimentos, de acordo com as recomenda\u00e7\u00f5es m\u00e9dicas.<\/p>\n<p>Ao escolher o Alcort 5mg da Castel Pharma, voc\u00ea est\u00e1 optando por um produto de alta qualidade, fabricado com rigorosos padr\u00f5es de qualidade e seguran\u00e7a. Nossa empresa est\u00e1 comprometida em oferecer produtos confi\u00e1veis, que atendam \u00e0s necessidades dos nossos clientes.<\/p>\n<p>N\u00e3o deixe que problemas de sa\u00fade atrapalhem a sua qualidade de vida. Experimente o Alcort 5mg da Castel Pharma e sinta os benef\u00edcios de um tratamento eficaz e seguro. Adquira agora mesmo o seu pacote de 10 comprimidos e aproveite todos os benef\u00edcios que o Alcort 5mg pode oferecer.<\/p>\n<p>Garanta o seu bem-estar com o Alcort 5mg da Castel Pharma. Confie em nossa experi\u00eancia e tradi\u00e7\u00e3o na ind\u00fastria farmac\u00eautica. Seu corpo merece o melhor cuidado poss\u00edvel.<\/p>\n","protected":false},"excerpt":{"rendered":"<p>Alcort 5mg Castel Pharma &#8211; A solu\u00e7\u00e3o para o seu bem-estar Se voc\u00ea procura por um medicamento confi\u00e1vel e eficaz, o Alcort 5mg da Castel Pharma \u00e9 a escolha certa para voc\u00ea. Comprimidos de alta qualidade, desenvolvidos com tecnologia de ponta, o Alcort 5mg \u00e9 a solu\u00e7\u00e3o para diversos problemas de sa\u00fade. Com o objetivo de proporcionar o m\u00e1ximo de conforto e al\u00edvio, o Alcort 5mg \u00e9 recomendado para o tratamento de uma ampla gama de condi\u00e7\u00f5es, como alergias, inflama\u00e7\u00f5es e doen\u00e7as autoimunes. Sua f\u00f3rmula exclusiva, desenvolvida por especialistas, garante resultados r\u00e1pidos e duradouros. Cada embalagem cont\u00e9m 10 comprimidos, o suficiente para um tratamento completo. A dosagem de 5mg \u00e9 cuidadosamente calibrada para oferecer o equil\u00edbrio perfeito entre efic\u00e1cia e seguran\u00e7a. Al\u00e9m disso, o Alcort 5mg \u00e9 de f\u00e1cil administra\u00e7\u00e3o, podendo ser ingerido com ou sem alimentos, de acordo com as recomenda\u00e7\u00f5es m\u00e9dicas. Ao escolher o Alcort 5mg da Castel Pharma, voc\u00ea est\u00e1 optando por um produto de alta qualidade, fabricado com rigorosos padr\u00f5es de qualidade e seguran\u00e7a. Nossa empresa est\u00e1 comprometida em oferecer produtos confi\u00e1veis, que atendam \u00e0s necessidades dos nossos clientes. N\u00e3o deixe que problemas de sa\u00fade atrapalhem a sua qualidade de vida. Experimente o Alcort 5mg da&hellip; <a class=\"read-more-link\" href=\"https:\/\/bepet.pet\/loja\/produto\/alcort-5mg-castel-pharma-10-comprimidos\/\">Read More<\/a><\/p>\n","protected":false},"featured_media":9951,"comment_status":"open","ping_status":"closed","template":"","meta":{"_kadence_starter_templates_imported_post":false},"product_brand":[],"product_cat":[141,120],"product_tag":[],"class_list":{"0":"post-9952","1":"product","2":"type-product","3":"status-publish","4":"has-post-thumbnail","6":"product_cat-anti-inflamatorios","7":"product_cat-medicamentos","10":"first","11":"instock","12":"shipping-taxable","13":"purchasable","14":"product-type-simple"},"yoast_head":"<!-- This site is optimized with the Yoast SEO plugin v25.5 - https:\/\/yoast.com\/wordpress\/plugins\/seo\/ -->\n<title>Alcort 5mg Castel Pharma 10 comprimidos - BePet<\/title>\n<meta name=\"robots\" content=\"index, follow, max-snippet:-1, max-image-preview:large, max-video-preview:-1\" \/>\n<link rel=\"canonical\" href=\"https:\/\/bepet.pet\/loja\/produto\/alcort-5mg-castel-pharma-10-comprimidos\/\" \/>\n<meta property=\"og:locale\" content=\"pt_BR\" \/>\n<meta property=\"og:type\" content=\"article\" \/>\n<meta property=\"og:title\" content=\"Alcort 5mg Castel Pharma 10 comprimidos - BePet\" \/>\n<meta property=\"og:description\" content=\"Alcort 5mg Castel Pharma &#8211; A solu\u00e7\u00e3o para o seu bem-estar Se voc\u00ea procura por um medicamento confi\u00e1vel e eficaz, o Alcort 5mg da Castel Pharma \u00e9 a escolha certa para voc\u00ea. Comprimidos de alta qualidade, desenvolvidos com tecnologia de ponta, o Alcort 5mg \u00e9 a solu\u00e7\u00e3o para diversos problemas de sa\u00fade. Com o objetivo de proporcionar o m\u00e1ximo de conforto e al\u00edvio, o Alcort 5mg \u00e9 recomendado para o tratamento de uma ampla gama de condi\u00e7\u00f5es, como alergias, inflama\u00e7\u00f5es e doen\u00e7as autoimunes. Sua f\u00f3rmula exclusiva, desenvolvida por especialistas, garante resultados r\u00e1pidos e duradouros. Cada embalagem cont\u00e9m 10 comprimidos, o suficiente para um tratamento completo. A dosagem de 5mg \u00e9 cuidadosamente calibrada para oferecer o equil\u00edbrio perfeito entre efic\u00e1cia e seguran\u00e7a. Al\u00e9m disso, o Alcort 5mg \u00e9 de f\u00e1cil administra\u00e7\u00e3o, podendo ser ingerido com ou sem alimentos, de acordo com as recomenda\u00e7\u00f5es m\u00e9dicas. Ao escolher o Alcort 5mg da Castel Pharma, voc\u00ea est\u00e1 optando por um produto de alta qualidade, fabricado com rigorosos padr\u00f5es de qualidade e seguran\u00e7a. Nossa empresa est\u00e1 comprometida em oferecer produtos confi\u00e1veis, que atendam \u00e0s necessidades dos nossos clientes. N\u00e3o deixe que problemas de sa\u00fade atrapalhem a sua qualidade de vida. Experimente o Alcort 5mg da&hellip; Read More\" \/>\n<meta property=\"og:url\" content=\"https:\/\/bepet.pet\/loja\/produto\/alcort-5mg-castel-pharma-10-comprimidos\/\" \/>\n<meta property=\"og:site_name\" content=\"BePet\" \/>\n<meta property=\"article:modified_time\" content=\"2025-12-10T20:07:01+00:00\" \/>\n<meta name=\"twitter:card\" content=\"summary_large_image\" \/>\n<meta name=\"twitter:label1\" content=\"Est. tempo de leitura\" \/>\n\t<meta name=\"twitter:data1\" content=\"1 minuto\" \/>\n<script type=\"application\/ld+json\" class=\"yoast-schema-graph\">{\"@context\":\"https:\/\/schema.org\",\"@graph\":[{\"@type\":\"WebPage\",\"@id\":\"https:\/\/bepet.pet\/loja\/produto\/alcort-5mg-castel-pharma-10-comprimidos\/\",\"url\":\"https:\/\/bepet.pet\/loja\/produto\/alcort-5mg-castel-pharma-10-comprimidos\/\",\"name\":\"Alcort 5mg Castel Pharma 10 comprimidos - BePet\",\"isPartOf\":{\"@id\":\"https:\/\/bepet.pet\/loja\/#website\"},\"primaryImageOfPage\":{\"@id\":\"https:\/\/bepet.pet\/loja\/produto\/alcort-5mg-castel-pharma-10-comprimidos\/#primaryimage\"},\"image\":{\"@id\":\"https:\/\/bepet.pet\/loja\/produto\/alcort-5mg-castel-pharma-10-comprimidos\/#primaryimage\"},\"thumbnailUrl\":\"https:\/\/bepet.pet\/loja\/wp-content\/uploads\/2024\/01\/p521e65fa-40e6-4806-b80c-cffa8b388f67.png\",\"datePublished\":\"2024-01-13T18:27:39+00:00\",\"dateModified\":\"2025-12-10T20:07:01+00:00\",\"breadcrumb\":{\"@id\":\"https:\/\/bepet.pet\/loja\/produto\/alcort-5mg-castel-pharma-10-comprimidos\/#breadcrumb\"},\"inLanguage\":\"pt-BR\",\"potentialAction\":[{\"@type\":\"ReadAction\",\"target\":[\"https:\/\/bepet.pet\/loja\/produto\/alcort-5mg-castel-pharma-10-comprimidos\/\"]}]},{\"@type\":\"ImageObject\",\"inLanguage\":\"pt-BR\",\"@id\":\"https:\/\/bepet.pet\/loja\/produto\/alcort-5mg-castel-pharma-10-comprimidos\/#primaryimage\",\"url\":\"https:\/\/bepet.pet\/loja\/wp-content\/uploads\/2024\/01\/p521e65fa-40e6-4806-b80c-cffa8b388f67.png\",\"contentUrl\":\"https:\/\/bepet.pet\/loja\/wp-content\/uploads\/2024\/01\/p521e65fa-40e6-4806-b80c-cffa8b388f67.png\",\"width\":800,\"height\":800},{\"@type\":\"BreadcrumbList\",\"@id\":\"https:\/\/bepet.pet\/loja\/produto\/alcort-5mg-castel-pharma-10-comprimidos\/#breadcrumb\",\"itemListElement\":[{\"@type\":\"ListItem\",\"position\":1,\"name\":\"Home\",\"item\":\"https:\/\/bepet.pet\/loja\/\"},{\"@type\":\"ListItem\",\"position\":2,\"name\":\"Shop\",\"item\":\"https:\/\/bepet.pet\/loja\/shop-2\/\"},{\"@type\":\"ListItem\",\"position\":3,\"name\":\"Alcort 5mg Castel Pharma 10 comprimidos\"}]},{\"@type\":\"WebSite\",\"@id\":\"https:\/\/bepet.pet\/loja\/#website\",\"url\":\"https:\/\/bepet.pet\/loja\/\",\"name\":\"BePet\",\"description\":\"Nossa vida \u00e9 cuidar do seu pet\",\"publisher\":{\"@id\":\"https:\/\/bepet.pet\/loja\/#organization\"},\"potentialAction\":[{\"@type\":\"SearchAction\",\"target\":{\"@type\":\"EntryPoint\",\"urlTemplate\":\"https:\/\/bepet.pet\/loja\/?s={search_term_string}\"},\"query-input\":{\"@type\":\"PropertyValueSpecification\",\"valueRequired\":true,\"valueName\":\"search_term_string\"}}],\"inLanguage\":\"pt-BR\"},{\"@type\":\"Organization\",\"@id\":\"https:\/\/bepet.pet\/loja\/#organization\",\"name\":\"BePet\",\"url\":\"https:\/\/bepet.pet\/loja\/\",\"logo\":{\"@type\":\"ImageObject\",\"inLanguage\":\"pt-BR\",\"@id\":\"https:\/\/bepet.pet\/loja\/#\/schema\/logo\/image\/\",\"url\":\"https:\/\/bepet.pet\/loja\/wp-content\/uploads\/2020\/10\/logo.jpg\",\"contentUrl\":\"https:\/\/bepet.pet\/loja\/wp-content\/uploads\/2020\/10\/logo.jpg\",\"width\":100,\"height\":99,\"caption\":\"BePet\"},\"image\":{\"@id\":\"https:\/\/bepet.pet\/loja\/#\/schema\/logo\/image\/\"}}]}<\/script>\n<!-- \/ Yoast SEO plugin. -->","yoast_head_json":{"title":"Alcort 5mg Castel Pharma 10 comprimidos - BePet","robots":{"index":"index","follow":"follow","max-snippet":"max-snippet:-1","max-image-preview":"max-image-preview:large","max-video-preview":"max-video-preview:-1"},"canonical":"https:\/\/bepet.pet\/loja\/produto\/alcort-5mg-castel-pharma-10-comprimidos\/","og_locale":"pt_BR","og_type":"article","og_title":"Alcort 5mg Castel Pharma 10 comprimidos - BePet","og_description":"Alcort 5mg Castel Pharma &#8211; A solu\u00e7\u00e3o para o seu bem-estar Se voc\u00ea procura por um medicamento confi\u00e1vel e eficaz, o Alcort 5mg da Castel Pharma \u00e9 a escolha certa para voc\u00ea. Comprimidos de alta qualidade, desenvolvidos com tecnologia de ponta, o Alcort 5mg \u00e9 a solu\u00e7\u00e3o para diversos problemas de sa\u00fade. Com o objetivo de proporcionar o m\u00e1ximo de conforto e al\u00edvio, o Alcort 5mg \u00e9 recomendado para o tratamento de uma ampla gama de condi\u00e7\u00f5es, como alergias, inflama\u00e7\u00f5es e doen\u00e7as autoimunes. Sua f\u00f3rmula exclusiva, desenvolvida por especialistas, garante resultados r\u00e1pidos e duradouros. Cada embalagem cont\u00e9m 10 comprimidos, o suficiente para um tratamento completo. A dosagem de 5mg \u00e9 cuidadosamente calibrada para oferecer o equil\u00edbrio perfeito entre efic\u00e1cia e seguran\u00e7a. Al\u00e9m disso, o Alcort 5mg \u00e9 de f\u00e1cil administra\u00e7\u00e3o, podendo ser ingerido com ou sem alimentos, de acordo com as recomenda\u00e7\u00f5es m\u00e9dicas. Ao escolher o Alcort 5mg da Castel Pharma, voc\u00ea est\u00e1 optando por um produto de alta qualidade, fabricado com rigorosos padr\u00f5es de qualidade e seguran\u00e7a. Nossa empresa est\u00e1 comprometida em oferecer produtos confi\u00e1veis, que atendam \u00e0s necessidades dos nossos clientes. N\u00e3o deixe que problemas de sa\u00fade atrapalhem a sua qualidade de vida. Experimente o Alcort 5mg da&hellip; Read More","og_url":"https:\/\/bepet.pet\/loja\/produto\/alcort-5mg-castel-pharma-10-comprimidos\/","og_site_name":"BePet","article_modified_time":"2025-12-10T20:07:01+00:00","twitter_card":"summary_large_image","twitter_misc":{"Est. tempo de leitura":"1 minuto"},"schema":{"@context":"https:\/\/schema.org","@graph":[{"@type":"WebPage","@id":"https:\/\/bepet.pet\/loja\/produto\/alcort-5mg-castel-pharma-10-comprimidos\/","url":"https:\/\/bepet.pet\/loja\/produto\/alcort-5mg-castel-pharma-10-comprimidos\/","name":"Alcort 5mg Castel Pharma 10 comprimidos - BePet","isPartOf":{"@id":"https:\/\/bepet.pet\/loja\/#website"},"primaryImageOfPage":{"@id":"https:\/\/bepet.pet\/loja\/produto\/alcort-5mg-castel-pharma-10-comprimidos\/#primaryimage"},"image":{"@id":"https:\/\/bepet.pet\/loja\/produto\/alcort-5mg-castel-pharma-10-comprimidos\/#primaryimage"},"thumbnailUrl":"https:\/\/bepet.pet\/loja\/wp-content\/uploads\/2024\/01\/p521e65fa-40e6-4806-b80c-cffa8b388f67.png","datePublished":"2024-01-13T18:27:39+00:00","dateModified":"2025-12-10T20:07:01+00:00","breadcrumb":{"@id":"https:\/\/bepet.pet\/loja\/produto\/alcort-5mg-castel-pharma-10-comprimidos\/#breadcrumb"},"inLanguage":"pt-BR","potentialAction":[{"@type":"ReadAction","target":["https:\/\/bepet.pet\/loja\/produto\/alcort-5mg-castel-pharma-10-comprimidos\/"]}]},{"@type":"ImageObject","inLanguage":"pt-BR","@id":"https:\/\/bepet.pet\/loja\/produto\/alcort-5mg-castel-pharma-10-comprimidos\/#primaryimage","url":"https:\/\/bepet.pet\/loja\/wp-content\/uploads\/2024\/01\/p521e65fa-40e6-4806-b80c-cffa8b388f67.png","contentUrl":"https:\/\/bepet.pet\/loja\/wp-content\/uploads\/2024\/01\/p521e65fa-40e6-4806-b80c-cffa8b388f67.png","width":800,"height":800},{"@type":"BreadcrumbList","@id":"https:\/\/bepet.pet\/loja\/produto\/alcort-5mg-castel-pharma-10-comprimidos\/#breadcrumb","itemListElement":[{"@type":"ListItem","position":1,"name":"Home","item":"https:\/\/bepet.pet\/loja\/"},{"@type":"ListItem","position":2,"name":"Shop","item":"https:\/\/bepet.pet\/loja\/shop-2\/"},{"@type":"ListItem","position":3,"name":"Alcort 5mg Castel Pharma 10 comprimidos"}]},{"@type":"WebSite","@id":"https:\/\/bepet.pet\/loja\/#website","url":"https:\/\/bepet.pet\/loja\/","name":"BePet","description":"Nossa vida \u00e9 cuidar do seu pet","publisher":{"@id":"https:\/\/bepet.pet\/loja\/#organization"},"potentialAction":[{"@type":"SearchAction","target":{"@type":"EntryPoint","urlTemplate":"https:\/\/bepet.pet\/loja\/?s={search_term_string}"},"query-input":{"@type":"PropertyValueSpecification","valueRequired":true,"valueName":"search_term_string"}}],"inLanguage":"pt-BR"},{"@type":"Organization","@id":"https:\/\/bepet.pet\/loja\/#organization","name":"BePet","url":"https:\/\/bepet.pet\/loja\/","logo":{"@type":"ImageObject","inLanguage":"pt-BR","@id":"https:\/\/bepet.pet\/loja\/#\/schema\/logo\/image\/","url":"https:\/\/bepet.pet\/loja\/wp-content\/uploads\/2020\/10\/logo.jpg","contentUrl":"https:\/\/bepet.pet\/loja\/wp-content\/uploads\/2020\/10\/logo.jpg","width":100,"height":99,"caption":"BePet"},"image":{"@id":"https:\/\/bepet.pet\/loja\/#\/schema\/logo\/image\/"}}]}},"jetpack_sharing_enabled":true,"_links":{"self":[{"href":"https:\/\/bepet.pet\/loja\/wp-json\/wp\/v2\/product\/9952","targetHints":{"allow":["GET"]}}],"collection":[{"href":"https:\/\/bepet.pet\/loja\/wp-json\/wp\/v2\/product"}],"about":[{"href":"https:\/\/bepet.pet\/loja\/wp-json\/wp\/v2\/types\/product"}],"replies":[{"embeddable":true,"href":"https:\/\/bepet.pet\/loja\/wp-json\/wp\/v2\/comments?post=9952"}],"wp:featuredmedia":[{"embeddable":true,"href":"https:\/\/bepet.pet\/loja\/wp-json\/wp\/v2\/media\/9951"}],"wp:attachment":[{"href":"https:\/\/bepet.pet\/loja\/wp-json\/wp\/v2\/media?parent=9952"}],"wp:term":[{"taxonomy":"product_brand","embeddable":true,"href":"https:\/\/bepet.pet\/loja\/wp-json\/wp\/v2\/product_brand?post=9952"},{"taxonomy":"product_cat","embeddable":true,"href":"https:\/\/bepet.pet\/loja\/wp-json\/wp\/v2\/product_cat?post=9952"},{"taxonomy":"product_tag","embeddable":true,"href":"https:\/\/bepet.pet\/loja\/wp-json\/wp\/v2\/product_tag?post=9952"}],"curies":[{"name":"wp","href":"https:\/\/api.w.org\/{rel}","templated":true}]}}