{"id":9907,"date":"2024-01-13T13:05:46","date_gmt":"2024-01-13T16:05:46","guid":{"rendered":"https:\/\/bepet.pet\/loja\/produto\/racao-nd-quinoa-gatos-adultos-digestion-cordeiro-75kg\/"},"modified":"2025-12-10T17:24:18","modified_gmt":"2025-12-10T20:24:18","slug":"racao-nd-quinoa-gatos-adultos-digestion-cordeiro-75kg","status":"publish","type":"product","link":"https:\/\/bepet.pet\/loja\/produto\/racao-nd-quinoa-gatos-adultos-digestion-cordeiro-75kg\/","title":{"rendered":"Ra\u00e7\u00e3o N&amp;D Quinoa Gatos Adultos Digestion Cordeiro 7,5kg"},"content":{"rendered":"<p>Agora voc\u00ea pode proporcionar uma alimenta\u00e7\u00e3o de qualidade e cuidar da sa\u00fade do seu gato de maneira completa. Apresentamos a ra\u00e7\u00e3o N&amp;D Quinoa Gatos Adultos Digestion Cordeiro, um alimento desenvolvido especialmente para atender \u00e0s necessidades nutricionais dos felinos.<\/p>\n<p>Com um conte\u00fado rico em ingredientes selecionados, essa ra\u00e7\u00e3o \u00e9 formulada com cordeiro de alta qualidade, proporcionando uma fonte de prote\u00edna de f\u00e1cil digest\u00e3o. Al\u00e9m disso, a presen\u00e7a da quinoa, um superalimento, traz benef\u00edcios adicionais para a sa\u00fade do seu pet.<\/p>\n<p>A ra\u00e7\u00e3o N&amp;D Quinoa Gatos Adultos Digestion Cordeiro \u00e9 ideal para gatos adultos, oferecendo uma nutri\u00e7\u00e3o balanceada e completa. Seu alto teor de fibras ajuda a promover uma digest\u00e3o saud\u00e1vel, evitando problemas como constipa\u00e7\u00e3o e desconforto abdominal.<\/p>\n<p>Al\u00e9m disso, essa ra\u00e7\u00e3o \u00e9 livre de gr\u00e3os e gl\u00faten, o que a torna uma op\u00e7\u00e3o perfeita para gatos com sensibilidade alimentar. Com ingredientes de alta qualidade e sem adi\u00e7\u00e3o de corantes artificiais, essa ra\u00e7\u00e3o garante uma alimenta\u00e7\u00e3o saud\u00e1vel e saborosa para o seu felino.<\/p>\n<p>Com a ra\u00e7\u00e3o N&amp;D Quinoa Gatos Adultos Digestion Cordeiro, voc\u00ea estar\u00e1 oferecendo ao seu gato uma alimenta\u00e7\u00e3o de excel\u00eancia, cuidando da sua sa\u00fade e bem-estar. Proporcione uma vida mais saud\u00e1vel e feliz para o seu pet, experimente essa ra\u00e7\u00e3o e veja a diferen\u00e7a que ela pode fazer na vida do seu gato.<\/p>\n<p>Adquira agora mesmo a ra\u00e7\u00e3o N&amp;D Quinoa Gatos Adultos Digestion Cordeiro 7,5kg e proporcione ao seu gato uma alimenta\u00e7\u00e3o de qualidade, com todos os benef\u00edcios que ele merece. Acesse nosso website e_Commerce e fa\u00e7a seu pedido agora mesmo. Seu gato vai agradecer!<\/p>\n","protected":false},"excerpt":{"rendered":"<p>Agora voc\u00ea pode proporcionar uma alimenta\u00e7\u00e3o de qualidade e cuidar da sa\u00fade do seu gato de maneira completa. Apresentamos a ra\u00e7\u00e3o N&amp;D Quinoa Gatos Adultos Digestion Cordeiro, um alimento desenvolvido especialmente para atender \u00e0s necessidades nutricionais dos felinos. Com um conte\u00fado rico em ingredientes selecionados, essa ra\u00e7\u00e3o \u00e9 formulada com cordeiro de alta qualidade, proporcionando uma fonte de prote\u00edna de f\u00e1cil digest\u00e3o. Al\u00e9m disso, a presen\u00e7a da quinoa, um superalimento, traz benef\u00edcios adicionais para a sa\u00fade do seu pet. A ra\u00e7\u00e3o N&amp;D Quinoa Gatos Adultos Digestion Cordeiro \u00e9 ideal para gatos adultos, oferecendo uma nutri\u00e7\u00e3o balanceada e completa. Seu alto teor de fibras ajuda a promover uma digest\u00e3o saud\u00e1vel, evitando problemas como constipa\u00e7\u00e3o e desconforto abdominal. Al\u00e9m disso, essa ra\u00e7\u00e3o \u00e9 livre de gr\u00e3os e gl\u00faten, o que a torna uma op\u00e7\u00e3o perfeita para gatos com sensibilidade alimentar. Com ingredientes de alta qualidade e sem adi\u00e7\u00e3o de corantes artificiais, essa ra\u00e7\u00e3o garante uma alimenta\u00e7\u00e3o saud\u00e1vel e saborosa para o seu felino. Com a ra\u00e7\u00e3o N&amp;D Quinoa Gatos Adultos Digestion Cordeiro, voc\u00ea estar\u00e1 oferecendo ao seu gato uma alimenta\u00e7\u00e3o de excel\u00eancia, cuidando da sua sa\u00fade e bem-estar. Proporcione uma vida mais saud\u00e1vel e feliz para o seu pet, experimente essa ra\u00e7\u00e3o&hellip; <a class=\"read-more-link\" href=\"https:\/\/bepet.pet\/loja\/produto\/racao-nd-quinoa-gatos-adultos-digestion-cordeiro-75kg\/\">Read More<\/a><\/p>\n","protected":false},"featured_media":9906,"comment_status":"open","ping_status":"closed","template":"","meta":{"_kadence_starter_templates_imported_post":false},"product_brand":[],"product_cat":[121,133],"product_tag":[],"class_list":{"0":"post-9907","1":"product","2":"type-product","3":"status-publish","4":"has-post-thumbnail","6":"product_cat-racoes","7":"product_cat-secas-gatos","10":"first","11":"instock","12":"shipping-taxable","13":"purchasable","14":"product-type-simple"},"yoast_head":"<!-- This site is optimized with the Yoast SEO plugin v25.5 - https:\/\/yoast.com\/wordpress\/plugins\/seo\/ -->\n<title>Ra\u00e7\u00e3o N&amp;D Quinoa Gatos Adultos Digestion Cordeiro 7,5kg - BePet<\/title>\n<meta name=\"robots\" content=\"index, follow, max-snippet:-1, max-image-preview:large, max-video-preview:-1\" \/>\n<link rel=\"canonical\" href=\"https:\/\/bepet.pet\/loja\/produto\/racao-nd-quinoa-gatos-adultos-digestion-cordeiro-75kg\/\" \/>\n<meta property=\"og:locale\" content=\"pt_BR\" \/>\n<meta property=\"og:type\" content=\"article\" \/>\n<meta property=\"og:title\" content=\"Ra\u00e7\u00e3o N&amp;D Quinoa Gatos Adultos Digestion Cordeiro 7,5kg - BePet\" \/>\n<meta property=\"og:description\" content=\"Agora voc\u00ea pode proporcionar uma alimenta\u00e7\u00e3o de qualidade e cuidar da sa\u00fade do seu gato de maneira completa. Apresentamos a ra\u00e7\u00e3o N&amp;D Quinoa Gatos Adultos Digestion Cordeiro, um alimento desenvolvido especialmente para atender \u00e0s necessidades nutricionais dos felinos. Com um conte\u00fado rico em ingredientes selecionados, essa ra\u00e7\u00e3o \u00e9 formulada com cordeiro de alta qualidade, proporcionando uma fonte de prote\u00edna de f\u00e1cil digest\u00e3o. Al\u00e9m disso, a presen\u00e7a da quinoa, um superalimento, traz benef\u00edcios adicionais para a sa\u00fade do seu pet. A ra\u00e7\u00e3o N&amp;D Quinoa Gatos Adultos Digestion Cordeiro \u00e9 ideal para gatos adultos, oferecendo uma nutri\u00e7\u00e3o balanceada e completa. Seu alto teor de fibras ajuda a promover uma digest\u00e3o saud\u00e1vel, evitando problemas como constipa\u00e7\u00e3o e desconforto abdominal. Al\u00e9m disso, essa ra\u00e7\u00e3o \u00e9 livre de gr\u00e3os e gl\u00faten, o que a torna uma op\u00e7\u00e3o perfeita para gatos com sensibilidade alimentar. Com ingredientes de alta qualidade e sem adi\u00e7\u00e3o de corantes artificiais, essa ra\u00e7\u00e3o garante uma alimenta\u00e7\u00e3o saud\u00e1vel e saborosa para o seu felino. Com a ra\u00e7\u00e3o N&amp;D Quinoa Gatos Adultos Digestion Cordeiro, voc\u00ea estar\u00e1 oferecendo ao seu gato uma alimenta\u00e7\u00e3o de excel\u00eancia, cuidando da sua sa\u00fade e bem-estar. Proporcione uma vida mais saud\u00e1vel e feliz para o seu pet, experimente essa ra\u00e7\u00e3o&hellip; Read More\" \/>\n<meta property=\"og:url\" content=\"https:\/\/bepet.pet\/loja\/produto\/racao-nd-quinoa-gatos-adultos-digestion-cordeiro-75kg\/\" \/>\n<meta property=\"og:site_name\" content=\"BePet\" \/>\n<meta property=\"article:modified_time\" content=\"2025-12-10T20:24:18+00:00\" \/>\n<meta property=\"og:image\" content=\"https:\/\/bepet.pet\/loja\/wp-content\/uploads\/2024\/01\/p6a14e2e2-e16d-4ec6-85f5-652dc0503d1e.png\" \/>\n\t<meta property=\"og:image:width\" content=\"800\" \/>\n\t<meta property=\"og:image:height\" content=\"800\" \/>\n\t<meta property=\"og:image:type\" content=\"image\/png\" \/>\n<meta name=\"twitter:card\" content=\"summary_large_image\" \/>\n<meta name=\"twitter:label1\" content=\"Est. tempo de leitura\" \/>\n\t<meta name=\"twitter:data1\" content=\"1 minuto\" \/>\n<script type=\"application\/ld+json\" class=\"yoast-schema-graph\">{\"@context\":\"https:\/\/schema.org\",\"@graph\":[{\"@type\":\"WebPage\",\"@id\":\"https:\/\/bepet.pet\/loja\/produto\/racao-nd-quinoa-gatos-adultos-digestion-cordeiro-75kg\/\",\"url\":\"https:\/\/bepet.pet\/loja\/produto\/racao-nd-quinoa-gatos-adultos-digestion-cordeiro-75kg\/\",\"name\":\"Ra\u00e7\u00e3o N&amp;D Quinoa Gatos Adultos Digestion Cordeiro 7,5kg - BePet\",\"isPartOf\":{\"@id\":\"https:\/\/bepet.pet\/loja\/#website\"},\"primaryImageOfPage\":{\"@id\":\"https:\/\/bepet.pet\/loja\/produto\/racao-nd-quinoa-gatos-adultos-digestion-cordeiro-75kg\/#primaryimage\"},\"image\":{\"@id\":\"https:\/\/bepet.pet\/loja\/produto\/racao-nd-quinoa-gatos-adultos-digestion-cordeiro-75kg\/#primaryimage\"},\"thumbnailUrl\":\"https:\/\/bepet.pet\/loja\/wp-content\/uploads\/2024\/01\/p6a14e2e2-e16d-4ec6-85f5-652dc0503d1e.png\",\"datePublished\":\"2024-01-13T16:05:46+00:00\",\"dateModified\":\"2025-12-10T20:24:18+00:00\",\"breadcrumb\":{\"@id\":\"https:\/\/bepet.pet\/loja\/produto\/racao-nd-quinoa-gatos-adultos-digestion-cordeiro-75kg\/#breadcrumb\"},\"inLanguage\":\"pt-BR\",\"potentialAction\":[{\"@type\":\"ReadAction\",\"target\":[\"https:\/\/bepet.pet\/loja\/produto\/racao-nd-quinoa-gatos-adultos-digestion-cordeiro-75kg\/\"]}]},{\"@type\":\"ImageObject\",\"inLanguage\":\"pt-BR\",\"@id\":\"https:\/\/bepet.pet\/loja\/produto\/racao-nd-quinoa-gatos-adultos-digestion-cordeiro-75kg\/#primaryimage\",\"url\":\"https:\/\/bepet.pet\/loja\/wp-content\/uploads\/2024\/01\/p6a14e2e2-e16d-4ec6-85f5-652dc0503d1e.png\",\"contentUrl\":\"https:\/\/bepet.pet\/loja\/wp-content\/uploads\/2024\/01\/p6a14e2e2-e16d-4ec6-85f5-652dc0503d1e.png\",\"width\":800,\"height\":800},{\"@type\":\"BreadcrumbList\",\"@id\":\"https:\/\/bepet.pet\/loja\/produto\/racao-nd-quinoa-gatos-adultos-digestion-cordeiro-75kg\/#breadcrumb\",\"itemListElement\":[{\"@type\":\"ListItem\",\"position\":1,\"name\":\"Home\",\"item\":\"https:\/\/bepet.pet\/loja\/\"},{\"@type\":\"ListItem\",\"position\":2,\"name\":\"Shop\",\"item\":\"https:\/\/bepet.pet\/loja\/shop-2\/\"},{\"@type\":\"ListItem\",\"position\":3,\"name\":\"Ra\u00e7\u00e3o N&amp;D Quinoa Gatos Adultos Digestion Cordeiro 7,5kg\"}]},{\"@type\":\"WebSite\",\"@id\":\"https:\/\/bepet.pet\/loja\/#website\",\"url\":\"https:\/\/bepet.pet\/loja\/\",\"name\":\"BePet\",\"description\":\"Nossa vida \u00e9 cuidar do seu pet\",\"publisher\":{\"@id\":\"https:\/\/bepet.pet\/loja\/#organization\"},\"potentialAction\":[{\"@type\":\"SearchAction\",\"target\":{\"@type\":\"EntryPoint\",\"urlTemplate\":\"https:\/\/bepet.pet\/loja\/?s={search_term_string}\"},\"query-input\":{\"@type\":\"PropertyValueSpecification\",\"valueRequired\":true,\"valueName\":\"search_term_string\"}}],\"inLanguage\":\"pt-BR\"},{\"@type\":\"Organization\",\"@id\":\"https:\/\/bepet.pet\/loja\/#organization\",\"name\":\"BePet\",\"url\":\"https:\/\/bepet.pet\/loja\/\",\"logo\":{\"@type\":\"ImageObject\",\"inLanguage\":\"pt-BR\",\"@id\":\"https:\/\/bepet.pet\/loja\/#\/schema\/logo\/image\/\",\"url\":\"https:\/\/bepet.pet\/loja\/wp-content\/uploads\/2020\/10\/logo.jpg\",\"contentUrl\":\"https:\/\/bepet.pet\/loja\/wp-content\/uploads\/2020\/10\/logo.jpg\",\"width\":100,\"height\":99,\"caption\":\"BePet\"},\"image\":{\"@id\":\"https:\/\/bepet.pet\/loja\/#\/schema\/logo\/image\/\"}}]}<\/script>\n<!-- \/ Yoast SEO plugin. -->","yoast_head_json":{"title":"Ra\u00e7\u00e3o N&amp;D Quinoa Gatos Adultos Digestion Cordeiro 7,5kg - BePet","robots":{"index":"index","follow":"follow","max-snippet":"max-snippet:-1","max-image-preview":"max-image-preview:large","max-video-preview":"max-video-preview:-1"},"canonical":"https:\/\/bepet.pet\/loja\/produto\/racao-nd-quinoa-gatos-adultos-digestion-cordeiro-75kg\/","og_locale":"pt_BR","og_type":"article","og_title":"Ra\u00e7\u00e3o N&amp;D Quinoa Gatos Adultos Digestion Cordeiro 7,5kg - BePet","og_description":"Agora voc\u00ea pode proporcionar uma alimenta\u00e7\u00e3o de qualidade e cuidar da sa\u00fade do seu gato de maneira completa. Apresentamos a ra\u00e7\u00e3o N&amp;D Quinoa Gatos Adultos Digestion Cordeiro, um alimento desenvolvido especialmente para atender \u00e0s necessidades nutricionais dos felinos. Com um conte\u00fado rico em ingredientes selecionados, essa ra\u00e7\u00e3o \u00e9 formulada com cordeiro de alta qualidade, proporcionando uma fonte de prote\u00edna de f\u00e1cil digest\u00e3o. Al\u00e9m disso, a presen\u00e7a da quinoa, um superalimento, traz benef\u00edcios adicionais para a sa\u00fade do seu pet. A ra\u00e7\u00e3o N&amp;D Quinoa Gatos Adultos Digestion Cordeiro \u00e9 ideal para gatos adultos, oferecendo uma nutri\u00e7\u00e3o balanceada e completa. Seu alto teor de fibras ajuda a promover uma digest\u00e3o saud\u00e1vel, evitando problemas como constipa\u00e7\u00e3o e desconforto abdominal. Al\u00e9m disso, essa ra\u00e7\u00e3o \u00e9 livre de gr\u00e3os e gl\u00faten, o que a torna uma op\u00e7\u00e3o perfeita para gatos com sensibilidade alimentar. Com ingredientes de alta qualidade e sem adi\u00e7\u00e3o de corantes artificiais, essa ra\u00e7\u00e3o garante uma alimenta\u00e7\u00e3o saud\u00e1vel e saborosa para o seu felino. Com a ra\u00e7\u00e3o N&amp;D Quinoa Gatos Adultos Digestion Cordeiro, voc\u00ea estar\u00e1 oferecendo ao seu gato uma alimenta\u00e7\u00e3o de excel\u00eancia, cuidando da sua sa\u00fade e bem-estar. Proporcione uma vida mais saud\u00e1vel e feliz para o seu pet, experimente essa ra\u00e7\u00e3o&hellip; Read More","og_url":"https:\/\/bepet.pet\/loja\/produto\/racao-nd-quinoa-gatos-adultos-digestion-cordeiro-75kg\/","og_site_name":"BePet","article_modified_time":"2025-12-10T20:24:18+00:00","og_image":[{"width":800,"height":800,"url":"https:\/\/bepet.pet\/loja\/wp-content\/uploads\/2024\/01\/p6a14e2e2-e16d-4ec6-85f5-652dc0503d1e.png","type":"image\/png"}],"twitter_card":"summary_large_image","twitter_misc":{"Est. tempo de leitura":"1 minuto"},"schema":{"@context":"https:\/\/schema.org","@graph":[{"@type":"WebPage","@id":"https:\/\/bepet.pet\/loja\/produto\/racao-nd-quinoa-gatos-adultos-digestion-cordeiro-75kg\/","url":"https:\/\/bepet.pet\/loja\/produto\/racao-nd-quinoa-gatos-adultos-digestion-cordeiro-75kg\/","name":"Ra\u00e7\u00e3o N&amp;D Quinoa Gatos Adultos Digestion Cordeiro 7,5kg - BePet","isPartOf":{"@id":"https:\/\/bepet.pet\/loja\/#website"},"primaryImageOfPage":{"@id":"https:\/\/bepet.pet\/loja\/produto\/racao-nd-quinoa-gatos-adultos-digestion-cordeiro-75kg\/#primaryimage"},"image":{"@id":"https:\/\/bepet.pet\/loja\/produto\/racao-nd-quinoa-gatos-adultos-digestion-cordeiro-75kg\/#primaryimage"},"thumbnailUrl":"https:\/\/bepet.pet\/loja\/wp-content\/uploads\/2024\/01\/p6a14e2e2-e16d-4ec6-85f5-652dc0503d1e.png","datePublished":"2024-01-13T16:05:46+00:00","dateModified":"2025-12-10T20:24:18+00:00","breadcrumb":{"@id":"https:\/\/bepet.pet\/loja\/produto\/racao-nd-quinoa-gatos-adultos-digestion-cordeiro-75kg\/#breadcrumb"},"inLanguage":"pt-BR","potentialAction":[{"@type":"ReadAction","target":["https:\/\/bepet.pet\/loja\/produto\/racao-nd-quinoa-gatos-adultos-digestion-cordeiro-75kg\/"]}]},{"@type":"ImageObject","inLanguage":"pt-BR","@id":"https:\/\/bepet.pet\/loja\/produto\/racao-nd-quinoa-gatos-adultos-digestion-cordeiro-75kg\/#primaryimage","url":"https:\/\/bepet.pet\/loja\/wp-content\/uploads\/2024\/01\/p6a14e2e2-e16d-4ec6-85f5-652dc0503d1e.png","contentUrl":"https:\/\/bepet.pet\/loja\/wp-content\/uploads\/2024\/01\/p6a14e2e2-e16d-4ec6-85f5-652dc0503d1e.png","width":800,"height":800},{"@type":"BreadcrumbList","@id":"https:\/\/bepet.pet\/loja\/produto\/racao-nd-quinoa-gatos-adultos-digestion-cordeiro-75kg\/#breadcrumb","itemListElement":[{"@type":"ListItem","position":1,"name":"Home","item":"https:\/\/bepet.pet\/loja\/"},{"@type":"ListItem","position":2,"name":"Shop","item":"https:\/\/bepet.pet\/loja\/shop-2\/"},{"@type":"ListItem","position":3,"name":"Ra\u00e7\u00e3o N&amp;D Quinoa Gatos Adultos Digestion Cordeiro 7,5kg"}]},{"@type":"WebSite","@id":"https:\/\/bepet.pet\/loja\/#website","url":"https:\/\/bepet.pet\/loja\/","name":"BePet","description":"Nossa vida \u00e9 cuidar do seu pet","publisher":{"@id":"https:\/\/bepet.pet\/loja\/#organization"},"potentialAction":[{"@type":"SearchAction","target":{"@type":"EntryPoint","urlTemplate":"https:\/\/bepet.pet\/loja\/?s={search_term_string}"},"query-input":{"@type":"PropertyValueSpecification","valueRequired":true,"valueName":"search_term_string"}}],"inLanguage":"pt-BR"},{"@type":"Organization","@id":"https:\/\/bepet.pet\/loja\/#organization","name":"BePet","url":"https:\/\/bepet.pet\/loja\/","logo":{"@type":"ImageObject","inLanguage":"pt-BR","@id":"https:\/\/bepet.pet\/loja\/#\/schema\/logo\/image\/","url":"https:\/\/bepet.pet\/loja\/wp-content\/uploads\/2020\/10\/logo.jpg","contentUrl":"https:\/\/bepet.pet\/loja\/wp-content\/uploads\/2020\/10\/logo.jpg","width":100,"height":99,"caption":"BePet"},"image":{"@id":"https:\/\/bepet.pet\/loja\/#\/schema\/logo\/image\/"}}]}},"jetpack_sharing_enabled":true,"_links":{"self":[{"href":"https:\/\/bepet.pet\/loja\/wp-json\/wp\/v2\/product\/9907","targetHints":{"allow":["GET"]}}],"collection":[{"href":"https:\/\/bepet.pet\/loja\/wp-json\/wp\/v2\/product"}],"about":[{"href":"https:\/\/bepet.pet\/loja\/wp-json\/wp\/v2\/types\/product"}],"replies":[{"embeddable":true,"href":"https:\/\/bepet.pet\/loja\/wp-json\/wp\/v2\/comments?post=9907"}],"wp:featuredmedia":[{"embeddable":true,"href":"https:\/\/bepet.pet\/loja\/wp-json\/wp\/v2\/media\/9906"}],"wp:attachment":[{"href":"https:\/\/bepet.pet\/loja\/wp-json\/wp\/v2\/media?parent=9907"}],"wp:term":[{"taxonomy":"product_brand","embeddable":true,"href":"https:\/\/bepet.pet\/loja\/wp-json\/wp\/v2\/product_brand?post=9907"},{"taxonomy":"product_cat","embeddable":true,"href":"https:\/\/bepet.pet\/loja\/wp-json\/wp\/v2\/product_cat?post=9907"},{"taxonomy":"product_tag","embeddable":true,"href":"https:\/\/bepet.pet\/loja\/wp-json\/wp\/v2\/product_tag?post=9907"}],"curies":[{"name":"wp","href":"https:\/\/api.w.org\/{rel}","templated":true}]}}