{"id":9903,"date":"2024-01-13T13:00:51","date_gmt":"2024-01-13T16:00:51","guid":{"rendered":"https:\/\/bepet.pet\/loja\/produto\/racao-nd-ancestral-grain-gatos-filhotes-frango-400-g\/"},"modified":"2025-12-10T17:20:09","modified_gmt":"2025-12-10T20:20:09","slug":"racao-nd-ancestral-grain-gatos-filhotes-frango-400-g","status":"publish","type":"product","link":"https:\/\/bepet.pet\/loja\/produto\/racao-nd-ancestral-grain-gatos-filhotes-frango-400-g\/","title":{"rendered":"Ra\u00e7\u00e3o N&amp;D Ancestral Grain Gatos Filhotes Frango 400 g"},"content":{"rendered":"<p>Agora voc\u00ea pode oferecer ao seu gatinho filhote uma alimenta\u00e7\u00e3o de qualidade e saborosa com a ra\u00e7\u00e3o N&amp;D Ancestral Grain Gatos Filhotes Frango 400 g. Desenvolvida especialmente para atender \u00e0s necessidades nutricionais dos felinos em fase de crescimento, essa ra\u00e7\u00e3o \u00e9 a escolha perfeita para garantir uma dieta equilibrada e saud\u00e1vel.<\/p>\n<p>Com ingredientes selecionados e de alta qualidade, a ra\u00e7\u00e3o N&amp;D Ancestral Grain Gatos Filhotes Frango 400 g proporciona todos os nutrientes essenciais para o desenvolvimento adequado do seu gatinho. Ela cont\u00e9m gr\u00e3os ancestrais, como espelta e aveia, que s\u00e3o fontes naturais de fibras e carboidratos de baixo \u00edndice glic\u00eamico, auxiliando na digest\u00e3o e no controle do peso.<\/p>\n<p>Al\u00e9m disso, essa ra\u00e7\u00e3o \u00e9 enriquecida com prote\u00ednas de alta digestibilidade, provenientes do frango fresco, que contribuem para o crescimento saud\u00e1vel dos m\u00fasculos e para a manuten\u00e7\u00e3o da massa magra. Tamb\u00e9m cont\u00e9m \u00f4mega 3 e \u00f4mega 6, que ajudam a promover uma pele saud\u00e1vel e um pelo brilhante.<\/p>\n<p>A ra\u00e7\u00e3o N&amp;D Ancestral Grain Gatos Filhotes Frango 400 g \u00e9 livre de corantes, aromatizantes artificiais e transg\u00eanicos, garantindo uma alimenta\u00e7\u00e3o natural e segura para o seu gatinho. Al\u00e9m disso, possui um sabor irresist\u00edvel, que certamente agradar\u00e1 ao paladar exigente do seu filhote.<\/p>\n<p>Invista no bem-estar e na sa\u00fade do seu gatinho filhote com a ra\u00e7\u00e3o N&amp;D Ancestral Grain Gatos Filhotes Frango 400 g. Adquira agora mesmo e proporcione uma alimenta\u00e7\u00e3o de qualidade para o seu felino. Seu gatinho merece o melhor!<\/p>\n","protected":false},"excerpt":{"rendered":"<p>Agora voc\u00ea pode oferecer ao seu gatinho filhote uma alimenta\u00e7\u00e3o de qualidade e saborosa com a ra\u00e7\u00e3o N&amp;D Ancestral Grain Gatos Filhotes Frango 400 g. Desenvolvida especialmente para atender \u00e0s necessidades nutricionais dos felinos em fase de crescimento, essa ra\u00e7\u00e3o \u00e9 a escolha perfeita para garantir uma dieta equilibrada e saud\u00e1vel. Com ingredientes selecionados e de alta qualidade, a ra\u00e7\u00e3o N&amp;D Ancestral Grain Gatos Filhotes Frango 400 g proporciona todos os nutrientes essenciais para o desenvolvimento adequado do seu gatinho. Ela cont\u00e9m gr\u00e3os ancestrais, como espelta e aveia, que s\u00e3o fontes naturais de fibras e carboidratos de baixo \u00edndice glic\u00eamico, auxiliando na digest\u00e3o e no controle do peso. Al\u00e9m disso, essa ra\u00e7\u00e3o \u00e9 enriquecida com prote\u00ednas de alta digestibilidade, provenientes do frango fresco, que contribuem para o crescimento saud\u00e1vel dos m\u00fasculos e para a manuten\u00e7\u00e3o da massa magra. Tamb\u00e9m cont\u00e9m \u00f4mega 3 e \u00f4mega 6, que ajudam a promover uma pele saud\u00e1vel e um pelo brilhante. A ra\u00e7\u00e3o N&amp;D Ancestral Grain Gatos Filhotes Frango 400 g \u00e9 livre de corantes, aromatizantes artificiais e transg\u00eanicos, garantindo uma alimenta\u00e7\u00e3o natural e segura para o seu gatinho. Al\u00e9m disso, possui um sabor irresist\u00edvel, que certamente agradar\u00e1 ao paladar exigente do seu filhote. Invista&hellip; <a class=\"read-more-link\" href=\"https:\/\/bepet.pet\/loja\/produto\/racao-nd-ancestral-grain-gatos-filhotes-frango-400-g\/\">Read More<\/a><\/p>\n","protected":false},"featured_media":9902,"comment_status":"open","ping_status":"closed","template":"","meta":{"_kadence_starter_templates_imported_post":false},"product_brand":[],"product_cat":[121,133],"product_tag":[],"class_list":{"0":"post-9903","1":"product","2":"type-product","3":"status-publish","4":"has-post-thumbnail","6":"product_cat-racoes","7":"product_cat-secas-gatos","10":"first","11":"instock","12":"shipping-taxable","13":"purchasable","14":"product-type-simple"},"yoast_head":"<!-- This site is optimized with the Yoast SEO plugin v25.5 - https:\/\/yoast.com\/wordpress\/plugins\/seo\/ -->\n<title>Ra\u00e7\u00e3o N&amp;D Ancestral Grain Gatos Filhotes Frango 400 g - BePet<\/title>\n<meta name=\"robots\" content=\"index, follow, max-snippet:-1, max-image-preview:large, max-video-preview:-1\" \/>\n<link rel=\"canonical\" href=\"https:\/\/bepet.pet\/loja\/produto\/racao-nd-ancestral-grain-gatos-filhotes-frango-400-g\/\" \/>\n<meta property=\"og:locale\" content=\"pt_BR\" \/>\n<meta property=\"og:type\" content=\"article\" \/>\n<meta property=\"og:title\" content=\"Ra\u00e7\u00e3o N&amp;D Ancestral Grain Gatos Filhotes Frango 400 g - BePet\" \/>\n<meta property=\"og:description\" content=\"Agora voc\u00ea pode oferecer ao seu gatinho filhote uma alimenta\u00e7\u00e3o de qualidade e saborosa com a ra\u00e7\u00e3o N&amp;D Ancestral Grain Gatos Filhotes Frango 400 g. Desenvolvida especialmente para atender \u00e0s necessidades nutricionais dos felinos em fase de crescimento, essa ra\u00e7\u00e3o \u00e9 a escolha perfeita para garantir uma dieta equilibrada e saud\u00e1vel. Com ingredientes selecionados e de alta qualidade, a ra\u00e7\u00e3o N&amp;D Ancestral Grain Gatos Filhotes Frango 400 g proporciona todos os nutrientes essenciais para o desenvolvimento adequado do seu gatinho. Ela cont\u00e9m gr\u00e3os ancestrais, como espelta e aveia, que s\u00e3o fontes naturais de fibras e carboidratos de baixo \u00edndice glic\u00eamico, auxiliando na digest\u00e3o e no controle do peso. Al\u00e9m disso, essa ra\u00e7\u00e3o \u00e9 enriquecida com prote\u00ednas de alta digestibilidade, provenientes do frango fresco, que contribuem para o crescimento saud\u00e1vel dos m\u00fasculos e para a manuten\u00e7\u00e3o da massa magra. Tamb\u00e9m cont\u00e9m \u00f4mega 3 e \u00f4mega 6, que ajudam a promover uma pele saud\u00e1vel e um pelo brilhante. A ra\u00e7\u00e3o N&amp;D Ancestral Grain Gatos Filhotes Frango 400 g \u00e9 livre de corantes, aromatizantes artificiais e transg\u00eanicos, garantindo uma alimenta\u00e7\u00e3o natural e segura para o seu gatinho. Al\u00e9m disso, possui um sabor irresist\u00edvel, que certamente agradar\u00e1 ao paladar exigente do seu filhote. Invista&hellip; Read More\" \/>\n<meta property=\"og:url\" content=\"https:\/\/bepet.pet\/loja\/produto\/racao-nd-ancestral-grain-gatos-filhotes-frango-400-g\/\" \/>\n<meta property=\"og:site_name\" content=\"BePet\" \/>\n<meta property=\"article:modified_time\" content=\"2025-12-10T20:20:09+00:00\" \/>\n<meta property=\"og:image\" content=\"https:\/\/bepet.pet\/loja\/wp-content\/uploads\/2024\/01\/pec3faeac-b6bf-46ae-9153-20cd372c3fa2.png\" \/>\n\t<meta property=\"og:image:width\" content=\"800\" \/>\n\t<meta property=\"og:image:height\" content=\"800\" \/>\n\t<meta property=\"og:image:type\" content=\"image\/png\" \/>\n<meta name=\"twitter:card\" content=\"summary_large_image\" \/>\n<meta name=\"twitter:label1\" content=\"Est. tempo de leitura\" \/>\n\t<meta name=\"twitter:data1\" content=\"1 minuto\" \/>\n<script type=\"application\/ld+json\" class=\"yoast-schema-graph\">{\"@context\":\"https:\/\/schema.org\",\"@graph\":[{\"@type\":\"WebPage\",\"@id\":\"https:\/\/bepet.pet\/loja\/produto\/racao-nd-ancestral-grain-gatos-filhotes-frango-400-g\/\",\"url\":\"https:\/\/bepet.pet\/loja\/produto\/racao-nd-ancestral-grain-gatos-filhotes-frango-400-g\/\",\"name\":\"Ra\u00e7\u00e3o N&amp;D Ancestral Grain Gatos Filhotes Frango 400 g - BePet\",\"isPartOf\":{\"@id\":\"https:\/\/bepet.pet\/loja\/#website\"},\"primaryImageOfPage\":{\"@id\":\"https:\/\/bepet.pet\/loja\/produto\/racao-nd-ancestral-grain-gatos-filhotes-frango-400-g\/#primaryimage\"},\"image\":{\"@id\":\"https:\/\/bepet.pet\/loja\/produto\/racao-nd-ancestral-grain-gatos-filhotes-frango-400-g\/#primaryimage\"},\"thumbnailUrl\":\"https:\/\/bepet.pet\/loja\/wp-content\/uploads\/2024\/01\/pec3faeac-b6bf-46ae-9153-20cd372c3fa2.png\",\"datePublished\":\"2024-01-13T16:00:51+00:00\",\"dateModified\":\"2025-12-10T20:20:09+00:00\",\"breadcrumb\":{\"@id\":\"https:\/\/bepet.pet\/loja\/produto\/racao-nd-ancestral-grain-gatos-filhotes-frango-400-g\/#breadcrumb\"},\"inLanguage\":\"pt-BR\",\"potentialAction\":[{\"@type\":\"ReadAction\",\"target\":[\"https:\/\/bepet.pet\/loja\/produto\/racao-nd-ancestral-grain-gatos-filhotes-frango-400-g\/\"]}]},{\"@type\":\"ImageObject\",\"inLanguage\":\"pt-BR\",\"@id\":\"https:\/\/bepet.pet\/loja\/produto\/racao-nd-ancestral-grain-gatos-filhotes-frango-400-g\/#primaryimage\",\"url\":\"https:\/\/bepet.pet\/loja\/wp-content\/uploads\/2024\/01\/pec3faeac-b6bf-46ae-9153-20cd372c3fa2.png\",\"contentUrl\":\"https:\/\/bepet.pet\/loja\/wp-content\/uploads\/2024\/01\/pec3faeac-b6bf-46ae-9153-20cd372c3fa2.png\",\"width\":800,\"height\":800},{\"@type\":\"BreadcrumbList\",\"@id\":\"https:\/\/bepet.pet\/loja\/produto\/racao-nd-ancestral-grain-gatos-filhotes-frango-400-g\/#breadcrumb\",\"itemListElement\":[{\"@type\":\"ListItem\",\"position\":1,\"name\":\"Home\",\"item\":\"https:\/\/bepet.pet\/loja\/\"},{\"@type\":\"ListItem\",\"position\":2,\"name\":\"Shop\",\"item\":\"https:\/\/bepet.pet\/loja\/shop-2\/\"},{\"@type\":\"ListItem\",\"position\":3,\"name\":\"Ra\u00e7\u00e3o N&amp;D Ancestral Grain Gatos Filhotes Frango 400 g\"}]},{\"@type\":\"WebSite\",\"@id\":\"https:\/\/bepet.pet\/loja\/#website\",\"url\":\"https:\/\/bepet.pet\/loja\/\",\"name\":\"BePet\",\"description\":\"Nossa vida \u00e9 cuidar do seu pet\",\"publisher\":{\"@id\":\"https:\/\/bepet.pet\/loja\/#organization\"},\"potentialAction\":[{\"@type\":\"SearchAction\",\"target\":{\"@type\":\"EntryPoint\",\"urlTemplate\":\"https:\/\/bepet.pet\/loja\/?s={search_term_string}\"},\"query-input\":{\"@type\":\"PropertyValueSpecification\",\"valueRequired\":true,\"valueName\":\"search_term_string\"}}],\"inLanguage\":\"pt-BR\"},{\"@type\":\"Organization\",\"@id\":\"https:\/\/bepet.pet\/loja\/#organization\",\"name\":\"BePet\",\"url\":\"https:\/\/bepet.pet\/loja\/\",\"logo\":{\"@type\":\"ImageObject\",\"inLanguage\":\"pt-BR\",\"@id\":\"https:\/\/bepet.pet\/loja\/#\/schema\/logo\/image\/\",\"url\":\"https:\/\/bepet.pet\/loja\/wp-content\/uploads\/2020\/10\/logo.jpg\",\"contentUrl\":\"https:\/\/bepet.pet\/loja\/wp-content\/uploads\/2020\/10\/logo.jpg\",\"width\":100,\"height\":99,\"caption\":\"BePet\"},\"image\":{\"@id\":\"https:\/\/bepet.pet\/loja\/#\/schema\/logo\/image\/\"}}]}<\/script>\n<!-- \/ Yoast SEO plugin. -->","yoast_head_json":{"title":"Ra\u00e7\u00e3o N&amp;D Ancestral Grain Gatos Filhotes Frango 400 g - BePet","robots":{"index":"index","follow":"follow","max-snippet":"max-snippet:-1","max-image-preview":"max-image-preview:large","max-video-preview":"max-video-preview:-1"},"canonical":"https:\/\/bepet.pet\/loja\/produto\/racao-nd-ancestral-grain-gatos-filhotes-frango-400-g\/","og_locale":"pt_BR","og_type":"article","og_title":"Ra\u00e7\u00e3o N&amp;D Ancestral Grain Gatos Filhotes Frango 400 g - BePet","og_description":"Agora voc\u00ea pode oferecer ao seu gatinho filhote uma alimenta\u00e7\u00e3o de qualidade e saborosa com a ra\u00e7\u00e3o N&amp;D Ancestral Grain Gatos Filhotes Frango 400 g. Desenvolvida especialmente para atender \u00e0s necessidades nutricionais dos felinos em fase de crescimento, essa ra\u00e7\u00e3o \u00e9 a escolha perfeita para garantir uma dieta equilibrada e saud\u00e1vel. Com ingredientes selecionados e de alta qualidade, a ra\u00e7\u00e3o N&amp;D Ancestral Grain Gatos Filhotes Frango 400 g proporciona todos os nutrientes essenciais para o desenvolvimento adequado do seu gatinho. Ela cont\u00e9m gr\u00e3os ancestrais, como espelta e aveia, que s\u00e3o fontes naturais de fibras e carboidratos de baixo \u00edndice glic\u00eamico, auxiliando na digest\u00e3o e no controle do peso. Al\u00e9m disso, essa ra\u00e7\u00e3o \u00e9 enriquecida com prote\u00ednas de alta digestibilidade, provenientes do frango fresco, que contribuem para o crescimento saud\u00e1vel dos m\u00fasculos e para a manuten\u00e7\u00e3o da massa magra. Tamb\u00e9m cont\u00e9m \u00f4mega 3 e \u00f4mega 6, que ajudam a promover uma pele saud\u00e1vel e um pelo brilhante. A ra\u00e7\u00e3o N&amp;D Ancestral Grain Gatos Filhotes Frango 400 g \u00e9 livre de corantes, aromatizantes artificiais e transg\u00eanicos, garantindo uma alimenta\u00e7\u00e3o natural e segura para o seu gatinho. Al\u00e9m disso, possui um sabor irresist\u00edvel, que certamente agradar\u00e1 ao paladar exigente do seu filhote. Invista&hellip; Read More","og_url":"https:\/\/bepet.pet\/loja\/produto\/racao-nd-ancestral-grain-gatos-filhotes-frango-400-g\/","og_site_name":"BePet","article_modified_time":"2025-12-10T20:20:09+00:00","og_image":[{"width":800,"height":800,"url":"https:\/\/bepet.pet\/loja\/wp-content\/uploads\/2024\/01\/pec3faeac-b6bf-46ae-9153-20cd372c3fa2.png","type":"image\/png"}],"twitter_card":"summary_large_image","twitter_misc":{"Est. tempo de leitura":"1 minuto"},"schema":{"@context":"https:\/\/schema.org","@graph":[{"@type":"WebPage","@id":"https:\/\/bepet.pet\/loja\/produto\/racao-nd-ancestral-grain-gatos-filhotes-frango-400-g\/","url":"https:\/\/bepet.pet\/loja\/produto\/racao-nd-ancestral-grain-gatos-filhotes-frango-400-g\/","name":"Ra\u00e7\u00e3o N&amp;D Ancestral Grain Gatos Filhotes Frango 400 g - BePet","isPartOf":{"@id":"https:\/\/bepet.pet\/loja\/#website"},"primaryImageOfPage":{"@id":"https:\/\/bepet.pet\/loja\/produto\/racao-nd-ancestral-grain-gatos-filhotes-frango-400-g\/#primaryimage"},"image":{"@id":"https:\/\/bepet.pet\/loja\/produto\/racao-nd-ancestral-grain-gatos-filhotes-frango-400-g\/#primaryimage"},"thumbnailUrl":"https:\/\/bepet.pet\/loja\/wp-content\/uploads\/2024\/01\/pec3faeac-b6bf-46ae-9153-20cd372c3fa2.png","datePublished":"2024-01-13T16:00:51+00:00","dateModified":"2025-12-10T20:20:09+00:00","breadcrumb":{"@id":"https:\/\/bepet.pet\/loja\/produto\/racao-nd-ancestral-grain-gatos-filhotes-frango-400-g\/#breadcrumb"},"inLanguage":"pt-BR","potentialAction":[{"@type":"ReadAction","target":["https:\/\/bepet.pet\/loja\/produto\/racao-nd-ancestral-grain-gatos-filhotes-frango-400-g\/"]}]},{"@type":"ImageObject","inLanguage":"pt-BR","@id":"https:\/\/bepet.pet\/loja\/produto\/racao-nd-ancestral-grain-gatos-filhotes-frango-400-g\/#primaryimage","url":"https:\/\/bepet.pet\/loja\/wp-content\/uploads\/2024\/01\/pec3faeac-b6bf-46ae-9153-20cd372c3fa2.png","contentUrl":"https:\/\/bepet.pet\/loja\/wp-content\/uploads\/2024\/01\/pec3faeac-b6bf-46ae-9153-20cd372c3fa2.png","width":800,"height":800},{"@type":"BreadcrumbList","@id":"https:\/\/bepet.pet\/loja\/produto\/racao-nd-ancestral-grain-gatos-filhotes-frango-400-g\/#breadcrumb","itemListElement":[{"@type":"ListItem","position":1,"name":"Home","item":"https:\/\/bepet.pet\/loja\/"},{"@type":"ListItem","position":2,"name":"Shop","item":"https:\/\/bepet.pet\/loja\/shop-2\/"},{"@type":"ListItem","position":3,"name":"Ra\u00e7\u00e3o N&amp;D Ancestral Grain Gatos Filhotes Frango 400 g"}]},{"@type":"WebSite","@id":"https:\/\/bepet.pet\/loja\/#website","url":"https:\/\/bepet.pet\/loja\/","name":"BePet","description":"Nossa vida \u00e9 cuidar do seu pet","publisher":{"@id":"https:\/\/bepet.pet\/loja\/#organization"},"potentialAction":[{"@type":"SearchAction","target":{"@type":"EntryPoint","urlTemplate":"https:\/\/bepet.pet\/loja\/?s={search_term_string}"},"query-input":{"@type":"PropertyValueSpecification","valueRequired":true,"valueName":"search_term_string"}}],"inLanguage":"pt-BR"},{"@type":"Organization","@id":"https:\/\/bepet.pet\/loja\/#organization","name":"BePet","url":"https:\/\/bepet.pet\/loja\/","logo":{"@type":"ImageObject","inLanguage":"pt-BR","@id":"https:\/\/bepet.pet\/loja\/#\/schema\/logo\/image\/","url":"https:\/\/bepet.pet\/loja\/wp-content\/uploads\/2020\/10\/logo.jpg","contentUrl":"https:\/\/bepet.pet\/loja\/wp-content\/uploads\/2020\/10\/logo.jpg","width":100,"height":99,"caption":"BePet"},"image":{"@id":"https:\/\/bepet.pet\/loja\/#\/schema\/logo\/image\/"}}]}},"jetpack_sharing_enabled":true,"_links":{"self":[{"href":"https:\/\/bepet.pet\/loja\/wp-json\/wp\/v2\/product\/9903","targetHints":{"allow":["GET"]}}],"collection":[{"href":"https:\/\/bepet.pet\/loja\/wp-json\/wp\/v2\/product"}],"about":[{"href":"https:\/\/bepet.pet\/loja\/wp-json\/wp\/v2\/types\/product"}],"replies":[{"embeddable":true,"href":"https:\/\/bepet.pet\/loja\/wp-json\/wp\/v2\/comments?post=9903"}],"wp:featuredmedia":[{"embeddable":true,"href":"https:\/\/bepet.pet\/loja\/wp-json\/wp\/v2\/media\/9902"}],"wp:attachment":[{"href":"https:\/\/bepet.pet\/loja\/wp-json\/wp\/v2\/media?parent=9903"}],"wp:term":[{"taxonomy":"product_brand","embeddable":true,"href":"https:\/\/bepet.pet\/loja\/wp-json\/wp\/v2\/product_brand?post=9903"},{"taxonomy":"product_cat","embeddable":true,"href":"https:\/\/bepet.pet\/loja\/wp-json\/wp\/v2\/product_cat?post=9903"},{"taxonomy":"product_tag","embeddable":true,"href":"https:\/\/bepet.pet\/loja\/wp-json\/wp\/v2\/product_tag?post=9903"}],"curies":[{"name":"wp","href":"https:\/\/api.w.org\/{rel}","templated":true}]}}