{"id":9644,"date":"2024-01-12T12:03:11","date_gmt":"2024-01-12T15:03:11","guid":{"rendered":"https:\/\/bepet.pet\/loja\/produto\/suplemento-alimentar-para-caes-e-gatos-macrogard-pet-avert-225-g\/"},"modified":"2026-01-19T16:16:39","modified_gmt":"2026-01-19T19:16:39","slug":"suplemento-alimentar-para-caes-e-gatos-macrogard-pet-avert-225-g","status":"publish","type":"product","link":"https:\/\/bepet.pet\/loja\/produto\/suplemento-alimentar-para-caes-e-gatos-macrogard-pet-avert-225-g\/","title":{"rendered":"Suplemento Alimentar para C\u00e3es e Gatos Macrogard Pet Avert 22,5 g"},"content":{"rendered":"<p>Descubra o suplemento alimentar ideal para garantir a sa\u00fade e o bem-estar do seu fiel companheiro de quatro patas. Apresentamos o Macrogard Pet Avert 22,5 g, um produto revolucion\u00e1rio desenvolvido especialmente para c\u00e3es e gatos.<\/p>\n<p>Com a correria do dia a dia, muitas vezes n\u00e3o conseguimos oferecer aos nossos pets todos os nutrientes necess\u00e1rios para uma vida saud\u00e1vel. \u00c9 a\u00ed que entra o Macrogard Pet Avert, um suplemento alimentar completo que supre as necessidades nutricionais dos animais de estima\u00e7\u00e3o.<\/p>\n<p>Com uma f\u00f3rmula exclusiva, o Macrogard Pet Avert cont\u00e9m uma combina\u00e7\u00e3o de ingredientes que promovem a sa\u00fade do sistema imunol\u00f3gico, fortalecem os ossos e articula\u00e7\u00f5es, al\u00e9m de contribuir para a sa\u00fade da pele e pelagem. Seu pet ter\u00e1 uma vida mais saud\u00e1vel e cheia de energia.<\/p>\n<p>Al\u00e9m disso, o Macrogard Pet Avert \u00e9 extremamente f\u00e1cil de administrar. Basta adicionar a quantidade recomendada ao alimento do seu pet, garantindo assim que ele receba todos os benef\u00edcios desse suplemento alimentar de alta qualidade.<\/p>\n<p>N\u00e3o se preocupe com poss\u00edveis efeitos colaterais. O Macrogard Pet Avert passou por rigorosos testes de seguran\u00e7a e efic\u00e1cia, garantindo a tranquilidade para voc\u00ea e o bem-estar do seu animal de estima\u00e7\u00e3o.<\/p>\n<p>N\u00e3o perca mais tempo e invista na sa\u00fade do seu pet. Adquira agora mesmo o Macrogard Pet Avert 22,5 g e proporcione uma vida mais saud\u00e1vel e feliz para o seu c\u00e3o ou gato. Afinal, eles merecem o melhor cuidado poss\u00edvel.<\/p>\n","protected":false},"excerpt":{"rendered":"<p>Descubra o suplemento alimentar ideal para garantir a sa\u00fade e o bem-estar do seu fiel companheiro de quatro patas. Apresentamos o Macrogard Pet Avert 22,5 g, um produto revolucion\u00e1rio desenvolvido especialmente para c\u00e3es e gatos. Com a correria do dia a dia, muitas vezes n\u00e3o conseguimos oferecer aos nossos pets todos os nutrientes necess\u00e1rios para uma vida saud\u00e1vel. \u00c9 a\u00ed que entra o Macrogard Pet Avert, um suplemento alimentar completo que supre as necessidades nutricionais dos animais de estima\u00e7\u00e3o. Com uma f\u00f3rmula exclusiva, o Macrogard Pet Avert cont\u00e9m uma combina\u00e7\u00e3o de ingredientes que promovem a sa\u00fade do sistema imunol\u00f3gico, fortalecem os ossos e articula\u00e7\u00f5es, al\u00e9m de contribuir para a sa\u00fade da pele e pelagem. Seu pet ter\u00e1 uma vida mais saud\u00e1vel e cheia de energia. Al\u00e9m disso, o Macrogard Pet Avert \u00e9 extremamente f\u00e1cil de administrar. Basta adicionar a quantidade recomendada ao alimento do seu pet, garantindo assim que ele receba todos os benef\u00edcios desse suplemento alimentar de alta qualidade. N\u00e3o se preocupe com poss\u00edveis efeitos colaterais. O Macrogard Pet Avert passou por rigorosos testes de seguran\u00e7a e efic\u00e1cia, garantindo a tranquilidade para voc\u00ea e o bem-estar do seu animal de estima\u00e7\u00e3o. N\u00e3o perca mais tempo e invista na sa\u00fade&hellip; <a class=\"read-more-link\" href=\"https:\/\/bepet.pet\/loja\/produto\/suplemento-alimentar-para-caes-e-gatos-macrogard-pet-avert-225-g\/\">Read More<\/a><\/p>\n","protected":false},"featured_media":9643,"comment_status":"open","ping_status":"closed","template":"","meta":{"_kadence_starter_templates_imported_post":false},"product_brand":[],"product_cat":[120,145],"product_tag":[],"class_list":{"0":"post-9644","1":"product","2":"type-product","3":"status-publish","4":"has-post-thumbnail","6":"product_cat-medicamentos","7":"product_cat-suplementos-e-vitaminas","10":"first","11":"outofstock","12":"shipping-taxable","13":"purchasable","14":"product-type-simple"},"yoast_head":"<!-- This site is optimized with the Yoast SEO plugin v25.5 - https:\/\/yoast.com\/wordpress\/plugins\/seo\/ -->\n<title>Suplemento Alimentar para C\u00e3es e Gatos Macrogard Pet Avert 22,5 g - BePet<\/title>\n<meta name=\"robots\" content=\"index, follow, max-snippet:-1, max-image-preview:large, max-video-preview:-1\" \/>\n<link rel=\"canonical\" href=\"https:\/\/bepet.pet\/loja\/produto\/suplemento-alimentar-para-caes-e-gatos-macrogard-pet-avert-225-g\/\" \/>\n<meta property=\"og:locale\" content=\"pt_BR\" \/>\n<meta property=\"og:type\" content=\"article\" \/>\n<meta property=\"og:title\" content=\"Suplemento Alimentar para C\u00e3es e Gatos Macrogard Pet Avert 22,5 g - BePet\" \/>\n<meta property=\"og:description\" content=\"Descubra o suplemento alimentar ideal para garantir a sa\u00fade e o bem-estar do seu fiel companheiro de quatro patas. Apresentamos o Macrogard Pet Avert 22,5 g, um produto revolucion\u00e1rio desenvolvido especialmente para c\u00e3es e gatos. Com a correria do dia a dia, muitas vezes n\u00e3o conseguimos oferecer aos nossos pets todos os nutrientes necess\u00e1rios para uma vida saud\u00e1vel. \u00c9 a\u00ed que entra o Macrogard Pet Avert, um suplemento alimentar completo que supre as necessidades nutricionais dos animais de estima\u00e7\u00e3o. Com uma f\u00f3rmula exclusiva, o Macrogard Pet Avert cont\u00e9m uma combina\u00e7\u00e3o de ingredientes que promovem a sa\u00fade do sistema imunol\u00f3gico, fortalecem os ossos e articula\u00e7\u00f5es, al\u00e9m de contribuir para a sa\u00fade da pele e pelagem. Seu pet ter\u00e1 uma vida mais saud\u00e1vel e cheia de energia. Al\u00e9m disso, o Macrogard Pet Avert \u00e9 extremamente f\u00e1cil de administrar. Basta adicionar a quantidade recomendada ao alimento do seu pet, garantindo assim que ele receba todos os benef\u00edcios desse suplemento alimentar de alta qualidade. N\u00e3o se preocupe com poss\u00edveis efeitos colaterais. O Macrogard Pet Avert passou por rigorosos testes de seguran\u00e7a e efic\u00e1cia, garantindo a tranquilidade para voc\u00ea e o bem-estar do seu animal de estima\u00e7\u00e3o. N\u00e3o perca mais tempo e invista na sa\u00fade&hellip; Read More\" \/>\n<meta property=\"og:url\" content=\"https:\/\/bepet.pet\/loja\/produto\/suplemento-alimentar-para-caes-e-gatos-macrogard-pet-avert-225-g\/\" \/>\n<meta property=\"og:site_name\" content=\"BePet\" \/>\n<meta property=\"article:modified_time\" content=\"2026-01-19T19:16:39+00:00\" \/>\n<meta property=\"og:image\" content=\"https:\/\/bepet.pet\/loja\/wp-content\/uploads\/2024\/01\/p0aff6952-1393-4fbf-bae0-c6761b6cf0fe.png\" \/>\n\t<meta property=\"og:image:width\" content=\"800\" \/>\n\t<meta property=\"og:image:height\" content=\"600\" \/>\n\t<meta property=\"og:image:type\" content=\"image\/png\" \/>\n<meta name=\"twitter:card\" content=\"summary_large_image\" \/>\n<meta name=\"twitter:label1\" content=\"Est. tempo de leitura\" \/>\n\t<meta name=\"twitter:data1\" content=\"1 minuto\" \/>\n<script type=\"application\/ld+json\" class=\"yoast-schema-graph\">{\"@context\":\"https:\/\/schema.org\",\"@graph\":[{\"@type\":\"WebPage\",\"@id\":\"https:\/\/bepet.pet\/loja\/produto\/suplemento-alimentar-para-caes-e-gatos-macrogard-pet-avert-225-g\/\",\"url\":\"https:\/\/bepet.pet\/loja\/produto\/suplemento-alimentar-para-caes-e-gatos-macrogard-pet-avert-225-g\/\",\"name\":\"Suplemento Alimentar para C\u00e3es e Gatos Macrogard Pet Avert 22,5 g - BePet\",\"isPartOf\":{\"@id\":\"https:\/\/bepet.pet\/loja\/#website\"},\"primaryImageOfPage\":{\"@id\":\"https:\/\/bepet.pet\/loja\/produto\/suplemento-alimentar-para-caes-e-gatos-macrogard-pet-avert-225-g\/#primaryimage\"},\"image\":{\"@id\":\"https:\/\/bepet.pet\/loja\/produto\/suplemento-alimentar-para-caes-e-gatos-macrogard-pet-avert-225-g\/#primaryimage\"},\"thumbnailUrl\":\"https:\/\/bepet.pet\/loja\/wp-content\/uploads\/2024\/01\/p0aff6952-1393-4fbf-bae0-c6761b6cf0fe.png\",\"datePublished\":\"2024-01-12T15:03:11+00:00\",\"dateModified\":\"2026-01-19T19:16:39+00:00\",\"breadcrumb\":{\"@id\":\"https:\/\/bepet.pet\/loja\/produto\/suplemento-alimentar-para-caes-e-gatos-macrogard-pet-avert-225-g\/#breadcrumb\"},\"inLanguage\":\"pt-BR\",\"potentialAction\":[{\"@type\":\"ReadAction\",\"target\":[\"https:\/\/bepet.pet\/loja\/produto\/suplemento-alimentar-para-caes-e-gatos-macrogard-pet-avert-225-g\/\"]}]},{\"@type\":\"ImageObject\",\"inLanguage\":\"pt-BR\",\"@id\":\"https:\/\/bepet.pet\/loja\/produto\/suplemento-alimentar-para-caes-e-gatos-macrogard-pet-avert-225-g\/#primaryimage\",\"url\":\"https:\/\/bepet.pet\/loja\/wp-content\/uploads\/2024\/01\/p0aff6952-1393-4fbf-bae0-c6761b6cf0fe.png\",\"contentUrl\":\"https:\/\/bepet.pet\/loja\/wp-content\/uploads\/2024\/01\/p0aff6952-1393-4fbf-bae0-c6761b6cf0fe.png\",\"width\":800,\"height\":600},{\"@type\":\"BreadcrumbList\",\"@id\":\"https:\/\/bepet.pet\/loja\/produto\/suplemento-alimentar-para-caes-e-gatos-macrogard-pet-avert-225-g\/#breadcrumb\",\"itemListElement\":[{\"@type\":\"ListItem\",\"position\":1,\"name\":\"Home\",\"item\":\"https:\/\/bepet.pet\/loja\/\"},{\"@type\":\"ListItem\",\"position\":2,\"name\":\"Shop\",\"item\":\"https:\/\/bepet.pet\/loja\/shop-2\/\"},{\"@type\":\"ListItem\",\"position\":3,\"name\":\"Suplemento Alimentar para C\u00e3es e Gatos Macrogard Pet Avert 22,5 g\"}]},{\"@type\":\"WebSite\",\"@id\":\"https:\/\/bepet.pet\/loja\/#website\",\"url\":\"https:\/\/bepet.pet\/loja\/\",\"name\":\"BePet\",\"description\":\"Nossa vida \u00e9 cuidar do seu pet\",\"publisher\":{\"@id\":\"https:\/\/bepet.pet\/loja\/#organization\"},\"potentialAction\":[{\"@type\":\"SearchAction\",\"target\":{\"@type\":\"EntryPoint\",\"urlTemplate\":\"https:\/\/bepet.pet\/loja\/?s={search_term_string}\"},\"query-input\":{\"@type\":\"PropertyValueSpecification\",\"valueRequired\":true,\"valueName\":\"search_term_string\"}}],\"inLanguage\":\"pt-BR\"},{\"@type\":\"Organization\",\"@id\":\"https:\/\/bepet.pet\/loja\/#organization\",\"name\":\"BePet\",\"url\":\"https:\/\/bepet.pet\/loja\/\",\"logo\":{\"@type\":\"ImageObject\",\"inLanguage\":\"pt-BR\",\"@id\":\"https:\/\/bepet.pet\/loja\/#\/schema\/logo\/image\/\",\"url\":\"https:\/\/bepet.pet\/loja\/wp-content\/uploads\/2020\/10\/logo.jpg\",\"contentUrl\":\"https:\/\/bepet.pet\/loja\/wp-content\/uploads\/2020\/10\/logo.jpg\",\"width\":100,\"height\":99,\"caption\":\"BePet\"},\"image\":{\"@id\":\"https:\/\/bepet.pet\/loja\/#\/schema\/logo\/image\/\"}}]}<\/script>\n<!-- \/ Yoast SEO plugin. -->","yoast_head_json":{"title":"Suplemento Alimentar para C\u00e3es e Gatos Macrogard Pet Avert 22,5 g - BePet","robots":{"index":"index","follow":"follow","max-snippet":"max-snippet:-1","max-image-preview":"max-image-preview:large","max-video-preview":"max-video-preview:-1"},"canonical":"https:\/\/bepet.pet\/loja\/produto\/suplemento-alimentar-para-caes-e-gatos-macrogard-pet-avert-225-g\/","og_locale":"pt_BR","og_type":"article","og_title":"Suplemento Alimentar para C\u00e3es e Gatos Macrogard Pet Avert 22,5 g - BePet","og_description":"Descubra o suplemento alimentar ideal para garantir a sa\u00fade e o bem-estar do seu fiel companheiro de quatro patas. Apresentamos o Macrogard Pet Avert 22,5 g, um produto revolucion\u00e1rio desenvolvido especialmente para c\u00e3es e gatos. Com a correria do dia a dia, muitas vezes n\u00e3o conseguimos oferecer aos nossos pets todos os nutrientes necess\u00e1rios para uma vida saud\u00e1vel. \u00c9 a\u00ed que entra o Macrogard Pet Avert, um suplemento alimentar completo que supre as necessidades nutricionais dos animais de estima\u00e7\u00e3o. Com uma f\u00f3rmula exclusiva, o Macrogard Pet Avert cont\u00e9m uma combina\u00e7\u00e3o de ingredientes que promovem a sa\u00fade do sistema imunol\u00f3gico, fortalecem os ossos e articula\u00e7\u00f5es, al\u00e9m de contribuir para a sa\u00fade da pele e pelagem. Seu pet ter\u00e1 uma vida mais saud\u00e1vel e cheia de energia. Al\u00e9m disso, o Macrogard Pet Avert \u00e9 extremamente f\u00e1cil de administrar. Basta adicionar a quantidade recomendada ao alimento do seu pet, garantindo assim que ele receba todos os benef\u00edcios desse suplemento alimentar de alta qualidade. N\u00e3o se preocupe com poss\u00edveis efeitos colaterais. O Macrogard Pet Avert passou por rigorosos testes de seguran\u00e7a e efic\u00e1cia, garantindo a tranquilidade para voc\u00ea e o bem-estar do seu animal de estima\u00e7\u00e3o. N\u00e3o perca mais tempo e invista na sa\u00fade&hellip; Read More","og_url":"https:\/\/bepet.pet\/loja\/produto\/suplemento-alimentar-para-caes-e-gatos-macrogard-pet-avert-225-g\/","og_site_name":"BePet","article_modified_time":"2026-01-19T19:16:39+00:00","og_image":[{"width":800,"height":600,"url":"https:\/\/bepet.pet\/loja\/wp-content\/uploads\/2024\/01\/p0aff6952-1393-4fbf-bae0-c6761b6cf0fe.png","type":"image\/png"}],"twitter_card":"summary_large_image","twitter_misc":{"Est. tempo de leitura":"1 minuto"},"schema":{"@context":"https:\/\/schema.org","@graph":[{"@type":"WebPage","@id":"https:\/\/bepet.pet\/loja\/produto\/suplemento-alimentar-para-caes-e-gatos-macrogard-pet-avert-225-g\/","url":"https:\/\/bepet.pet\/loja\/produto\/suplemento-alimentar-para-caes-e-gatos-macrogard-pet-avert-225-g\/","name":"Suplemento Alimentar para C\u00e3es e Gatos Macrogard Pet Avert 22,5 g - BePet","isPartOf":{"@id":"https:\/\/bepet.pet\/loja\/#website"},"primaryImageOfPage":{"@id":"https:\/\/bepet.pet\/loja\/produto\/suplemento-alimentar-para-caes-e-gatos-macrogard-pet-avert-225-g\/#primaryimage"},"image":{"@id":"https:\/\/bepet.pet\/loja\/produto\/suplemento-alimentar-para-caes-e-gatos-macrogard-pet-avert-225-g\/#primaryimage"},"thumbnailUrl":"https:\/\/bepet.pet\/loja\/wp-content\/uploads\/2024\/01\/p0aff6952-1393-4fbf-bae0-c6761b6cf0fe.png","datePublished":"2024-01-12T15:03:11+00:00","dateModified":"2026-01-19T19:16:39+00:00","breadcrumb":{"@id":"https:\/\/bepet.pet\/loja\/produto\/suplemento-alimentar-para-caes-e-gatos-macrogard-pet-avert-225-g\/#breadcrumb"},"inLanguage":"pt-BR","potentialAction":[{"@type":"ReadAction","target":["https:\/\/bepet.pet\/loja\/produto\/suplemento-alimentar-para-caes-e-gatos-macrogard-pet-avert-225-g\/"]}]},{"@type":"ImageObject","inLanguage":"pt-BR","@id":"https:\/\/bepet.pet\/loja\/produto\/suplemento-alimentar-para-caes-e-gatos-macrogard-pet-avert-225-g\/#primaryimage","url":"https:\/\/bepet.pet\/loja\/wp-content\/uploads\/2024\/01\/p0aff6952-1393-4fbf-bae0-c6761b6cf0fe.png","contentUrl":"https:\/\/bepet.pet\/loja\/wp-content\/uploads\/2024\/01\/p0aff6952-1393-4fbf-bae0-c6761b6cf0fe.png","width":800,"height":600},{"@type":"BreadcrumbList","@id":"https:\/\/bepet.pet\/loja\/produto\/suplemento-alimentar-para-caes-e-gatos-macrogard-pet-avert-225-g\/#breadcrumb","itemListElement":[{"@type":"ListItem","position":1,"name":"Home","item":"https:\/\/bepet.pet\/loja\/"},{"@type":"ListItem","position":2,"name":"Shop","item":"https:\/\/bepet.pet\/loja\/shop-2\/"},{"@type":"ListItem","position":3,"name":"Suplemento Alimentar para C\u00e3es e Gatos Macrogard Pet Avert 22,5 g"}]},{"@type":"WebSite","@id":"https:\/\/bepet.pet\/loja\/#website","url":"https:\/\/bepet.pet\/loja\/","name":"BePet","description":"Nossa vida \u00e9 cuidar do seu pet","publisher":{"@id":"https:\/\/bepet.pet\/loja\/#organization"},"potentialAction":[{"@type":"SearchAction","target":{"@type":"EntryPoint","urlTemplate":"https:\/\/bepet.pet\/loja\/?s={search_term_string}"},"query-input":{"@type":"PropertyValueSpecification","valueRequired":true,"valueName":"search_term_string"}}],"inLanguage":"pt-BR"},{"@type":"Organization","@id":"https:\/\/bepet.pet\/loja\/#organization","name":"BePet","url":"https:\/\/bepet.pet\/loja\/","logo":{"@type":"ImageObject","inLanguage":"pt-BR","@id":"https:\/\/bepet.pet\/loja\/#\/schema\/logo\/image\/","url":"https:\/\/bepet.pet\/loja\/wp-content\/uploads\/2020\/10\/logo.jpg","contentUrl":"https:\/\/bepet.pet\/loja\/wp-content\/uploads\/2020\/10\/logo.jpg","width":100,"height":99,"caption":"BePet"},"image":{"@id":"https:\/\/bepet.pet\/loja\/#\/schema\/logo\/image\/"}}]}},"jetpack_sharing_enabled":true,"_links":{"self":[{"href":"https:\/\/bepet.pet\/loja\/wp-json\/wp\/v2\/product\/9644","targetHints":{"allow":["GET"]}}],"collection":[{"href":"https:\/\/bepet.pet\/loja\/wp-json\/wp\/v2\/product"}],"about":[{"href":"https:\/\/bepet.pet\/loja\/wp-json\/wp\/v2\/types\/product"}],"replies":[{"embeddable":true,"href":"https:\/\/bepet.pet\/loja\/wp-json\/wp\/v2\/comments?post=9644"}],"wp:featuredmedia":[{"embeddable":true,"href":"https:\/\/bepet.pet\/loja\/wp-json\/wp\/v2\/media\/9643"}],"wp:attachment":[{"href":"https:\/\/bepet.pet\/loja\/wp-json\/wp\/v2\/media?parent=9644"}],"wp:term":[{"taxonomy":"product_brand","embeddable":true,"href":"https:\/\/bepet.pet\/loja\/wp-json\/wp\/v2\/product_brand?post=9644"},{"taxonomy":"product_cat","embeddable":true,"href":"https:\/\/bepet.pet\/loja\/wp-json\/wp\/v2\/product_cat?post=9644"},{"taxonomy":"product_tag","embeddable":true,"href":"https:\/\/bepet.pet\/loja\/wp-json\/wp\/v2\/product_tag?post=9644"}],"curies":[{"name":"wp","href":"https:\/\/api.w.org\/{rel}","templated":true}]}}