{"id":9638,"date":"2024-01-12T14:55:39","date_gmt":"2024-01-12T14:55:39","guid":{"rendered":"https:\/\/bepet.pet\/loja\/produto\/shampoo-hidrapet-agener-200-ml\/"},"modified":"2025-12-10T17:24:09","modified_gmt":"2025-12-10T20:24:09","slug":"shampoo-hidrapet-agener-200-ml","status":"publish","type":"product","link":"https:\/\/bepet.pet\/loja\/produto\/shampoo-hidrapet-agener-200-ml\/","title":{"rendered":"Shampoo Hidrapet Agener 200 ml"},"content":{"rendered":"<p>Conhe\u00e7a o Shampoo Hidrapet Agener 200 ml, o produto perfeito para cuidar da sa\u00fade e beleza dos pelos do seu pet. Desenvolvido com tecnologia avan\u00e7ada e ingredientes de alta qualidade, este shampoo proporciona uma limpeza profunda, hidrata\u00e7\u00e3o intensa e prote\u00e7\u00e3o duradoura.<\/p>\n<p>Com sua f\u00f3rmula exclusiva, o Shampoo Hidrapet Agener 200 ml \u00e9 ideal para todos os tipos de pelagem, desde os mais curtos at\u00e9 os mais longos. Sua a\u00e7\u00e3o suave e delicada remove as impurezas sem agredir a pele do animal, mantendo-a saud\u00e1vel e livre de irrita\u00e7\u00f5es.<\/p>\n<p>Al\u00e9m disso, a hidrata\u00e7\u00e3o profunda oferecida pelo Shampoo Hidrapet Agener 200 ml deixa os pelos macios, sedosos e brilhantes, real\u00e7ando a beleza natural do seu pet. Seu aroma suave e agrad\u00e1vel proporciona uma sensa\u00e7\u00e3o de frescor, deixando seu animal de estima\u00e7\u00e3o com um cheirinho delicioso por muito mais tempo.<\/p>\n<p>Com o Shampoo Hidrapet Agener 200 ml, voc\u00ea tamb\u00e9m garante uma prote\u00e7\u00e3o duradoura contra os danos causados pelo sol, polui\u00e7\u00e3o e outros agentes externos. Seu pet estar\u00e1 sempre protegido e com uma pelagem saud\u00e1vel e radiante.<\/p>\n<p>Agora voc\u00ea pode oferecer o melhor cuidado para o seu animal de estima\u00e7\u00e3o com o Shampoo Hidrapet Agener 200 ml. Adquira j\u00e1 o seu e proporcione uma experi\u00eancia \u00fanica de higiene e beleza para o seu pet. Aproveite os benef\u00edcios deste produto incr\u00edvel e veja a diferen\u00e7a na pelagem do seu animal.<\/p>\n","protected":false},"excerpt":{"rendered":"<p>Conhe\u00e7a o Shampoo Hidrapet Agener 200 ml, o produto perfeito para cuidar da sa\u00fade e beleza dos pelos do seu pet. Desenvolvido com tecnologia avan\u00e7ada e ingredientes de alta qualidade, este shampoo proporciona uma limpeza profunda, hidrata\u00e7\u00e3o intensa e prote\u00e7\u00e3o duradoura. Com sua f\u00f3rmula exclusiva, o Shampoo Hidrapet Agener 200 ml \u00e9 ideal para todos os tipos de pelagem, desde os mais curtos at\u00e9 os mais longos. Sua a\u00e7\u00e3o suave e delicada remove as impurezas sem agredir a pele do animal, mantendo-a saud\u00e1vel e livre de irrita\u00e7\u00f5es. Al\u00e9m disso, a hidrata\u00e7\u00e3o profunda oferecida pelo Shampoo Hidrapet Agener 200 ml deixa os pelos macios, sedosos e brilhantes, real\u00e7ando a beleza natural do seu pet. Seu aroma suave e agrad\u00e1vel proporciona uma sensa\u00e7\u00e3o de frescor, deixando seu animal de estima\u00e7\u00e3o com um cheirinho delicioso por muito mais tempo. Com o Shampoo Hidrapet Agener 200 ml, voc\u00ea tamb\u00e9m garante uma prote\u00e7\u00e3o duradoura contra os danos causados pelo sol, polui\u00e7\u00e3o e outros agentes externos. Seu pet estar\u00e1 sempre protegido e com uma pelagem saud\u00e1vel e radiante. Agora voc\u00ea pode oferecer o melhor cuidado para o seu animal de estima\u00e7\u00e3o com o Shampoo Hidrapet Agener 200 ml. Adquira j\u00e1 o seu e proporcione uma experi\u00eancia&hellip; <a class=\"read-more-link\" href=\"https:\/\/bepet.pet\/loja\/produto\/shampoo-hidrapet-agener-200-ml\/\">Read More<\/a><\/p>\n","protected":false},"featured_media":9639,"comment_status":"open","ping_status":"closed","template":"","meta":{"_kadence_starter_templates_imported_post":false},"product_brand":[],"product_cat":[120,143],"product_tag":[],"class_list":{"0":"post-9638","1":"product","2":"type-product","3":"status-publish","4":"has-post-thumbnail","6":"product_cat-medicamentos","7":"product_cat-shampoo-medicamentoso","10":"first","11":"instock","12":"shipping-taxable","13":"purchasable","14":"product-type-simple"},"yoast_head":"<!-- This site is optimized with the Yoast SEO plugin v25.5 - https:\/\/yoast.com\/wordpress\/plugins\/seo\/ -->\n<title>Shampoo Hidrapet Agener 200 ml - BePet<\/title>\n<meta name=\"robots\" content=\"index, follow, max-snippet:-1, max-image-preview:large, max-video-preview:-1\" \/>\n<link rel=\"canonical\" href=\"https:\/\/bepet.pet\/loja\/produto\/shampoo-hidrapet-agener-200-ml\/\" \/>\n<meta property=\"og:locale\" content=\"pt_BR\" \/>\n<meta property=\"og:type\" content=\"article\" \/>\n<meta property=\"og:title\" content=\"Shampoo Hidrapet Agener 200 ml - BePet\" \/>\n<meta property=\"og:description\" content=\"Conhe\u00e7a o Shampoo Hidrapet Agener 200 ml, o produto perfeito para cuidar da sa\u00fade e beleza dos pelos do seu pet. Desenvolvido com tecnologia avan\u00e7ada e ingredientes de alta qualidade, este shampoo proporciona uma limpeza profunda, hidrata\u00e7\u00e3o intensa e prote\u00e7\u00e3o duradoura. Com sua f\u00f3rmula exclusiva, o Shampoo Hidrapet Agener 200 ml \u00e9 ideal para todos os tipos de pelagem, desde os mais curtos at\u00e9 os mais longos. Sua a\u00e7\u00e3o suave e delicada remove as impurezas sem agredir a pele do animal, mantendo-a saud\u00e1vel e livre de irrita\u00e7\u00f5es. Al\u00e9m disso, a hidrata\u00e7\u00e3o profunda oferecida pelo Shampoo Hidrapet Agener 200 ml deixa os pelos macios, sedosos e brilhantes, real\u00e7ando a beleza natural do seu pet. Seu aroma suave e agrad\u00e1vel proporciona uma sensa\u00e7\u00e3o de frescor, deixando seu animal de estima\u00e7\u00e3o com um cheirinho delicioso por muito mais tempo. Com o Shampoo Hidrapet Agener 200 ml, voc\u00ea tamb\u00e9m garante uma prote\u00e7\u00e3o duradoura contra os danos causados pelo sol, polui\u00e7\u00e3o e outros agentes externos. Seu pet estar\u00e1 sempre protegido e com uma pelagem saud\u00e1vel e radiante. Agora voc\u00ea pode oferecer o melhor cuidado para o seu animal de estima\u00e7\u00e3o com o Shampoo Hidrapet Agener 200 ml. Adquira j\u00e1 o seu e proporcione uma experi\u00eancia&hellip; Read More\" \/>\n<meta property=\"og:url\" content=\"https:\/\/bepet.pet\/loja\/produto\/shampoo-hidrapet-agener-200-ml\/\" \/>\n<meta property=\"og:site_name\" content=\"BePet\" \/>\n<meta property=\"article:modified_time\" content=\"2025-12-10T20:24:09+00:00\" \/>\n<meta name=\"twitter:card\" content=\"summary_large_image\" \/>\n<meta name=\"twitter:label1\" content=\"Est. tempo de leitura\" \/>\n\t<meta name=\"twitter:data1\" content=\"1 minuto\" \/>\n<script type=\"application\/ld+json\" class=\"yoast-schema-graph\">{\"@context\":\"https:\/\/schema.org\",\"@graph\":[{\"@type\":\"WebPage\",\"@id\":\"https:\/\/bepet.pet\/loja\/produto\/shampoo-hidrapet-agener-200-ml\/\",\"url\":\"https:\/\/bepet.pet\/loja\/produto\/shampoo-hidrapet-agener-200-ml\/\",\"name\":\"Shampoo Hidrapet Agener 200 ml - BePet\",\"isPartOf\":{\"@id\":\"https:\/\/bepet.pet\/loja\/#website\"},\"primaryImageOfPage\":{\"@id\":\"https:\/\/bepet.pet\/loja\/produto\/shampoo-hidrapet-agener-200-ml\/#primaryimage\"},\"image\":{\"@id\":\"https:\/\/bepet.pet\/loja\/produto\/shampoo-hidrapet-agener-200-ml\/#primaryimage\"},\"thumbnailUrl\":\"https:\/\/bepet.pet\/loja\/wp-content\/uploads\/2024\/01\/p3b862fd1-348c-4dcd-bcad-43713e6a508f.png\",\"datePublished\":\"2024-01-12T14:55:39+00:00\",\"dateModified\":\"2025-12-10T20:24:09+00:00\",\"breadcrumb\":{\"@id\":\"https:\/\/bepet.pet\/loja\/produto\/shampoo-hidrapet-agener-200-ml\/#breadcrumb\"},\"inLanguage\":\"pt-BR\",\"potentialAction\":[{\"@type\":\"ReadAction\",\"target\":[\"https:\/\/bepet.pet\/loja\/produto\/shampoo-hidrapet-agener-200-ml\/\"]}]},{\"@type\":\"ImageObject\",\"inLanguage\":\"pt-BR\",\"@id\":\"https:\/\/bepet.pet\/loja\/produto\/shampoo-hidrapet-agener-200-ml\/#primaryimage\",\"url\":\"https:\/\/bepet.pet\/loja\/wp-content\/uploads\/2024\/01\/p3b862fd1-348c-4dcd-bcad-43713e6a508f.png\",\"contentUrl\":\"https:\/\/bepet.pet\/loja\/wp-content\/uploads\/2024\/01\/p3b862fd1-348c-4dcd-bcad-43713e6a508f.png\",\"width\":800,\"height\":800},{\"@type\":\"BreadcrumbList\",\"@id\":\"https:\/\/bepet.pet\/loja\/produto\/shampoo-hidrapet-agener-200-ml\/#breadcrumb\",\"itemListElement\":[{\"@type\":\"ListItem\",\"position\":1,\"name\":\"Home\",\"item\":\"https:\/\/bepet.pet\/loja\/\"},{\"@type\":\"ListItem\",\"position\":2,\"name\":\"Shop\",\"item\":\"https:\/\/bepet.pet\/loja\/shop-2\/\"},{\"@type\":\"ListItem\",\"position\":3,\"name\":\"Shampoo Hidrapet Agener 200 ml\"}]},{\"@type\":\"WebSite\",\"@id\":\"https:\/\/bepet.pet\/loja\/#website\",\"url\":\"https:\/\/bepet.pet\/loja\/\",\"name\":\"BePet\",\"description\":\"Nossa vida \u00e9 cuidar do seu pet\",\"publisher\":{\"@id\":\"https:\/\/bepet.pet\/loja\/#organization\"},\"potentialAction\":[{\"@type\":\"SearchAction\",\"target\":{\"@type\":\"EntryPoint\",\"urlTemplate\":\"https:\/\/bepet.pet\/loja\/?s={search_term_string}\"},\"query-input\":{\"@type\":\"PropertyValueSpecification\",\"valueRequired\":true,\"valueName\":\"search_term_string\"}}],\"inLanguage\":\"pt-BR\"},{\"@type\":\"Organization\",\"@id\":\"https:\/\/bepet.pet\/loja\/#organization\",\"name\":\"BePet\",\"url\":\"https:\/\/bepet.pet\/loja\/\",\"logo\":{\"@type\":\"ImageObject\",\"inLanguage\":\"pt-BR\",\"@id\":\"https:\/\/bepet.pet\/loja\/#\/schema\/logo\/image\/\",\"url\":\"https:\/\/bepet.pet\/loja\/wp-content\/uploads\/2020\/10\/logo.jpg\",\"contentUrl\":\"https:\/\/bepet.pet\/loja\/wp-content\/uploads\/2020\/10\/logo.jpg\",\"width\":100,\"height\":99,\"caption\":\"BePet\"},\"image\":{\"@id\":\"https:\/\/bepet.pet\/loja\/#\/schema\/logo\/image\/\"}}]}<\/script>\n<!-- \/ Yoast SEO plugin. -->","yoast_head_json":{"title":"Shampoo Hidrapet Agener 200 ml - BePet","robots":{"index":"index","follow":"follow","max-snippet":"max-snippet:-1","max-image-preview":"max-image-preview:large","max-video-preview":"max-video-preview:-1"},"canonical":"https:\/\/bepet.pet\/loja\/produto\/shampoo-hidrapet-agener-200-ml\/","og_locale":"pt_BR","og_type":"article","og_title":"Shampoo Hidrapet Agener 200 ml - BePet","og_description":"Conhe\u00e7a o Shampoo Hidrapet Agener 200 ml, o produto perfeito para cuidar da sa\u00fade e beleza dos pelos do seu pet. Desenvolvido com tecnologia avan\u00e7ada e ingredientes de alta qualidade, este shampoo proporciona uma limpeza profunda, hidrata\u00e7\u00e3o intensa e prote\u00e7\u00e3o duradoura. Com sua f\u00f3rmula exclusiva, o Shampoo Hidrapet Agener 200 ml \u00e9 ideal para todos os tipos de pelagem, desde os mais curtos at\u00e9 os mais longos. Sua a\u00e7\u00e3o suave e delicada remove as impurezas sem agredir a pele do animal, mantendo-a saud\u00e1vel e livre de irrita\u00e7\u00f5es. Al\u00e9m disso, a hidrata\u00e7\u00e3o profunda oferecida pelo Shampoo Hidrapet Agener 200 ml deixa os pelos macios, sedosos e brilhantes, real\u00e7ando a beleza natural do seu pet. Seu aroma suave e agrad\u00e1vel proporciona uma sensa\u00e7\u00e3o de frescor, deixando seu animal de estima\u00e7\u00e3o com um cheirinho delicioso por muito mais tempo. Com o Shampoo Hidrapet Agener 200 ml, voc\u00ea tamb\u00e9m garante uma prote\u00e7\u00e3o duradoura contra os danos causados pelo sol, polui\u00e7\u00e3o e outros agentes externos. Seu pet estar\u00e1 sempre protegido e com uma pelagem saud\u00e1vel e radiante. Agora voc\u00ea pode oferecer o melhor cuidado para o seu animal de estima\u00e7\u00e3o com o Shampoo Hidrapet Agener 200 ml. Adquira j\u00e1 o seu e proporcione uma experi\u00eancia&hellip; Read More","og_url":"https:\/\/bepet.pet\/loja\/produto\/shampoo-hidrapet-agener-200-ml\/","og_site_name":"BePet","article_modified_time":"2025-12-10T20:24:09+00:00","twitter_card":"summary_large_image","twitter_misc":{"Est. tempo de leitura":"1 minuto"},"schema":{"@context":"https:\/\/schema.org","@graph":[{"@type":"WebPage","@id":"https:\/\/bepet.pet\/loja\/produto\/shampoo-hidrapet-agener-200-ml\/","url":"https:\/\/bepet.pet\/loja\/produto\/shampoo-hidrapet-agener-200-ml\/","name":"Shampoo Hidrapet Agener 200 ml - BePet","isPartOf":{"@id":"https:\/\/bepet.pet\/loja\/#website"},"primaryImageOfPage":{"@id":"https:\/\/bepet.pet\/loja\/produto\/shampoo-hidrapet-agener-200-ml\/#primaryimage"},"image":{"@id":"https:\/\/bepet.pet\/loja\/produto\/shampoo-hidrapet-agener-200-ml\/#primaryimage"},"thumbnailUrl":"https:\/\/bepet.pet\/loja\/wp-content\/uploads\/2024\/01\/p3b862fd1-348c-4dcd-bcad-43713e6a508f.png","datePublished":"2024-01-12T14:55:39+00:00","dateModified":"2025-12-10T20:24:09+00:00","breadcrumb":{"@id":"https:\/\/bepet.pet\/loja\/produto\/shampoo-hidrapet-agener-200-ml\/#breadcrumb"},"inLanguage":"pt-BR","potentialAction":[{"@type":"ReadAction","target":["https:\/\/bepet.pet\/loja\/produto\/shampoo-hidrapet-agener-200-ml\/"]}]},{"@type":"ImageObject","inLanguage":"pt-BR","@id":"https:\/\/bepet.pet\/loja\/produto\/shampoo-hidrapet-agener-200-ml\/#primaryimage","url":"https:\/\/bepet.pet\/loja\/wp-content\/uploads\/2024\/01\/p3b862fd1-348c-4dcd-bcad-43713e6a508f.png","contentUrl":"https:\/\/bepet.pet\/loja\/wp-content\/uploads\/2024\/01\/p3b862fd1-348c-4dcd-bcad-43713e6a508f.png","width":800,"height":800},{"@type":"BreadcrumbList","@id":"https:\/\/bepet.pet\/loja\/produto\/shampoo-hidrapet-agener-200-ml\/#breadcrumb","itemListElement":[{"@type":"ListItem","position":1,"name":"Home","item":"https:\/\/bepet.pet\/loja\/"},{"@type":"ListItem","position":2,"name":"Shop","item":"https:\/\/bepet.pet\/loja\/shop-2\/"},{"@type":"ListItem","position":3,"name":"Shampoo Hidrapet Agener 200 ml"}]},{"@type":"WebSite","@id":"https:\/\/bepet.pet\/loja\/#website","url":"https:\/\/bepet.pet\/loja\/","name":"BePet","description":"Nossa vida \u00e9 cuidar do seu pet","publisher":{"@id":"https:\/\/bepet.pet\/loja\/#organization"},"potentialAction":[{"@type":"SearchAction","target":{"@type":"EntryPoint","urlTemplate":"https:\/\/bepet.pet\/loja\/?s={search_term_string}"},"query-input":{"@type":"PropertyValueSpecification","valueRequired":true,"valueName":"search_term_string"}}],"inLanguage":"pt-BR"},{"@type":"Organization","@id":"https:\/\/bepet.pet\/loja\/#organization","name":"BePet","url":"https:\/\/bepet.pet\/loja\/","logo":{"@type":"ImageObject","inLanguage":"pt-BR","@id":"https:\/\/bepet.pet\/loja\/#\/schema\/logo\/image\/","url":"https:\/\/bepet.pet\/loja\/wp-content\/uploads\/2020\/10\/logo.jpg","contentUrl":"https:\/\/bepet.pet\/loja\/wp-content\/uploads\/2020\/10\/logo.jpg","width":100,"height":99,"caption":"BePet"},"image":{"@id":"https:\/\/bepet.pet\/loja\/#\/schema\/logo\/image\/"}}]}},"jetpack_sharing_enabled":true,"_links":{"self":[{"href":"https:\/\/bepet.pet\/loja\/wp-json\/wp\/v2\/product\/9638","targetHints":{"allow":["GET"]}}],"collection":[{"href":"https:\/\/bepet.pet\/loja\/wp-json\/wp\/v2\/product"}],"about":[{"href":"https:\/\/bepet.pet\/loja\/wp-json\/wp\/v2\/types\/product"}],"replies":[{"embeddable":true,"href":"https:\/\/bepet.pet\/loja\/wp-json\/wp\/v2\/comments?post=9638"}],"wp:featuredmedia":[{"embeddable":true,"href":"https:\/\/bepet.pet\/loja\/wp-json\/wp\/v2\/media\/9639"}],"wp:attachment":[{"href":"https:\/\/bepet.pet\/loja\/wp-json\/wp\/v2\/media?parent=9638"}],"wp:term":[{"taxonomy":"product_brand","embeddable":true,"href":"https:\/\/bepet.pet\/loja\/wp-json\/wp\/v2\/product_brand?post=9638"},{"taxonomy":"product_cat","embeddable":true,"href":"https:\/\/bepet.pet\/loja\/wp-json\/wp\/v2\/product_cat?post=9638"},{"taxonomy":"product_tag","embeddable":true,"href":"https:\/\/bepet.pet\/loja\/wp-json\/wp\/v2\/product_tag?post=9638"}],"curies":[{"name":"wp","href":"https:\/\/api.w.org\/{rel}","templated":true}]}}