{"id":9631,"date":"2024-01-12T11:26:49","date_gmt":"2024-01-12T14:26:49","guid":{"rendered":"https:\/\/bepet.pet\/loja\/produto\/vet-life-racao-vet-life-natural-feline-renal-2-kg\/"},"modified":"2025-12-10T17:02:39","modified_gmt":"2025-12-10T20:02:39","slug":"vet-life-racao-vet-life-natural-feline-renal-2-kg","status":"publish","type":"product","link":"https:\/\/bepet.pet\/loja\/produto\/vet-life-racao-vet-life-natural-feline-renal-2-kg\/","title":{"rendered":"Vet Life  Ra\u00e7\u00e3o Vet Life Natural Feline Renal 2 kg"},"content":{"rendered":"<p>A Vet Life apresenta a ra\u00e7\u00e3o Vet Life Natural Feline Renal, uma op\u00e7\u00e3o de qualidade para cuidar da sa\u00fade renal do seu felino. Com embalagem de 2 kg, esse produto foi especialmente desenvolvido para atender as necessidades nutricionais dos gatos que possuem problemas renais.<\/p>\n<p>Sabemos o quanto \u00e9 importante proporcionar uma alimenta\u00e7\u00e3o adequada para os animais de estima\u00e7\u00e3o, principalmente quando eles enfrentam condi\u00e7\u00f5es de sa\u00fade espec\u00edficas. A ra\u00e7\u00e3o Vet Life Natural Feline Renal foi formulada com ingredientes selecionados, que auxiliam na manuten\u00e7\u00e3o da fun\u00e7\u00e3o renal e no controle de doen\u00e7as renais cr\u00f4nicas.<\/p>\n<p>Al\u00e9m disso, essa ra\u00e7\u00e3o conta com um sabor irresist\u00edvel, garantindo que seu gato n\u00e3o recuse a alimenta\u00e7\u00e3o. Sua textura e aroma s\u00e3o cuidadosamente pensados para agradar at\u00e9 os paladares mais exigentes.<\/p>\n<p>Ao escolher a Vet Life Natural Feline Renal, voc\u00ea estar\u00e1 garantindo uma alimenta\u00e7\u00e3o completa e balanceada para o seu felino, contribuindo para a melhora da qualidade de vida dele. Afinal, cuidar da sa\u00fade renal \u00e9 essencial para garantir bem-estar e longevidade.<\/p>\n<p>Adquira agora mesmo a ra\u00e7\u00e3o Vet Life Natural Feline Renal de 2 kg e proporcione uma alimenta\u00e7\u00e3o saud\u00e1vel e saborosa para o seu gato. Acesse nosso website e_Commerce e aproveite essa oportunidade de cuidar do seu felino com o que h\u00e1 de melhor no mercado. Conte com a Vet Life para garantir a sa\u00fade e o bem-estar do seu pet!<\/p>\n","protected":false},"excerpt":{"rendered":"<p>A Vet Life apresenta a ra\u00e7\u00e3o Vet Life Natural Feline Renal, uma op\u00e7\u00e3o de qualidade para cuidar da sa\u00fade renal do seu felino. Com embalagem de 2 kg, esse produto foi especialmente desenvolvido para atender as necessidades nutricionais dos gatos que possuem problemas renais. Sabemos o quanto \u00e9 importante proporcionar uma alimenta\u00e7\u00e3o adequada para os animais de estima\u00e7\u00e3o, principalmente quando eles enfrentam condi\u00e7\u00f5es de sa\u00fade espec\u00edficas. A ra\u00e7\u00e3o Vet Life Natural Feline Renal foi formulada com ingredientes selecionados, que auxiliam na manuten\u00e7\u00e3o da fun\u00e7\u00e3o renal e no controle de doen\u00e7as renais cr\u00f4nicas. Al\u00e9m disso, essa ra\u00e7\u00e3o conta com um sabor irresist\u00edvel, garantindo que seu gato n\u00e3o recuse a alimenta\u00e7\u00e3o. Sua textura e aroma s\u00e3o cuidadosamente pensados para agradar at\u00e9 os paladares mais exigentes. Ao escolher a Vet Life Natural Feline Renal, voc\u00ea estar\u00e1 garantindo uma alimenta\u00e7\u00e3o completa e balanceada para o seu felino, contribuindo para a melhora da qualidade de vida dele. Afinal, cuidar da sa\u00fade renal \u00e9 essencial para garantir bem-estar e longevidade. Adquira agora mesmo a ra\u00e7\u00e3o Vet Life Natural Feline Renal de 2 kg e proporcione uma alimenta\u00e7\u00e3o saud\u00e1vel e saborosa para o seu gato. Acesse nosso website e_Commerce e aproveite essa oportunidade de cuidar do seu&hellip; <a class=\"read-more-link\" href=\"https:\/\/bepet.pet\/loja\/produto\/vet-life-racao-vet-life-natural-feline-renal-2-kg\/\">Read More<\/a><\/p>\n","protected":false},"featured_media":9869,"comment_status":"open","ping_status":"closed","template":"","meta":{"_kadence_starter_templates_imported_post":false},"product_brand":[],"product_cat":[121,135],"product_tag":[],"class_list":{"0":"post-9631","1":"product","2":"type-product","3":"status-publish","4":"has-post-thumbnail","6":"product_cat-racoes","7":"product_cat-terapeuticas-gatos","10":"first","11":"instock","12":"shipping-taxable","13":"purchasable","14":"product-type-simple"},"yoast_head":"<!-- This site is optimized with the Yoast SEO plugin v25.5 - https:\/\/yoast.com\/wordpress\/plugins\/seo\/ -->\n<title>Vet Life Ra\u00e7\u00e3o Vet Life Natural Feline Renal 2 kg - BePet<\/title>\n<meta name=\"robots\" content=\"index, follow, max-snippet:-1, max-image-preview:large, max-video-preview:-1\" \/>\n<link rel=\"canonical\" href=\"https:\/\/bepet.pet\/loja\/produto\/vet-life-racao-vet-life-natural-feline-renal-2-kg\/\" \/>\n<meta property=\"og:locale\" content=\"pt_BR\" \/>\n<meta property=\"og:type\" content=\"article\" \/>\n<meta property=\"og:title\" content=\"Vet Life Ra\u00e7\u00e3o Vet Life Natural Feline Renal 2 kg - BePet\" \/>\n<meta property=\"og:description\" content=\"A Vet Life apresenta a ra\u00e7\u00e3o Vet Life Natural Feline Renal, uma op\u00e7\u00e3o de qualidade para cuidar da sa\u00fade renal do seu felino. Com embalagem de 2 kg, esse produto foi especialmente desenvolvido para atender as necessidades nutricionais dos gatos que possuem problemas renais. Sabemos o quanto \u00e9 importante proporcionar uma alimenta\u00e7\u00e3o adequada para os animais de estima\u00e7\u00e3o, principalmente quando eles enfrentam condi\u00e7\u00f5es de sa\u00fade espec\u00edficas. A ra\u00e7\u00e3o Vet Life Natural Feline Renal foi formulada com ingredientes selecionados, que auxiliam na manuten\u00e7\u00e3o da fun\u00e7\u00e3o renal e no controle de doen\u00e7as renais cr\u00f4nicas. Al\u00e9m disso, essa ra\u00e7\u00e3o conta com um sabor irresist\u00edvel, garantindo que seu gato n\u00e3o recuse a alimenta\u00e7\u00e3o. Sua textura e aroma s\u00e3o cuidadosamente pensados para agradar at\u00e9 os paladares mais exigentes. Ao escolher a Vet Life Natural Feline Renal, voc\u00ea estar\u00e1 garantindo uma alimenta\u00e7\u00e3o completa e balanceada para o seu felino, contribuindo para a melhora da qualidade de vida dele. Afinal, cuidar da sa\u00fade renal \u00e9 essencial para garantir bem-estar e longevidade. Adquira agora mesmo a ra\u00e7\u00e3o Vet Life Natural Feline Renal de 2 kg e proporcione uma alimenta\u00e7\u00e3o saud\u00e1vel e saborosa para o seu gato. Acesse nosso website e_Commerce e aproveite essa oportunidade de cuidar do seu&hellip; Read More\" \/>\n<meta property=\"og:url\" content=\"https:\/\/bepet.pet\/loja\/produto\/vet-life-racao-vet-life-natural-feline-renal-2-kg\/\" \/>\n<meta property=\"og:site_name\" content=\"BePet\" \/>\n<meta property=\"article:modified_time\" content=\"2025-12-10T20:02:39+00:00\" \/>\n<meta property=\"og:image\" content=\"https:\/\/bepet.pet\/loja\/wp-content\/uploads\/2024\/01\/p78e1dc65-0ddf-444b-9d01-b8b41fc772d6.png\" \/>\n\t<meta property=\"og:image:width\" content=\"800\" \/>\n\t<meta property=\"og:image:height\" content=\"800\" \/>\n\t<meta property=\"og:image:type\" content=\"image\/png\" \/>\n<meta name=\"twitter:card\" content=\"summary_large_image\" \/>\n<meta name=\"twitter:label1\" content=\"Est. tempo de leitura\" \/>\n\t<meta name=\"twitter:data1\" content=\"1 minuto\" \/>\n<script type=\"application\/ld+json\" class=\"yoast-schema-graph\">{\"@context\":\"https:\/\/schema.org\",\"@graph\":[{\"@type\":\"WebPage\",\"@id\":\"https:\/\/bepet.pet\/loja\/produto\/vet-life-racao-vet-life-natural-feline-renal-2-kg\/\",\"url\":\"https:\/\/bepet.pet\/loja\/produto\/vet-life-racao-vet-life-natural-feline-renal-2-kg\/\",\"name\":\"Vet Life Ra\u00e7\u00e3o Vet Life Natural Feline Renal 2 kg - BePet\",\"isPartOf\":{\"@id\":\"https:\/\/bepet.pet\/loja\/#website\"},\"primaryImageOfPage\":{\"@id\":\"https:\/\/bepet.pet\/loja\/produto\/vet-life-racao-vet-life-natural-feline-renal-2-kg\/#primaryimage\"},\"image\":{\"@id\":\"https:\/\/bepet.pet\/loja\/produto\/vet-life-racao-vet-life-natural-feline-renal-2-kg\/#primaryimage\"},\"thumbnailUrl\":\"https:\/\/bepet.pet\/loja\/wp-content\/uploads\/2024\/01\/p78e1dc65-0ddf-444b-9d01-b8b41fc772d6.png\",\"datePublished\":\"2024-01-12T14:26:49+00:00\",\"dateModified\":\"2025-12-10T20:02:39+00:00\",\"breadcrumb\":{\"@id\":\"https:\/\/bepet.pet\/loja\/produto\/vet-life-racao-vet-life-natural-feline-renal-2-kg\/#breadcrumb\"},\"inLanguage\":\"pt-BR\",\"potentialAction\":[{\"@type\":\"ReadAction\",\"target\":[\"https:\/\/bepet.pet\/loja\/produto\/vet-life-racao-vet-life-natural-feline-renal-2-kg\/\"]}]},{\"@type\":\"ImageObject\",\"inLanguage\":\"pt-BR\",\"@id\":\"https:\/\/bepet.pet\/loja\/produto\/vet-life-racao-vet-life-natural-feline-renal-2-kg\/#primaryimage\",\"url\":\"https:\/\/bepet.pet\/loja\/wp-content\/uploads\/2024\/01\/p78e1dc65-0ddf-444b-9d01-b8b41fc772d6.png\",\"contentUrl\":\"https:\/\/bepet.pet\/loja\/wp-content\/uploads\/2024\/01\/p78e1dc65-0ddf-444b-9d01-b8b41fc772d6.png\",\"width\":800,\"height\":800},{\"@type\":\"BreadcrumbList\",\"@id\":\"https:\/\/bepet.pet\/loja\/produto\/vet-life-racao-vet-life-natural-feline-renal-2-kg\/#breadcrumb\",\"itemListElement\":[{\"@type\":\"ListItem\",\"position\":1,\"name\":\"Home\",\"item\":\"https:\/\/bepet.pet\/loja\/\"},{\"@type\":\"ListItem\",\"position\":2,\"name\":\"Shop\",\"item\":\"https:\/\/bepet.pet\/loja\/shop-2\/\"},{\"@type\":\"ListItem\",\"position\":3,\"name\":\"Vet Life Ra\u00e7\u00e3o Vet Life Natural Feline Renal 2 kg\"}]},{\"@type\":\"WebSite\",\"@id\":\"https:\/\/bepet.pet\/loja\/#website\",\"url\":\"https:\/\/bepet.pet\/loja\/\",\"name\":\"BePet\",\"description\":\"Nossa vida \u00e9 cuidar do seu pet\",\"publisher\":{\"@id\":\"https:\/\/bepet.pet\/loja\/#organization\"},\"potentialAction\":[{\"@type\":\"SearchAction\",\"target\":{\"@type\":\"EntryPoint\",\"urlTemplate\":\"https:\/\/bepet.pet\/loja\/?s={search_term_string}\"},\"query-input\":{\"@type\":\"PropertyValueSpecification\",\"valueRequired\":true,\"valueName\":\"search_term_string\"}}],\"inLanguage\":\"pt-BR\"},{\"@type\":\"Organization\",\"@id\":\"https:\/\/bepet.pet\/loja\/#organization\",\"name\":\"BePet\",\"url\":\"https:\/\/bepet.pet\/loja\/\",\"logo\":{\"@type\":\"ImageObject\",\"inLanguage\":\"pt-BR\",\"@id\":\"https:\/\/bepet.pet\/loja\/#\/schema\/logo\/image\/\",\"url\":\"https:\/\/bepet.pet\/loja\/wp-content\/uploads\/2020\/10\/logo.jpg\",\"contentUrl\":\"https:\/\/bepet.pet\/loja\/wp-content\/uploads\/2020\/10\/logo.jpg\",\"width\":100,\"height\":99,\"caption\":\"BePet\"},\"image\":{\"@id\":\"https:\/\/bepet.pet\/loja\/#\/schema\/logo\/image\/\"}}]}<\/script>\n<!-- \/ Yoast SEO plugin. -->","yoast_head_json":{"title":"Vet Life Ra\u00e7\u00e3o Vet Life Natural Feline Renal 2 kg - BePet","robots":{"index":"index","follow":"follow","max-snippet":"max-snippet:-1","max-image-preview":"max-image-preview:large","max-video-preview":"max-video-preview:-1"},"canonical":"https:\/\/bepet.pet\/loja\/produto\/vet-life-racao-vet-life-natural-feline-renal-2-kg\/","og_locale":"pt_BR","og_type":"article","og_title":"Vet Life Ra\u00e7\u00e3o Vet Life Natural Feline Renal 2 kg - BePet","og_description":"A Vet Life apresenta a ra\u00e7\u00e3o Vet Life Natural Feline Renal, uma op\u00e7\u00e3o de qualidade para cuidar da sa\u00fade renal do seu felino. Com embalagem de 2 kg, esse produto foi especialmente desenvolvido para atender as necessidades nutricionais dos gatos que possuem problemas renais. Sabemos o quanto \u00e9 importante proporcionar uma alimenta\u00e7\u00e3o adequada para os animais de estima\u00e7\u00e3o, principalmente quando eles enfrentam condi\u00e7\u00f5es de sa\u00fade espec\u00edficas. A ra\u00e7\u00e3o Vet Life Natural Feline Renal foi formulada com ingredientes selecionados, que auxiliam na manuten\u00e7\u00e3o da fun\u00e7\u00e3o renal e no controle de doen\u00e7as renais cr\u00f4nicas. Al\u00e9m disso, essa ra\u00e7\u00e3o conta com um sabor irresist\u00edvel, garantindo que seu gato n\u00e3o recuse a alimenta\u00e7\u00e3o. Sua textura e aroma s\u00e3o cuidadosamente pensados para agradar at\u00e9 os paladares mais exigentes. Ao escolher a Vet Life Natural Feline Renal, voc\u00ea estar\u00e1 garantindo uma alimenta\u00e7\u00e3o completa e balanceada para o seu felino, contribuindo para a melhora da qualidade de vida dele. Afinal, cuidar da sa\u00fade renal \u00e9 essencial para garantir bem-estar e longevidade. Adquira agora mesmo a ra\u00e7\u00e3o Vet Life Natural Feline Renal de 2 kg e proporcione uma alimenta\u00e7\u00e3o saud\u00e1vel e saborosa para o seu gato. Acesse nosso website e_Commerce e aproveite essa oportunidade de cuidar do seu&hellip; Read More","og_url":"https:\/\/bepet.pet\/loja\/produto\/vet-life-racao-vet-life-natural-feline-renal-2-kg\/","og_site_name":"BePet","article_modified_time":"2025-12-10T20:02:39+00:00","og_image":[{"width":800,"height":800,"url":"https:\/\/bepet.pet\/loja\/wp-content\/uploads\/2024\/01\/p78e1dc65-0ddf-444b-9d01-b8b41fc772d6.png","type":"image\/png"}],"twitter_card":"summary_large_image","twitter_misc":{"Est. tempo de leitura":"1 minuto"},"schema":{"@context":"https:\/\/schema.org","@graph":[{"@type":"WebPage","@id":"https:\/\/bepet.pet\/loja\/produto\/vet-life-racao-vet-life-natural-feline-renal-2-kg\/","url":"https:\/\/bepet.pet\/loja\/produto\/vet-life-racao-vet-life-natural-feline-renal-2-kg\/","name":"Vet Life Ra\u00e7\u00e3o Vet Life Natural Feline Renal 2 kg - BePet","isPartOf":{"@id":"https:\/\/bepet.pet\/loja\/#website"},"primaryImageOfPage":{"@id":"https:\/\/bepet.pet\/loja\/produto\/vet-life-racao-vet-life-natural-feline-renal-2-kg\/#primaryimage"},"image":{"@id":"https:\/\/bepet.pet\/loja\/produto\/vet-life-racao-vet-life-natural-feline-renal-2-kg\/#primaryimage"},"thumbnailUrl":"https:\/\/bepet.pet\/loja\/wp-content\/uploads\/2024\/01\/p78e1dc65-0ddf-444b-9d01-b8b41fc772d6.png","datePublished":"2024-01-12T14:26:49+00:00","dateModified":"2025-12-10T20:02:39+00:00","breadcrumb":{"@id":"https:\/\/bepet.pet\/loja\/produto\/vet-life-racao-vet-life-natural-feline-renal-2-kg\/#breadcrumb"},"inLanguage":"pt-BR","potentialAction":[{"@type":"ReadAction","target":["https:\/\/bepet.pet\/loja\/produto\/vet-life-racao-vet-life-natural-feline-renal-2-kg\/"]}]},{"@type":"ImageObject","inLanguage":"pt-BR","@id":"https:\/\/bepet.pet\/loja\/produto\/vet-life-racao-vet-life-natural-feline-renal-2-kg\/#primaryimage","url":"https:\/\/bepet.pet\/loja\/wp-content\/uploads\/2024\/01\/p78e1dc65-0ddf-444b-9d01-b8b41fc772d6.png","contentUrl":"https:\/\/bepet.pet\/loja\/wp-content\/uploads\/2024\/01\/p78e1dc65-0ddf-444b-9d01-b8b41fc772d6.png","width":800,"height":800},{"@type":"BreadcrumbList","@id":"https:\/\/bepet.pet\/loja\/produto\/vet-life-racao-vet-life-natural-feline-renal-2-kg\/#breadcrumb","itemListElement":[{"@type":"ListItem","position":1,"name":"Home","item":"https:\/\/bepet.pet\/loja\/"},{"@type":"ListItem","position":2,"name":"Shop","item":"https:\/\/bepet.pet\/loja\/shop-2\/"},{"@type":"ListItem","position":3,"name":"Vet Life Ra\u00e7\u00e3o Vet Life Natural Feline Renal 2 kg"}]},{"@type":"WebSite","@id":"https:\/\/bepet.pet\/loja\/#website","url":"https:\/\/bepet.pet\/loja\/","name":"BePet","description":"Nossa vida \u00e9 cuidar do seu pet","publisher":{"@id":"https:\/\/bepet.pet\/loja\/#organization"},"potentialAction":[{"@type":"SearchAction","target":{"@type":"EntryPoint","urlTemplate":"https:\/\/bepet.pet\/loja\/?s={search_term_string}"},"query-input":{"@type":"PropertyValueSpecification","valueRequired":true,"valueName":"search_term_string"}}],"inLanguage":"pt-BR"},{"@type":"Organization","@id":"https:\/\/bepet.pet\/loja\/#organization","name":"BePet","url":"https:\/\/bepet.pet\/loja\/","logo":{"@type":"ImageObject","inLanguage":"pt-BR","@id":"https:\/\/bepet.pet\/loja\/#\/schema\/logo\/image\/","url":"https:\/\/bepet.pet\/loja\/wp-content\/uploads\/2020\/10\/logo.jpg","contentUrl":"https:\/\/bepet.pet\/loja\/wp-content\/uploads\/2020\/10\/logo.jpg","width":100,"height":99,"caption":"BePet"},"image":{"@id":"https:\/\/bepet.pet\/loja\/#\/schema\/logo\/image\/"}}]}},"jetpack_sharing_enabled":true,"_links":{"self":[{"href":"https:\/\/bepet.pet\/loja\/wp-json\/wp\/v2\/product\/9631","targetHints":{"allow":["GET"]}}],"collection":[{"href":"https:\/\/bepet.pet\/loja\/wp-json\/wp\/v2\/product"}],"about":[{"href":"https:\/\/bepet.pet\/loja\/wp-json\/wp\/v2\/types\/product"}],"replies":[{"embeddable":true,"href":"https:\/\/bepet.pet\/loja\/wp-json\/wp\/v2\/comments?post=9631"}],"wp:featuredmedia":[{"embeddable":true,"href":"https:\/\/bepet.pet\/loja\/wp-json\/wp\/v2\/media\/9869"}],"wp:attachment":[{"href":"https:\/\/bepet.pet\/loja\/wp-json\/wp\/v2\/media?parent=9631"}],"wp:term":[{"taxonomy":"product_brand","embeddable":true,"href":"https:\/\/bepet.pet\/loja\/wp-json\/wp\/v2\/product_brand?post=9631"},{"taxonomy":"product_cat","embeddable":true,"href":"https:\/\/bepet.pet\/loja\/wp-json\/wp\/v2\/product_cat?post=9631"},{"taxonomy":"product_tag","embeddable":true,"href":"https:\/\/bepet.pet\/loja\/wp-json\/wp\/v2\/product_tag?post=9631"}],"curies":[{"name":"wp","href":"https:\/\/api.w.org\/{rel}","templated":true}]}}