{"id":9619,"date":"2024-01-12T13:59:19","date_gmt":"2024-01-12T13:59:19","guid":{"rendered":"https:\/\/bepet.pet\/loja\/produto\/racao-golden-para-gatos-adultos-sabor-frango-1kg\/"},"modified":"2025-12-10T16:50:44","modified_gmt":"2025-12-10T19:50:44","slug":"racao-golden-para-gatos-adultos-sabor-frango-1kg","status":"publish","type":"product","link":"https:\/\/bepet.pet\/loja\/produto\/racao-golden-para-gatos-adultos-sabor-frango-1kg\/","title":{"rendered":"Ra\u00e7\u00e3o Golden para Gatos Adultos Sabor Frango 1kg"},"content":{"rendered":"<p>Conhe\u00e7a a Ra\u00e7\u00e3o Golden para Gatos Adultos Sabor Frango 1kg, o alimento perfeito para garantir a sa\u00fade e o bem-estar do seu felino de estima\u00e7\u00e3o.<\/p>\n<p>Desenvolvida com ingredientes de alta qualidade, a Ra\u00e7\u00e3o Golden \u00e9 formulada especialmente para atender \u00e0s necessidades nutricionais dos gatos adultos. Seu sabor irresist\u00edvel de frango proporciona uma experi\u00eancia gastron\u00f4mica \u00fanica, despertando o apetite do seu pet e tornando a hora da refei\u00e7\u00e3o ainda mais prazerosa.<\/p>\n<p>Al\u00e9m de ser extremamente saborosa, a Ra\u00e7\u00e3o Golden tamb\u00e9m \u00e9 rica em nutrientes essenciais para a sa\u00fade do seu gato. Com um equil\u00edbrio perfeito de prote\u00ednas, vitaminas e minerais, ela contribui para o fortalecimento dos m\u00fasculos, a manuten\u00e7\u00e3o do peso ideal e o bom funcionamento do sistema imunol\u00f3gico.<\/p>\n<p>A qualidade dos ingredientes utilizados na fabrica\u00e7\u00e3o da Ra\u00e7\u00e3o Golden \u00e9 um diferencial que faz toda a diferen\u00e7a. Com prote\u00ednas de origem animal, como frango, a ra\u00e7\u00e3o garante uma excelente digestibilidade, favorecendo a absor\u00e7\u00e3o dos nutrientes e evitando problemas gastrointestinais.<\/p>\n<p>Al\u00e9m disso, a Ra\u00e7\u00e3o Golden n\u00e3o cont\u00e9m corantes artificiais, o que a torna ainda mais saud\u00e1vel e segura para o seu gato. Ela \u00e9 produzida com todo o cuidado e rigor, seguindo os mais altos padr\u00f5es de qualidade.<\/p>\n<p>Com a Ra\u00e7\u00e3o Golden para Gatos Adultos Sabor Frango 1kg, voc\u00ea oferece ao seu felino uma alimenta\u00e7\u00e3o balanceada, saborosa e nutritiva, garantindo sua sa\u00fade e vitalidade. Proporcione o melhor para o seu gato e veja como ele ficar\u00e1 ainda mais feliz e saud\u00e1vel.<\/p>\n<p>Adquira agora mesmo a Ra\u00e7\u00e3o Golden para Gatos Adultos Sabor Frango 1kg e proporcione ao seu felino uma experi\u00eancia gastron\u00f4mica \u00fanica e saud\u00e1vel. Acesse nosso website e_Commerce e fa\u00e7a o seu pedido. Seu gato vai agradecer!<\/p>\n","protected":false},"excerpt":{"rendered":"<p>Conhe\u00e7a a Ra\u00e7\u00e3o Golden para Gatos Adultos Sabor Frango 1kg, o alimento perfeito para garantir a sa\u00fade e o bem-estar do seu felino de estima\u00e7\u00e3o. Desenvolvida com ingredientes de alta qualidade, a Ra\u00e7\u00e3o Golden \u00e9 formulada especialmente para atender \u00e0s necessidades nutricionais dos gatos adultos. Seu sabor irresist\u00edvel de frango proporciona uma experi\u00eancia gastron\u00f4mica \u00fanica, despertando o apetite do seu pet e tornando a hora da refei\u00e7\u00e3o ainda mais prazerosa. Al\u00e9m de ser extremamente saborosa, a Ra\u00e7\u00e3o Golden tamb\u00e9m \u00e9 rica em nutrientes essenciais para a sa\u00fade do seu gato. Com um equil\u00edbrio perfeito de prote\u00ednas, vitaminas e minerais, ela contribui para o fortalecimento dos m\u00fasculos, a manuten\u00e7\u00e3o do peso ideal e o bom funcionamento do sistema imunol\u00f3gico. A qualidade dos ingredientes utilizados na fabrica\u00e7\u00e3o da Ra\u00e7\u00e3o Golden \u00e9 um diferencial que faz toda a diferen\u00e7a. Com prote\u00ednas de origem animal, como frango, a ra\u00e7\u00e3o garante uma excelente digestibilidade, favorecendo a absor\u00e7\u00e3o dos nutrientes e evitando problemas gastrointestinais. Al\u00e9m disso, a Ra\u00e7\u00e3o Golden n\u00e3o cont\u00e9m corantes artificiais, o que a torna ainda mais saud\u00e1vel e segura para o seu gato. Ela \u00e9 produzida com todo o cuidado e rigor, seguindo os mais altos padr\u00f5es de qualidade. Com a Ra\u00e7\u00e3o Golden&hellip; <a class=\"read-more-link\" href=\"https:\/\/bepet.pet\/loja\/produto\/racao-golden-para-gatos-adultos-sabor-frango-1kg\/\">Read More<\/a><\/p>\n","protected":false},"featured_media":9847,"comment_status":"open","ping_status":"closed","template":"","meta":{"_kadence_starter_templates_imported_post":false},"product_brand":[],"product_cat":[121,133],"product_tag":[],"class_list":{"0":"post-9619","1":"product","2":"type-product","3":"status-publish","4":"has-post-thumbnail","6":"product_cat-racoes","7":"product_cat-secas-gatos","10":"first","11":"instock","12":"shipping-taxable","13":"purchasable","14":"product-type-simple"},"yoast_head":"<!-- This site is optimized with the Yoast SEO plugin v25.5 - https:\/\/yoast.com\/wordpress\/plugins\/seo\/ -->\n<title>Ra\u00e7\u00e3o Golden para Gatos Adultos Sabor Frango 1kg - BePet<\/title>\n<meta name=\"robots\" content=\"index, follow, max-snippet:-1, max-image-preview:large, max-video-preview:-1\" \/>\n<link rel=\"canonical\" href=\"https:\/\/bepet.pet\/loja\/produto\/racao-golden-para-gatos-adultos-sabor-frango-1kg\/\" \/>\n<meta property=\"og:locale\" content=\"pt_BR\" \/>\n<meta property=\"og:type\" content=\"article\" \/>\n<meta property=\"og:title\" content=\"Ra\u00e7\u00e3o Golden para Gatos Adultos Sabor Frango 1kg - BePet\" \/>\n<meta property=\"og:description\" content=\"Conhe\u00e7a a Ra\u00e7\u00e3o Golden para Gatos Adultos Sabor Frango 1kg, o alimento perfeito para garantir a sa\u00fade e o bem-estar do seu felino de estima\u00e7\u00e3o. Desenvolvida com ingredientes de alta qualidade, a Ra\u00e7\u00e3o Golden \u00e9 formulada especialmente para atender \u00e0s necessidades nutricionais dos gatos adultos. Seu sabor irresist\u00edvel de frango proporciona uma experi\u00eancia gastron\u00f4mica \u00fanica, despertando o apetite do seu pet e tornando a hora da refei\u00e7\u00e3o ainda mais prazerosa. Al\u00e9m de ser extremamente saborosa, a Ra\u00e7\u00e3o Golden tamb\u00e9m \u00e9 rica em nutrientes essenciais para a sa\u00fade do seu gato. Com um equil\u00edbrio perfeito de prote\u00ednas, vitaminas e minerais, ela contribui para o fortalecimento dos m\u00fasculos, a manuten\u00e7\u00e3o do peso ideal e o bom funcionamento do sistema imunol\u00f3gico. A qualidade dos ingredientes utilizados na fabrica\u00e7\u00e3o da Ra\u00e7\u00e3o Golden \u00e9 um diferencial que faz toda a diferen\u00e7a. Com prote\u00ednas de origem animal, como frango, a ra\u00e7\u00e3o garante uma excelente digestibilidade, favorecendo a absor\u00e7\u00e3o dos nutrientes e evitando problemas gastrointestinais. Al\u00e9m disso, a Ra\u00e7\u00e3o Golden n\u00e3o cont\u00e9m corantes artificiais, o que a torna ainda mais saud\u00e1vel e segura para o seu gato. Ela \u00e9 produzida com todo o cuidado e rigor, seguindo os mais altos padr\u00f5es de qualidade. Com a Ra\u00e7\u00e3o Golden&hellip; Read More\" \/>\n<meta property=\"og:url\" content=\"https:\/\/bepet.pet\/loja\/produto\/racao-golden-para-gatos-adultos-sabor-frango-1kg\/\" \/>\n<meta property=\"og:site_name\" content=\"BePet\" \/>\n<meta property=\"article:modified_time\" content=\"2025-12-10T19:50:44+00:00\" \/>\n<meta name=\"twitter:card\" content=\"summary_large_image\" \/>\n<meta name=\"twitter:label1\" content=\"Est. tempo de leitura\" \/>\n\t<meta name=\"twitter:data1\" content=\"2 minutos\" \/>\n<script type=\"application\/ld+json\" class=\"yoast-schema-graph\">{\"@context\":\"https:\/\/schema.org\",\"@graph\":[{\"@type\":\"WebPage\",\"@id\":\"https:\/\/bepet.pet\/loja\/produto\/racao-golden-para-gatos-adultos-sabor-frango-1kg\/\",\"url\":\"https:\/\/bepet.pet\/loja\/produto\/racao-golden-para-gatos-adultos-sabor-frango-1kg\/\",\"name\":\"Ra\u00e7\u00e3o Golden para Gatos Adultos Sabor Frango 1kg - BePet\",\"isPartOf\":{\"@id\":\"https:\/\/bepet.pet\/loja\/#website\"},\"primaryImageOfPage\":{\"@id\":\"https:\/\/bepet.pet\/loja\/produto\/racao-golden-para-gatos-adultos-sabor-frango-1kg\/#primaryimage\"},\"image\":{\"@id\":\"https:\/\/bepet.pet\/loja\/produto\/racao-golden-para-gatos-adultos-sabor-frango-1kg\/#primaryimage\"},\"thumbnailUrl\":\"https:\/\/bepet.pet\/loja\/wp-content\/uploads\/2024\/01\/p76ae20cb-f023-41cd-a38c-c5561544d98e.png\",\"datePublished\":\"2024-01-12T13:59:19+00:00\",\"dateModified\":\"2025-12-10T19:50:44+00:00\",\"breadcrumb\":{\"@id\":\"https:\/\/bepet.pet\/loja\/produto\/racao-golden-para-gatos-adultos-sabor-frango-1kg\/#breadcrumb\"},\"inLanguage\":\"pt-BR\",\"potentialAction\":[{\"@type\":\"ReadAction\",\"target\":[\"https:\/\/bepet.pet\/loja\/produto\/racao-golden-para-gatos-adultos-sabor-frango-1kg\/\"]}]},{\"@type\":\"ImageObject\",\"inLanguage\":\"pt-BR\",\"@id\":\"https:\/\/bepet.pet\/loja\/produto\/racao-golden-para-gatos-adultos-sabor-frango-1kg\/#primaryimage\",\"url\":\"https:\/\/bepet.pet\/loja\/wp-content\/uploads\/2024\/01\/p76ae20cb-f023-41cd-a38c-c5561544d98e.png\",\"contentUrl\":\"https:\/\/bepet.pet\/loja\/wp-content\/uploads\/2024\/01\/p76ae20cb-f023-41cd-a38c-c5561544d98e.png\",\"width\":800,\"height\":800},{\"@type\":\"BreadcrumbList\",\"@id\":\"https:\/\/bepet.pet\/loja\/produto\/racao-golden-para-gatos-adultos-sabor-frango-1kg\/#breadcrumb\",\"itemListElement\":[{\"@type\":\"ListItem\",\"position\":1,\"name\":\"Home\",\"item\":\"https:\/\/bepet.pet\/loja\/\"},{\"@type\":\"ListItem\",\"position\":2,\"name\":\"Shop\",\"item\":\"https:\/\/bepet.pet\/loja\/shop-2\/\"},{\"@type\":\"ListItem\",\"position\":3,\"name\":\"Ra\u00e7\u00e3o Golden para Gatos Adultos Sabor Frango 1kg\"}]},{\"@type\":\"WebSite\",\"@id\":\"https:\/\/bepet.pet\/loja\/#website\",\"url\":\"https:\/\/bepet.pet\/loja\/\",\"name\":\"BePet\",\"description\":\"Nossa vida \u00e9 cuidar do seu pet\",\"publisher\":{\"@id\":\"https:\/\/bepet.pet\/loja\/#organization\"},\"potentialAction\":[{\"@type\":\"SearchAction\",\"target\":{\"@type\":\"EntryPoint\",\"urlTemplate\":\"https:\/\/bepet.pet\/loja\/?s={search_term_string}\"},\"query-input\":{\"@type\":\"PropertyValueSpecification\",\"valueRequired\":true,\"valueName\":\"search_term_string\"}}],\"inLanguage\":\"pt-BR\"},{\"@type\":\"Organization\",\"@id\":\"https:\/\/bepet.pet\/loja\/#organization\",\"name\":\"BePet\",\"url\":\"https:\/\/bepet.pet\/loja\/\",\"logo\":{\"@type\":\"ImageObject\",\"inLanguage\":\"pt-BR\",\"@id\":\"https:\/\/bepet.pet\/loja\/#\/schema\/logo\/image\/\",\"url\":\"https:\/\/bepet.pet\/loja\/wp-content\/uploads\/2020\/10\/logo.jpg\",\"contentUrl\":\"https:\/\/bepet.pet\/loja\/wp-content\/uploads\/2020\/10\/logo.jpg\",\"width\":100,\"height\":99,\"caption\":\"BePet\"},\"image\":{\"@id\":\"https:\/\/bepet.pet\/loja\/#\/schema\/logo\/image\/\"}}]}<\/script>\n<!-- \/ Yoast SEO plugin. -->","yoast_head_json":{"title":"Ra\u00e7\u00e3o Golden para Gatos Adultos Sabor Frango 1kg - BePet","robots":{"index":"index","follow":"follow","max-snippet":"max-snippet:-1","max-image-preview":"max-image-preview:large","max-video-preview":"max-video-preview:-1"},"canonical":"https:\/\/bepet.pet\/loja\/produto\/racao-golden-para-gatos-adultos-sabor-frango-1kg\/","og_locale":"pt_BR","og_type":"article","og_title":"Ra\u00e7\u00e3o Golden para Gatos Adultos Sabor Frango 1kg - BePet","og_description":"Conhe\u00e7a a Ra\u00e7\u00e3o Golden para Gatos Adultos Sabor Frango 1kg, o alimento perfeito para garantir a sa\u00fade e o bem-estar do seu felino de estima\u00e7\u00e3o. Desenvolvida com ingredientes de alta qualidade, a Ra\u00e7\u00e3o Golden \u00e9 formulada especialmente para atender \u00e0s necessidades nutricionais dos gatos adultos. Seu sabor irresist\u00edvel de frango proporciona uma experi\u00eancia gastron\u00f4mica \u00fanica, despertando o apetite do seu pet e tornando a hora da refei\u00e7\u00e3o ainda mais prazerosa. Al\u00e9m de ser extremamente saborosa, a Ra\u00e7\u00e3o Golden tamb\u00e9m \u00e9 rica em nutrientes essenciais para a sa\u00fade do seu gato. Com um equil\u00edbrio perfeito de prote\u00ednas, vitaminas e minerais, ela contribui para o fortalecimento dos m\u00fasculos, a manuten\u00e7\u00e3o do peso ideal e o bom funcionamento do sistema imunol\u00f3gico. A qualidade dos ingredientes utilizados na fabrica\u00e7\u00e3o da Ra\u00e7\u00e3o Golden \u00e9 um diferencial que faz toda a diferen\u00e7a. Com prote\u00ednas de origem animal, como frango, a ra\u00e7\u00e3o garante uma excelente digestibilidade, favorecendo a absor\u00e7\u00e3o dos nutrientes e evitando problemas gastrointestinais. Al\u00e9m disso, a Ra\u00e7\u00e3o Golden n\u00e3o cont\u00e9m corantes artificiais, o que a torna ainda mais saud\u00e1vel e segura para o seu gato. Ela \u00e9 produzida com todo o cuidado e rigor, seguindo os mais altos padr\u00f5es de qualidade. Com a Ra\u00e7\u00e3o Golden&hellip; Read More","og_url":"https:\/\/bepet.pet\/loja\/produto\/racao-golden-para-gatos-adultos-sabor-frango-1kg\/","og_site_name":"BePet","article_modified_time":"2025-12-10T19:50:44+00:00","twitter_card":"summary_large_image","twitter_misc":{"Est. tempo de leitura":"2 minutos"},"schema":{"@context":"https:\/\/schema.org","@graph":[{"@type":"WebPage","@id":"https:\/\/bepet.pet\/loja\/produto\/racao-golden-para-gatos-adultos-sabor-frango-1kg\/","url":"https:\/\/bepet.pet\/loja\/produto\/racao-golden-para-gatos-adultos-sabor-frango-1kg\/","name":"Ra\u00e7\u00e3o Golden para Gatos Adultos Sabor Frango 1kg - BePet","isPartOf":{"@id":"https:\/\/bepet.pet\/loja\/#website"},"primaryImageOfPage":{"@id":"https:\/\/bepet.pet\/loja\/produto\/racao-golden-para-gatos-adultos-sabor-frango-1kg\/#primaryimage"},"image":{"@id":"https:\/\/bepet.pet\/loja\/produto\/racao-golden-para-gatos-adultos-sabor-frango-1kg\/#primaryimage"},"thumbnailUrl":"https:\/\/bepet.pet\/loja\/wp-content\/uploads\/2024\/01\/p76ae20cb-f023-41cd-a38c-c5561544d98e.png","datePublished":"2024-01-12T13:59:19+00:00","dateModified":"2025-12-10T19:50:44+00:00","breadcrumb":{"@id":"https:\/\/bepet.pet\/loja\/produto\/racao-golden-para-gatos-adultos-sabor-frango-1kg\/#breadcrumb"},"inLanguage":"pt-BR","potentialAction":[{"@type":"ReadAction","target":["https:\/\/bepet.pet\/loja\/produto\/racao-golden-para-gatos-adultos-sabor-frango-1kg\/"]}]},{"@type":"ImageObject","inLanguage":"pt-BR","@id":"https:\/\/bepet.pet\/loja\/produto\/racao-golden-para-gatos-adultos-sabor-frango-1kg\/#primaryimage","url":"https:\/\/bepet.pet\/loja\/wp-content\/uploads\/2024\/01\/p76ae20cb-f023-41cd-a38c-c5561544d98e.png","contentUrl":"https:\/\/bepet.pet\/loja\/wp-content\/uploads\/2024\/01\/p76ae20cb-f023-41cd-a38c-c5561544d98e.png","width":800,"height":800},{"@type":"BreadcrumbList","@id":"https:\/\/bepet.pet\/loja\/produto\/racao-golden-para-gatos-adultos-sabor-frango-1kg\/#breadcrumb","itemListElement":[{"@type":"ListItem","position":1,"name":"Home","item":"https:\/\/bepet.pet\/loja\/"},{"@type":"ListItem","position":2,"name":"Shop","item":"https:\/\/bepet.pet\/loja\/shop-2\/"},{"@type":"ListItem","position":3,"name":"Ra\u00e7\u00e3o Golden para Gatos Adultos Sabor Frango 1kg"}]},{"@type":"WebSite","@id":"https:\/\/bepet.pet\/loja\/#website","url":"https:\/\/bepet.pet\/loja\/","name":"BePet","description":"Nossa vida \u00e9 cuidar do seu pet","publisher":{"@id":"https:\/\/bepet.pet\/loja\/#organization"},"potentialAction":[{"@type":"SearchAction","target":{"@type":"EntryPoint","urlTemplate":"https:\/\/bepet.pet\/loja\/?s={search_term_string}"},"query-input":{"@type":"PropertyValueSpecification","valueRequired":true,"valueName":"search_term_string"}}],"inLanguage":"pt-BR"},{"@type":"Organization","@id":"https:\/\/bepet.pet\/loja\/#organization","name":"BePet","url":"https:\/\/bepet.pet\/loja\/","logo":{"@type":"ImageObject","inLanguage":"pt-BR","@id":"https:\/\/bepet.pet\/loja\/#\/schema\/logo\/image\/","url":"https:\/\/bepet.pet\/loja\/wp-content\/uploads\/2020\/10\/logo.jpg","contentUrl":"https:\/\/bepet.pet\/loja\/wp-content\/uploads\/2020\/10\/logo.jpg","width":100,"height":99,"caption":"BePet"},"image":{"@id":"https:\/\/bepet.pet\/loja\/#\/schema\/logo\/image\/"}}]}},"jetpack_sharing_enabled":true,"_links":{"self":[{"href":"https:\/\/bepet.pet\/loja\/wp-json\/wp\/v2\/product\/9619","targetHints":{"allow":["GET"]}}],"collection":[{"href":"https:\/\/bepet.pet\/loja\/wp-json\/wp\/v2\/product"}],"about":[{"href":"https:\/\/bepet.pet\/loja\/wp-json\/wp\/v2\/types\/product"}],"replies":[{"embeddable":true,"href":"https:\/\/bepet.pet\/loja\/wp-json\/wp\/v2\/comments?post=9619"}],"wp:featuredmedia":[{"embeddable":true,"href":"https:\/\/bepet.pet\/loja\/wp-json\/wp\/v2\/media\/9847"}],"wp:attachment":[{"href":"https:\/\/bepet.pet\/loja\/wp-json\/wp\/v2\/media?parent=9619"}],"wp:term":[{"taxonomy":"product_brand","embeddable":true,"href":"https:\/\/bepet.pet\/loja\/wp-json\/wp\/v2\/product_brand?post=9619"},{"taxonomy":"product_cat","embeddable":true,"href":"https:\/\/bepet.pet\/loja\/wp-json\/wp\/v2\/product_cat?post=9619"},{"taxonomy":"product_tag","embeddable":true,"href":"https:\/\/bepet.pet\/loja\/wp-json\/wp\/v2\/product_tag?post=9619"}],"curies":[{"name":"wp","href":"https:\/\/api.w.org\/{rel}","templated":true}]}}