{"id":9558,"date":"2024-01-11T21:26:58","date_gmt":"2024-01-11T21:26:58","guid":{"rendered":"https:\/\/bepet.pet\/loja\/produto\/ograx-3-1500mg-30-capsulas\/"},"modified":"2026-04-09T09:02:33","modified_gmt":"2026-04-09T12:02:33","slug":"ograx-3-1500mg-30-capsulas","status":"publish","type":"product","link":"https:\/\/bepet.pet\/loja\/produto\/ograx-3-1500mg-30-capsulas\/","title":{"rendered":"Ograx 3 1500mg 30 c\u00e1psulas"},"content":{"rendered":"<p>Conhe\u00e7a o Ograx 3 1500mg, um suplemento alimentar em c\u00e1psulas desenvolvido para promover in\u00fameros benef\u00edcios \u00e0 sua sa\u00fade. Com sua f\u00f3rmula exclusiva, o Ograx 3 \u00e9 rico em \u00f4mega 3, um \u00e1cido graxo essencial que desempenha um papel fundamental no bom funcionamento do organismo.<\/p>\n<p>Cada embalagem cont\u00e9m 30 c\u00e1psulas, proporcionando um m\u00eas de uso di\u00e1rio. A dose recomendada \u00e9 de uma c\u00e1psula ao dia, preferencialmente junto \u00e0s refei\u00e7\u00f5es, para garantir uma melhor absor\u00e7\u00e3o dos nutrientes.<\/p>\n<p>O \u00f4mega 3 presente no Ograx 3 1500mg \u00e9 conhecido por seus efeitos ben\u00e9ficos para o sistema cardiovascular, auxiliando na redu\u00e7\u00e3o dos n\u00edveis de colesterol e triglicer\u00eddeos. Al\u00e9m disso, esse \u00e1cido graxo tamb\u00e9m contribui para o bom funcionamento do sistema imunol\u00f3gico, fortalecendo as defesas do organismo.<\/p>\n<p>Outro ponto positivo do Ograx 3 \u00e9 sua a\u00e7\u00e3o anti-inflamat\u00f3ria, que pode ajudar a reduzir dores e inflama\u00e7\u00f5es articulares, proporcionando uma melhor qualidade de vida para quem sofre com esses problemas.<\/p>\n<p>Al\u00e9m disso, o \u00f4mega 3 tamb\u00e9m \u00e9 conhecido por seus benef\u00edcios para o c\u00e9rebro e a sa\u00fade mental. Estudos mostram que a suplementa\u00e7\u00e3o com \u00f4mega 3 pode auxiliar na melhora da mem\u00f3ria, concentra\u00e7\u00e3o e at\u00e9 mesmo no combate a sintomas de depress\u00e3o e ansiedade.<\/p>\n<p>O Ograx 3 1500mg passa por rigorosos controles de qualidade, garantindo a pureza e efic\u00e1cia do produto. \u00c9 livre de metais pesados e outros contaminantes, proporcionando seguran\u00e7a e confiabilidade para voc\u00ea.<\/p>\n<p>Aproveite os benef\u00edcios do Ograx 3 1500mg e invista na sua sa\u00fade. Adquira agora mesmo o seu no nosso website e_Commerce e desfrute de todos os benef\u00edcios que esse suplemento pode oferecer. Cuide do seu corpo e da sua mente com o Ograx 3!<\/p>\n","protected":false},"excerpt":{"rendered":"<p>Conhe\u00e7a o Ograx 3 1500mg, um suplemento alimentar em c\u00e1psulas desenvolvido para promover in\u00fameros benef\u00edcios \u00e0 sua sa\u00fade. Com sua f\u00f3rmula exclusiva, o Ograx 3 \u00e9 rico em \u00f4mega 3, um \u00e1cido graxo essencial que desempenha um papel fundamental no bom funcionamento do organismo. Cada embalagem cont\u00e9m 30 c\u00e1psulas, proporcionando um m\u00eas de uso di\u00e1rio. A dose recomendada \u00e9 de uma c\u00e1psula ao dia, preferencialmente junto \u00e0s refei\u00e7\u00f5es, para garantir uma melhor absor\u00e7\u00e3o dos nutrientes. O \u00f4mega 3 presente no Ograx 3 1500mg \u00e9 conhecido por seus efeitos ben\u00e9ficos para o sistema cardiovascular, auxiliando na redu\u00e7\u00e3o dos n\u00edveis de colesterol e triglicer\u00eddeos. Al\u00e9m disso, esse \u00e1cido graxo tamb\u00e9m contribui para o bom funcionamento do sistema imunol\u00f3gico, fortalecendo as defesas do organismo. Outro ponto positivo do Ograx 3 \u00e9 sua a\u00e7\u00e3o anti-inflamat\u00f3ria, que pode ajudar a reduzir dores e inflama\u00e7\u00f5es articulares, proporcionando uma melhor qualidade de vida para quem sofre com esses problemas. Al\u00e9m disso, o \u00f4mega 3 tamb\u00e9m \u00e9 conhecido por seus benef\u00edcios para o c\u00e9rebro e a sa\u00fade mental. Estudos mostram que a suplementa\u00e7\u00e3o com \u00f4mega 3 pode auxiliar na melhora da mem\u00f3ria, concentra\u00e7\u00e3o e at\u00e9 mesmo no combate a sintomas de depress\u00e3o e ansiedade. O Ograx 3 1500mg&hellip; <a class=\"read-more-link\" href=\"https:\/\/bepet.pet\/loja\/produto\/ograx-3-1500mg-30-capsulas\/\">Read More<\/a><\/p>\n","protected":false},"featured_media":9601,"comment_status":"open","ping_status":"closed","template":"","meta":{"_kadence_starter_templates_imported_post":false},"product_brand":[],"product_cat":[120,145],"product_tag":[],"class_list":{"0":"post-9558","1":"product","2":"type-product","3":"status-publish","4":"has-post-thumbnail","6":"product_cat-medicamentos","7":"product_cat-suplementos-e-vitaminas","10":"first","11":"instock","12":"shipping-taxable","13":"purchasable","14":"product-type-simple"},"yoast_head":"<!-- This site is optimized with the Yoast SEO plugin v25.5 - https:\/\/yoast.com\/wordpress\/plugins\/seo\/ -->\n<title>Ograx 3 1500mg 30 c\u00e1psulas - BePet<\/title>\n<meta name=\"robots\" content=\"index, follow, max-snippet:-1, max-image-preview:large, max-video-preview:-1\" \/>\n<link rel=\"canonical\" href=\"https:\/\/bepet.pet\/loja\/produto\/ograx-3-1500mg-30-capsulas\/\" \/>\n<meta property=\"og:locale\" content=\"pt_BR\" \/>\n<meta property=\"og:type\" content=\"article\" \/>\n<meta property=\"og:title\" content=\"Ograx 3 1500mg 30 c\u00e1psulas - BePet\" \/>\n<meta property=\"og:description\" content=\"Conhe\u00e7a o Ograx 3 1500mg, um suplemento alimentar em c\u00e1psulas desenvolvido para promover in\u00fameros benef\u00edcios \u00e0 sua sa\u00fade. Com sua f\u00f3rmula exclusiva, o Ograx 3 \u00e9 rico em \u00f4mega 3, um \u00e1cido graxo essencial que desempenha um papel fundamental no bom funcionamento do organismo. Cada embalagem cont\u00e9m 30 c\u00e1psulas, proporcionando um m\u00eas de uso di\u00e1rio. A dose recomendada \u00e9 de uma c\u00e1psula ao dia, preferencialmente junto \u00e0s refei\u00e7\u00f5es, para garantir uma melhor absor\u00e7\u00e3o dos nutrientes. O \u00f4mega 3 presente no Ograx 3 1500mg \u00e9 conhecido por seus efeitos ben\u00e9ficos para o sistema cardiovascular, auxiliando na redu\u00e7\u00e3o dos n\u00edveis de colesterol e triglicer\u00eddeos. Al\u00e9m disso, esse \u00e1cido graxo tamb\u00e9m contribui para o bom funcionamento do sistema imunol\u00f3gico, fortalecendo as defesas do organismo. Outro ponto positivo do Ograx 3 \u00e9 sua a\u00e7\u00e3o anti-inflamat\u00f3ria, que pode ajudar a reduzir dores e inflama\u00e7\u00f5es articulares, proporcionando uma melhor qualidade de vida para quem sofre com esses problemas. Al\u00e9m disso, o \u00f4mega 3 tamb\u00e9m \u00e9 conhecido por seus benef\u00edcios para o c\u00e9rebro e a sa\u00fade mental. Estudos mostram que a suplementa\u00e7\u00e3o com \u00f4mega 3 pode auxiliar na melhora da mem\u00f3ria, concentra\u00e7\u00e3o e at\u00e9 mesmo no combate a sintomas de depress\u00e3o e ansiedade. O Ograx 3 1500mg&hellip; Read More\" \/>\n<meta property=\"og:url\" content=\"https:\/\/bepet.pet\/loja\/produto\/ograx-3-1500mg-30-capsulas\/\" \/>\n<meta property=\"og:site_name\" content=\"BePet\" \/>\n<meta property=\"article:modified_time\" content=\"2026-04-09T12:02:33+00:00\" \/>\n<meta name=\"twitter:card\" content=\"summary_large_image\" \/>\n<meta name=\"twitter:label1\" content=\"Est. tempo de leitura\" \/>\n\t<meta name=\"twitter:data1\" content=\"1 minuto\" \/>\n<script type=\"application\/ld+json\" class=\"yoast-schema-graph\">{\"@context\":\"https:\/\/schema.org\",\"@graph\":[{\"@type\":\"WebPage\",\"@id\":\"https:\/\/bepet.pet\/loja\/produto\/ograx-3-1500mg-30-capsulas\/\",\"url\":\"https:\/\/bepet.pet\/loja\/produto\/ograx-3-1500mg-30-capsulas\/\",\"name\":\"Ograx 3 1500mg 30 c\u00e1psulas - BePet\",\"isPartOf\":{\"@id\":\"https:\/\/bepet.pet\/loja\/#website\"},\"primaryImageOfPage\":{\"@id\":\"https:\/\/bepet.pet\/loja\/produto\/ograx-3-1500mg-30-capsulas\/#primaryimage\"},\"image\":{\"@id\":\"https:\/\/bepet.pet\/loja\/produto\/ograx-3-1500mg-30-capsulas\/#primaryimage\"},\"thumbnailUrl\":\"https:\/\/bepet.pet\/loja\/wp-content\/uploads\/2024\/01\/p4b98625a-e882-4a27-afd0-456eb2b80bce.png\",\"datePublished\":\"2024-01-11T21:26:58+00:00\",\"dateModified\":\"2026-04-09T12:02:33+00:00\",\"breadcrumb\":{\"@id\":\"https:\/\/bepet.pet\/loja\/produto\/ograx-3-1500mg-30-capsulas\/#breadcrumb\"},\"inLanguage\":\"pt-BR\",\"potentialAction\":[{\"@type\":\"ReadAction\",\"target\":[\"https:\/\/bepet.pet\/loja\/produto\/ograx-3-1500mg-30-capsulas\/\"]}]},{\"@type\":\"ImageObject\",\"inLanguage\":\"pt-BR\",\"@id\":\"https:\/\/bepet.pet\/loja\/produto\/ograx-3-1500mg-30-capsulas\/#primaryimage\",\"url\":\"https:\/\/bepet.pet\/loja\/wp-content\/uploads\/2024\/01\/p4b98625a-e882-4a27-afd0-456eb2b80bce.png\",\"contentUrl\":\"https:\/\/bepet.pet\/loja\/wp-content\/uploads\/2024\/01\/p4b98625a-e882-4a27-afd0-456eb2b80bce.png\",\"width\":800,\"height\":600},{\"@type\":\"BreadcrumbList\",\"@id\":\"https:\/\/bepet.pet\/loja\/produto\/ograx-3-1500mg-30-capsulas\/#breadcrumb\",\"itemListElement\":[{\"@type\":\"ListItem\",\"position\":1,\"name\":\"Home\",\"item\":\"https:\/\/bepet.pet\/loja\/\"},{\"@type\":\"ListItem\",\"position\":2,\"name\":\"Shop\",\"item\":\"https:\/\/bepet.pet\/loja\/shop-2\/\"},{\"@type\":\"ListItem\",\"position\":3,\"name\":\"Ograx 3 1500mg 30 c\u00e1psulas\"}]},{\"@type\":\"WebSite\",\"@id\":\"https:\/\/bepet.pet\/loja\/#website\",\"url\":\"https:\/\/bepet.pet\/loja\/\",\"name\":\"BePet\",\"description\":\"Nossa vida \u00e9 cuidar do seu pet\",\"publisher\":{\"@id\":\"https:\/\/bepet.pet\/loja\/#organization\"},\"potentialAction\":[{\"@type\":\"SearchAction\",\"target\":{\"@type\":\"EntryPoint\",\"urlTemplate\":\"https:\/\/bepet.pet\/loja\/?s={search_term_string}\"},\"query-input\":{\"@type\":\"PropertyValueSpecification\",\"valueRequired\":true,\"valueName\":\"search_term_string\"}}],\"inLanguage\":\"pt-BR\"},{\"@type\":\"Organization\",\"@id\":\"https:\/\/bepet.pet\/loja\/#organization\",\"name\":\"BePet\",\"url\":\"https:\/\/bepet.pet\/loja\/\",\"logo\":{\"@type\":\"ImageObject\",\"inLanguage\":\"pt-BR\",\"@id\":\"https:\/\/bepet.pet\/loja\/#\/schema\/logo\/image\/\",\"url\":\"https:\/\/bepet.pet\/loja\/wp-content\/uploads\/2020\/10\/logo.jpg\",\"contentUrl\":\"https:\/\/bepet.pet\/loja\/wp-content\/uploads\/2020\/10\/logo.jpg\",\"width\":100,\"height\":99,\"caption\":\"BePet\"},\"image\":{\"@id\":\"https:\/\/bepet.pet\/loja\/#\/schema\/logo\/image\/\"}}]}<\/script>\n<!-- \/ Yoast SEO plugin. -->","yoast_head_json":{"title":"Ograx 3 1500mg 30 c\u00e1psulas - BePet","robots":{"index":"index","follow":"follow","max-snippet":"max-snippet:-1","max-image-preview":"max-image-preview:large","max-video-preview":"max-video-preview:-1"},"canonical":"https:\/\/bepet.pet\/loja\/produto\/ograx-3-1500mg-30-capsulas\/","og_locale":"pt_BR","og_type":"article","og_title":"Ograx 3 1500mg 30 c\u00e1psulas - BePet","og_description":"Conhe\u00e7a o Ograx 3 1500mg, um suplemento alimentar em c\u00e1psulas desenvolvido para promover in\u00fameros benef\u00edcios \u00e0 sua sa\u00fade. Com sua f\u00f3rmula exclusiva, o Ograx 3 \u00e9 rico em \u00f4mega 3, um \u00e1cido graxo essencial que desempenha um papel fundamental no bom funcionamento do organismo. Cada embalagem cont\u00e9m 30 c\u00e1psulas, proporcionando um m\u00eas de uso di\u00e1rio. A dose recomendada \u00e9 de uma c\u00e1psula ao dia, preferencialmente junto \u00e0s refei\u00e7\u00f5es, para garantir uma melhor absor\u00e7\u00e3o dos nutrientes. O \u00f4mega 3 presente no Ograx 3 1500mg \u00e9 conhecido por seus efeitos ben\u00e9ficos para o sistema cardiovascular, auxiliando na redu\u00e7\u00e3o dos n\u00edveis de colesterol e triglicer\u00eddeos. Al\u00e9m disso, esse \u00e1cido graxo tamb\u00e9m contribui para o bom funcionamento do sistema imunol\u00f3gico, fortalecendo as defesas do organismo. Outro ponto positivo do Ograx 3 \u00e9 sua a\u00e7\u00e3o anti-inflamat\u00f3ria, que pode ajudar a reduzir dores e inflama\u00e7\u00f5es articulares, proporcionando uma melhor qualidade de vida para quem sofre com esses problemas. Al\u00e9m disso, o \u00f4mega 3 tamb\u00e9m \u00e9 conhecido por seus benef\u00edcios para o c\u00e9rebro e a sa\u00fade mental. Estudos mostram que a suplementa\u00e7\u00e3o com \u00f4mega 3 pode auxiliar na melhora da mem\u00f3ria, concentra\u00e7\u00e3o e at\u00e9 mesmo no combate a sintomas de depress\u00e3o e ansiedade. O Ograx 3 1500mg&hellip; Read More","og_url":"https:\/\/bepet.pet\/loja\/produto\/ograx-3-1500mg-30-capsulas\/","og_site_name":"BePet","article_modified_time":"2026-04-09T12:02:33+00:00","twitter_card":"summary_large_image","twitter_misc":{"Est. tempo de leitura":"1 minuto"},"schema":{"@context":"https:\/\/schema.org","@graph":[{"@type":"WebPage","@id":"https:\/\/bepet.pet\/loja\/produto\/ograx-3-1500mg-30-capsulas\/","url":"https:\/\/bepet.pet\/loja\/produto\/ograx-3-1500mg-30-capsulas\/","name":"Ograx 3 1500mg 30 c\u00e1psulas - BePet","isPartOf":{"@id":"https:\/\/bepet.pet\/loja\/#website"},"primaryImageOfPage":{"@id":"https:\/\/bepet.pet\/loja\/produto\/ograx-3-1500mg-30-capsulas\/#primaryimage"},"image":{"@id":"https:\/\/bepet.pet\/loja\/produto\/ograx-3-1500mg-30-capsulas\/#primaryimage"},"thumbnailUrl":"https:\/\/bepet.pet\/loja\/wp-content\/uploads\/2024\/01\/p4b98625a-e882-4a27-afd0-456eb2b80bce.png","datePublished":"2024-01-11T21:26:58+00:00","dateModified":"2026-04-09T12:02:33+00:00","breadcrumb":{"@id":"https:\/\/bepet.pet\/loja\/produto\/ograx-3-1500mg-30-capsulas\/#breadcrumb"},"inLanguage":"pt-BR","potentialAction":[{"@type":"ReadAction","target":["https:\/\/bepet.pet\/loja\/produto\/ograx-3-1500mg-30-capsulas\/"]}]},{"@type":"ImageObject","inLanguage":"pt-BR","@id":"https:\/\/bepet.pet\/loja\/produto\/ograx-3-1500mg-30-capsulas\/#primaryimage","url":"https:\/\/bepet.pet\/loja\/wp-content\/uploads\/2024\/01\/p4b98625a-e882-4a27-afd0-456eb2b80bce.png","contentUrl":"https:\/\/bepet.pet\/loja\/wp-content\/uploads\/2024\/01\/p4b98625a-e882-4a27-afd0-456eb2b80bce.png","width":800,"height":600},{"@type":"BreadcrumbList","@id":"https:\/\/bepet.pet\/loja\/produto\/ograx-3-1500mg-30-capsulas\/#breadcrumb","itemListElement":[{"@type":"ListItem","position":1,"name":"Home","item":"https:\/\/bepet.pet\/loja\/"},{"@type":"ListItem","position":2,"name":"Shop","item":"https:\/\/bepet.pet\/loja\/shop-2\/"},{"@type":"ListItem","position":3,"name":"Ograx 3 1500mg 30 c\u00e1psulas"}]},{"@type":"WebSite","@id":"https:\/\/bepet.pet\/loja\/#website","url":"https:\/\/bepet.pet\/loja\/","name":"BePet","description":"Nossa vida \u00e9 cuidar do seu pet","publisher":{"@id":"https:\/\/bepet.pet\/loja\/#organization"},"potentialAction":[{"@type":"SearchAction","target":{"@type":"EntryPoint","urlTemplate":"https:\/\/bepet.pet\/loja\/?s={search_term_string}"},"query-input":{"@type":"PropertyValueSpecification","valueRequired":true,"valueName":"search_term_string"}}],"inLanguage":"pt-BR"},{"@type":"Organization","@id":"https:\/\/bepet.pet\/loja\/#organization","name":"BePet","url":"https:\/\/bepet.pet\/loja\/","logo":{"@type":"ImageObject","inLanguage":"pt-BR","@id":"https:\/\/bepet.pet\/loja\/#\/schema\/logo\/image\/","url":"https:\/\/bepet.pet\/loja\/wp-content\/uploads\/2020\/10\/logo.jpg","contentUrl":"https:\/\/bepet.pet\/loja\/wp-content\/uploads\/2020\/10\/logo.jpg","width":100,"height":99,"caption":"BePet"},"image":{"@id":"https:\/\/bepet.pet\/loja\/#\/schema\/logo\/image\/"}}]}},"jetpack_sharing_enabled":true,"_links":{"self":[{"href":"https:\/\/bepet.pet\/loja\/wp-json\/wp\/v2\/product\/9558","targetHints":{"allow":["GET"]}}],"collection":[{"href":"https:\/\/bepet.pet\/loja\/wp-json\/wp\/v2\/product"}],"about":[{"href":"https:\/\/bepet.pet\/loja\/wp-json\/wp\/v2\/types\/product"}],"replies":[{"embeddable":true,"href":"https:\/\/bepet.pet\/loja\/wp-json\/wp\/v2\/comments?post=9558"}],"wp:featuredmedia":[{"embeddable":true,"href":"https:\/\/bepet.pet\/loja\/wp-json\/wp\/v2\/media\/9601"}],"wp:attachment":[{"href":"https:\/\/bepet.pet\/loja\/wp-json\/wp\/v2\/media?parent=9558"}],"wp:term":[{"taxonomy":"product_brand","embeddable":true,"href":"https:\/\/bepet.pet\/loja\/wp-json\/wp\/v2\/product_brand?post=9558"},{"taxonomy":"product_cat","embeddable":true,"href":"https:\/\/bepet.pet\/loja\/wp-json\/wp\/v2\/product_cat?post=9558"},{"taxonomy":"product_tag","embeddable":true,"href":"https:\/\/bepet.pet\/loja\/wp-json\/wp\/v2\/product_tag?post=9558"}],"curies":[{"name":"wp","href":"https:\/\/api.w.org\/{rel}","templated":true}]}}