{"id":9523,"date":"2024-01-11T16:20:49","date_gmt":"2024-01-11T19:20:49","guid":{"rendered":"https:\/\/bepet.pet\/loja\/produto\/racao-golden-para-gatos-filhotes-sabor-frango-3kg\/"},"modified":"2025-12-10T16:50:49","modified_gmt":"2025-12-10T19:50:49","slug":"racao-golden-para-gatos-filhotes-sabor-frango-1kg","status":"publish","type":"product","link":"https:\/\/bepet.pet\/loja\/produto\/racao-golden-para-gatos-filhotes-sabor-frango-1kg\/","title":{"rendered":"Ra\u00e7\u00e3o Golden para Gatos Filhotes Sabor Frango 1kg"},"content":{"rendered":"<p>A ra\u00e7\u00e3o Golden para Gatos Filhotes Sabor Frango 1kg \u00e9 a escolha perfeita para garantir uma alimenta\u00e7\u00e3o saud\u00e1vel e equilibrada para o seu felino em crescimento. Com ingredientes de alta qualidade e um sabor irresist\u00edvel de frango, esta ra\u00e7\u00e3o \u00e9 formulada para atender \u00e0s necessidades nutricionais espec\u00edficas dos gatos filhotes, proporcionando um desenvolvimento saud\u00e1vel e cheio de energia.<\/p>\n<p>Al\u00e9m disso, a ra\u00e7\u00e3o Golden \u00e9 rica em prote\u00ednas, vitaminas e minerais essenciais para o bom funcionamento do organismo do seu gatinho, contribuindo para a sa\u00fade da pele, pelagem e sistema imunol\u00f3gico. Com a Golden, voc\u00ea pode ter a certeza de que est\u00e1 oferecendo ao seu pet o melhor em termos de nutri\u00e7\u00e3o e cuidado.<\/p>\n<p>N\u00e3o deixe de experimentar a ra\u00e7\u00e3o Golden para Gatos Filhotes Sabor Frango 1kg e proporcione ao seu felino todo o amor e cuidado que ele merece. Garanta j\u00e1 o seu pacote e proporcione uma vida longa e saud\u00e1vel ao seu gatinho.<\/p>\n","protected":false},"excerpt":{"rendered":"<p>A ra\u00e7\u00e3o Golden para Gatos Filhotes Sabor Frango 1kg \u00e9 a escolha perfeita para garantir uma alimenta\u00e7\u00e3o saud\u00e1vel e equilibrada para o seu felino em crescimento. Com ingredientes de alta qualidade e um sabor irresist\u00edvel de frango, esta ra\u00e7\u00e3o \u00e9 formulada para atender \u00e0s necessidades nutricionais espec\u00edficas dos gatos filhotes, proporcionando um desenvolvimento saud\u00e1vel e cheio de energia. Al\u00e9m disso, a ra\u00e7\u00e3o Golden \u00e9 rica em prote\u00ednas, vitaminas e minerais essenciais para o bom funcionamento do organismo do seu gatinho, contribuindo para a sa\u00fade da pele, pelagem e sistema imunol\u00f3gico. Com a Golden, voc\u00ea pode ter a certeza de que est\u00e1 oferecendo ao seu pet o melhor em termos de nutri\u00e7\u00e3o e cuidado. N\u00e3o deixe de experimentar a ra\u00e7\u00e3o Golden para Gatos Filhotes Sabor Frango 1kg e proporcione ao seu felino todo o amor e cuidado que ele merece. Garanta j\u00e1 o seu pacote e proporcione uma vida longa e saud\u00e1vel ao seu gatinho.<\/p>\n","protected":false},"featured_media":9522,"comment_status":"open","ping_status":"closed","template":"","meta":{"_kadence_starter_templates_imported_post":false},"product_brand":[],"product_cat":[121,133],"product_tag":[],"class_list":{"0":"post-9523","1":"product","2":"type-product","3":"status-publish","4":"has-post-thumbnail","6":"product_cat-racoes","7":"product_cat-secas-gatos","10":"first","11":"instock","12":"shipping-taxable","13":"purchasable","14":"product-type-simple"},"yoast_head":"<!-- This site is optimized with the Yoast SEO plugin v25.5 - https:\/\/yoast.com\/wordpress\/plugins\/seo\/ -->\n<title>Ra\u00e7\u00e3o Golden para Gatos Filhotes Sabor Frango 1kg - BePet<\/title>\n<meta name=\"robots\" content=\"index, follow, max-snippet:-1, max-image-preview:large, max-video-preview:-1\" \/>\n<link rel=\"canonical\" href=\"https:\/\/bepet.pet\/loja\/produto\/racao-golden-para-gatos-filhotes-sabor-frango-1kg\/\" \/>\n<meta property=\"og:locale\" content=\"pt_BR\" \/>\n<meta property=\"og:type\" content=\"article\" \/>\n<meta property=\"og:title\" content=\"Ra\u00e7\u00e3o Golden para Gatos Filhotes Sabor Frango 1kg - BePet\" \/>\n<meta property=\"og:description\" content=\"A ra\u00e7\u00e3o Golden para Gatos Filhotes Sabor Frango 1kg \u00e9 a escolha perfeita para garantir uma alimenta\u00e7\u00e3o saud\u00e1vel e equilibrada para o seu felino em crescimento. Com ingredientes de alta qualidade e um sabor irresist\u00edvel de frango, esta ra\u00e7\u00e3o \u00e9 formulada para atender \u00e0s necessidades nutricionais espec\u00edficas dos gatos filhotes, proporcionando um desenvolvimento saud\u00e1vel e cheio de energia. Al\u00e9m disso, a ra\u00e7\u00e3o Golden \u00e9 rica em prote\u00ednas, vitaminas e minerais essenciais para o bom funcionamento do organismo do seu gatinho, contribuindo para a sa\u00fade da pele, pelagem e sistema imunol\u00f3gico. Com a Golden, voc\u00ea pode ter a certeza de que est\u00e1 oferecendo ao seu pet o melhor em termos de nutri\u00e7\u00e3o e cuidado. N\u00e3o deixe de experimentar a ra\u00e7\u00e3o Golden para Gatos Filhotes Sabor Frango 1kg e proporcione ao seu felino todo o amor e cuidado que ele merece. Garanta j\u00e1 o seu pacote e proporcione uma vida longa e saud\u00e1vel ao seu gatinho.\" \/>\n<meta property=\"og:url\" content=\"https:\/\/bepet.pet\/loja\/produto\/racao-golden-para-gatos-filhotes-sabor-frango-1kg\/\" \/>\n<meta property=\"og:site_name\" content=\"BePet\" \/>\n<meta property=\"article:modified_time\" content=\"2025-12-10T19:50:49+00:00\" \/>\n<meta property=\"og:image\" content=\"https:\/\/bepet.pet\/loja\/wp-content\/uploads\/2024\/01\/p00089bac-415d-46b5-85c9-6eb0d4e9db94.png\" \/>\n\t<meta property=\"og:image:width\" content=\"800\" \/>\n\t<meta property=\"og:image:height\" content=\"800\" \/>\n\t<meta property=\"og:image:type\" content=\"image\/png\" \/>\n<meta name=\"twitter:card\" content=\"summary_large_image\" \/>\n<meta name=\"twitter:label1\" content=\"Est. tempo de leitura\" \/>\n\t<meta name=\"twitter:data1\" content=\"1 minuto\" \/>\n<script type=\"application\/ld+json\" class=\"yoast-schema-graph\">{\"@context\":\"https:\/\/schema.org\",\"@graph\":[{\"@type\":\"WebPage\",\"@id\":\"https:\/\/bepet.pet\/loja\/produto\/racao-golden-para-gatos-filhotes-sabor-frango-1kg\/\",\"url\":\"https:\/\/bepet.pet\/loja\/produto\/racao-golden-para-gatos-filhotes-sabor-frango-1kg\/\",\"name\":\"Ra\u00e7\u00e3o Golden para Gatos Filhotes Sabor Frango 1kg - BePet\",\"isPartOf\":{\"@id\":\"https:\/\/bepet.pet\/loja\/#website\"},\"primaryImageOfPage\":{\"@id\":\"https:\/\/bepet.pet\/loja\/produto\/racao-golden-para-gatos-filhotes-sabor-frango-1kg\/#primaryimage\"},\"image\":{\"@id\":\"https:\/\/bepet.pet\/loja\/produto\/racao-golden-para-gatos-filhotes-sabor-frango-1kg\/#primaryimage\"},\"thumbnailUrl\":\"https:\/\/bepet.pet\/loja\/wp-content\/uploads\/2024\/01\/p00089bac-415d-46b5-85c9-6eb0d4e9db94.png\",\"datePublished\":\"2024-01-11T19:20:49+00:00\",\"dateModified\":\"2025-12-10T19:50:49+00:00\",\"breadcrumb\":{\"@id\":\"https:\/\/bepet.pet\/loja\/produto\/racao-golden-para-gatos-filhotes-sabor-frango-1kg\/#breadcrumb\"},\"inLanguage\":\"pt-BR\",\"potentialAction\":[{\"@type\":\"ReadAction\",\"target\":[\"https:\/\/bepet.pet\/loja\/produto\/racao-golden-para-gatos-filhotes-sabor-frango-1kg\/\"]}]},{\"@type\":\"ImageObject\",\"inLanguage\":\"pt-BR\",\"@id\":\"https:\/\/bepet.pet\/loja\/produto\/racao-golden-para-gatos-filhotes-sabor-frango-1kg\/#primaryimage\",\"url\":\"https:\/\/bepet.pet\/loja\/wp-content\/uploads\/2024\/01\/p00089bac-415d-46b5-85c9-6eb0d4e9db94.png\",\"contentUrl\":\"https:\/\/bepet.pet\/loja\/wp-content\/uploads\/2024\/01\/p00089bac-415d-46b5-85c9-6eb0d4e9db94.png\",\"width\":800,\"height\":800},{\"@type\":\"BreadcrumbList\",\"@id\":\"https:\/\/bepet.pet\/loja\/produto\/racao-golden-para-gatos-filhotes-sabor-frango-1kg\/#breadcrumb\",\"itemListElement\":[{\"@type\":\"ListItem\",\"position\":1,\"name\":\"Home\",\"item\":\"https:\/\/bepet.pet\/loja\/\"},{\"@type\":\"ListItem\",\"position\":2,\"name\":\"Shop\",\"item\":\"https:\/\/bepet.pet\/loja\/shop-2\/\"},{\"@type\":\"ListItem\",\"position\":3,\"name\":\"Ra\u00e7\u00e3o Golden para Gatos Filhotes Sabor Frango 1kg\"}]},{\"@type\":\"WebSite\",\"@id\":\"https:\/\/bepet.pet\/loja\/#website\",\"url\":\"https:\/\/bepet.pet\/loja\/\",\"name\":\"BePet\",\"description\":\"Nossa vida \u00e9 cuidar do seu pet\",\"publisher\":{\"@id\":\"https:\/\/bepet.pet\/loja\/#organization\"},\"potentialAction\":[{\"@type\":\"SearchAction\",\"target\":{\"@type\":\"EntryPoint\",\"urlTemplate\":\"https:\/\/bepet.pet\/loja\/?s={search_term_string}\"},\"query-input\":{\"@type\":\"PropertyValueSpecification\",\"valueRequired\":true,\"valueName\":\"search_term_string\"}}],\"inLanguage\":\"pt-BR\"},{\"@type\":\"Organization\",\"@id\":\"https:\/\/bepet.pet\/loja\/#organization\",\"name\":\"BePet\",\"url\":\"https:\/\/bepet.pet\/loja\/\",\"logo\":{\"@type\":\"ImageObject\",\"inLanguage\":\"pt-BR\",\"@id\":\"https:\/\/bepet.pet\/loja\/#\/schema\/logo\/image\/\",\"url\":\"https:\/\/bepet.pet\/loja\/wp-content\/uploads\/2020\/10\/logo.jpg\",\"contentUrl\":\"https:\/\/bepet.pet\/loja\/wp-content\/uploads\/2020\/10\/logo.jpg\",\"width\":100,\"height\":99,\"caption\":\"BePet\"},\"image\":{\"@id\":\"https:\/\/bepet.pet\/loja\/#\/schema\/logo\/image\/\"}}]}<\/script>\n<!-- \/ Yoast SEO plugin. -->","yoast_head_json":{"title":"Ra\u00e7\u00e3o Golden para Gatos Filhotes Sabor Frango 1kg - BePet","robots":{"index":"index","follow":"follow","max-snippet":"max-snippet:-1","max-image-preview":"max-image-preview:large","max-video-preview":"max-video-preview:-1"},"canonical":"https:\/\/bepet.pet\/loja\/produto\/racao-golden-para-gatos-filhotes-sabor-frango-1kg\/","og_locale":"pt_BR","og_type":"article","og_title":"Ra\u00e7\u00e3o Golden para Gatos Filhotes Sabor Frango 1kg - BePet","og_description":"A ra\u00e7\u00e3o Golden para Gatos Filhotes Sabor Frango 1kg \u00e9 a escolha perfeita para garantir uma alimenta\u00e7\u00e3o saud\u00e1vel e equilibrada para o seu felino em crescimento. Com ingredientes de alta qualidade e um sabor irresist\u00edvel de frango, esta ra\u00e7\u00e3o \u00e9 formulada para atender \u00e0s necessidades nutricionais espec\u00edficas dos gatos filhotes, proporcionando um desenvolvimento saud\u00e1vel e cheio de energia. Al\u00e9m disso, a ra\u00e7\u00e3o Golden \u00e9 rica em prote\u00ednas, vitaminas e minerais essenciais para o bom funcionamento do organismo do seu gatinho, contribuindo para a sa\u00fade da pele, pelagem e sistema imunol\u00f3gico. Com a Golden, voc\u00ea pode ter a certeza de que est\u00e1 oferecendo ao seu pet o melhor em termos de nutri\u00e7\u00e3o e cuidado. N\u00e3o deixe de experimentar a ra\u00e7\u00e3o Golden para Gatos Filhotes Sabor Frango 1kg e proporcione ao seu felino todo o amor e cuidado que ele merece. Garanta j\u00e1 o seu pacote e proporcione uma vida longa e saud\u00e1vel ao seu gatinho.","og_url":"https:\/\/bepet.pet\/loja\/produto\/racao-golden-para-gatos-filhotes-sabor-frango-1kg\/","og_site_name":"BePet","article_modified_time":"2025-12-10T19:50:49+00:00","og_image":[{"width":800,"height":800,"url":"https:\/\/bepet.pet\/loja\/wp-content\/uploads\/2024\/01\/p00089bac-415d-46b5-85c9-6eb0d4e9db94.png","type":"image\/png"}],"twitter_card":"summary_large_image","twitter_misc":{"Est. tempo de leitura":"1 minuto"},"schema":{"@context":"https:\/\/schema.org","@graph":[{"@type":"WebPage","@id":"https:\/\/bepet.pet\/loja\/produto\/racao-golden-para-gatos-filhotes-sabor-frango-1kg\/","url":"https:\/\/bepet.pet\/loja\/produto\/racao-golden-para-gatos-filhotes-sabor-frango-1kg\/","name":"Ra\u00e7\u00e3o Golden para Gatos Filhotes Sabor Frango 1kg - BePet","isPartOf":{"@id":"https:\/\/bepet.pet\/loja\/#website"},"primaryImageOfPage":{"@id":"https:\/\/bepet.pet\/loja\/produto\/racao-golden-para-gatos-filhotes-sabor-frango-1kg\/#primaryimage"},"image":{"@id":"https:\/\/bepet.pet\/loja\/produto\/racao-golden-para-gatos-filhotes-sabor-frango-1kg\/#primaryimage"},"thumbnailUrl":"https:\/\/bepet.pet\/loja\/wp-content\/uploads\/2024\/01\/p00089bac-415d-46b5-85c9-6eb0d4e9db94.png","datePublished":"2024-01-11T19:20:49+00:00","dateModified":"2025-12-10T19:50:49+00:00","breadcrumb":{"@id":"https:\/\/bepet.pet\/loja\/produto\/racao-golden-para-gatos-filhotes-sabor-frango-1kg\/#breadcrumb"},"inLanguage":"pt-BR","potentialAction":[{"@type":"ReadAction","target":["https:\/\/bepet.pet\/loja\/produto\/racao-golden-para-gatos-filhotes-sabor-frango-1kg\/"]}]},{"@type":"ImageObject","inLanguage":"pt-BR","@id":"https:\/\/bepet.pet\/loja\/produto\/racao-golden-para-gatos-filhotes-sabor-frango-1kg\/#primaryimage","url":"https:\/\/bepet.pet\/loja\/wp-content\/uploads\/2024\/01\/p00089bac-415d-46b5-85c9-6eb0d4e9db94.png","contentUrl":"https:\/\/bepet.pet\/loja\/wp-content\/uploads\/2024\/01\/p00089bac-415d-46b5-85c9-6eb0d4e9db94.png","width":800,"height":800},{"@type":"BreadcrumbList","@id":"https:\/\/bepet.pet\/loja\/produto\/racao-golden-para-gatos-filhotes-sabor-frango-1kg\/#breadcrumb","itemListElement":[{"@type":"ListItem","position":1,"name":"Home","item":"https:\/\/bepet.pet\/loja\/"},{"@type":"ListItem","position":2,"name":"Shop","item":"https:\/\/bepet.pet\/loja\/shop-2\/"},{"@type":"ListItem","position":3,"name":"Ra\u00e7\u00e3o Golden para Gatos Filhotes Sabor Frango 1kg"}]},{"@type":"WebSite","@id":"https:\/\/bepet.pet\/loja\/#website","url":"https:\/\/bepet.pet\/loja\/","name":"BePet","description":"Nossa vida \u00e9 cuidar do seu pet","publisher":{"@id":"https:\/\/bepet.pet\/loja\/#organization"},"potentialAction":[{"@type":"SearchAction","target":{"@type":"EntryPoint","urlTemplate":"https:\/\/bepet.pet\/loja\/?s={search_term_string}"},"query-input":{"@type":"PropertyValueSpecification","valueRequired":true,"valueName":"search_term_string"}}],"inLanguage":"pt-BR"},{"@type":"Organization","@id":"https:\/\/bepet.pet\/loja\/#organization","name":"BePet","url":"https:\/\/bepet.pet\/loja\/","logo":{"@type":"ImageObject","inLanguage":"pt-BR","@id":"https:\/\/bepet.pet\/loja\/#\/schema\/logo\/image\/","url":"https:\/\/bepet.pet\/loja\/wp-content\/uploads\/2020\/10\/logo.jpg","contentUrl":"https:\/\/bepet.pet\/loja\/wp-content\/uploads\/2020\/10\/logo.jpg","width":100,"height":99,"caption":"BePet"},"image":{"@id":"https:\/\/bepet.pet\/loja\/#\/schema\/logo\/image\/"}}]}},"jetpack_sharing_enabled":true,"_links":{"self":[{"href":"https:\/\/bepet.pet\/loja\/wp-json\/wp\/v2\/product\/9523","targetHints":{"allow":["GET"]}}],"collection":[{"href":"https:\/\/bepet.pet\/loja\/wp-json\/wp\/v2\/product"}],"about":[{"href":"https:\/\/bepet.pet\/loja\/wp-json\/wp\/v2\/types\/product"}],"replies":[{"embeddable":true,"href":"https:\/\/bepet.pet\/loja\/wp-json\/wp\/v2\/comments?post=9523"}],"wp:featuredmedia":[{"embeddable":true,"href":"https:\/\/bepet.pet\/loja\/wp-json\/wp\/v2\/media\/9522"}],"wp:attachment":[{"href":"https:\/\/bepet.pet\/loja\/wp-json\/wp\/v2\/media?parent=9523"}],"wp:term":[{"taxonomy":"product_brand","embeddable":true,"href":"https:\/\/bepet.pet\/loja\/wp-json\/wp\/v2\/product_brand?post=9523"},{"taxonomy":"product_cat","embeddable":true,"href":"https:\/\/bepet.pet\/loja\/wp-json\/wp\/v2\/product_cat?post=9523"},{"taxonomy":"product_tag","embeddable":true,"href":"https:\/\/bepet.pet\/loja\/wp-json\/wp\/v2\/product_tag?post=9523"}],"curies":[{"name":"wp","href":"https:\/\/api.w.org\/{rel}","templated":true}]}}