{"id":9408,"date":"2024-01-11T09:59:29","date_gmt":"2024-01-11T12:59:29","guid":{"rendered":"https:\/\/bepet.pet\/loja\/produto\/racao-royal-canin-kitten-para-gatos-filhotes-com-ate-12-meses-de-idade-15kg\/"},"modified":"2025-12-10T16:46:34","modified_gmt":"2025-12-10T19:46:34","slug":"racao-royal-canin-kitten-para-gatos-filhotes-com-ate-12-meses-de-idade-15kg","status":"publish","type":"product","link":"https:\/\/bepet.pet\/loja\/produto\/racao-royal-canin-kitten-para-gatos-filhotes-com-ate-12-meses-de-idade-15kg\/","title":{"rendered":"Ra\u00e7\u00e3o Royal Canin Kitten para Gatos Filhotes com at\u00e9 12 meses de Idade 1,5kg"},"content":{"rendered":"<p>A Royal Canin apresenta a ra\u00e7\u00e3o perfeita para os gatinhos em fase de crescimento: a Ra\u00e7\u00e3o Royal Canin Kitten para Gatos Filhotes com at\u00e9 12 meses de Idade 1,5kg. <\/p>\n<p>Desenvolvida por especialistas em nutri\u00e7\u00e3o felina, essa ra\u00e7\u00e3o \u00e9 especialmente formulada para atender \u00e0s necessidades dos filhotes durante essa importante fase de suas vidas. Com ingredientes de alta qualidade e balanceados, ela proporciona todos os nutrientes essenciais para um crescimento saud\u00e1vel e um desenvolvimento adequado.<\/p>\n<p>A ra\u00e7\u00e3o Royal Canin Kitten \u00e9 enriquecida com prote\u00ednas de alta digestibilidade, vitaminas, minerais e antioxidantes, que contribuem para fortalecer o sistema imunol\u00f3gico dos gatinhos, garantindo uma maior resist\u00eancia a doen\u00e7as. Al\u00e9m disso, ela cont\u00e9m um equil\u00edbrio ideal de c\u00e1lcio e f\u00f3sforo, essenciais para o desenvolvimento saud\u00e1vel dos ossos e dentes.<\/p>\n<p>Com um sabor irresist\u00edvel, essa ra\u00e7\u00e3o \u00e9 altamente palat\u00e1vel, o que facilita a aceita\u00e7\u00e3o pelos gatinhos mais exigentes. Al\u00e9m disso, sua textura crocante auxilia no controle do t\u00e1rtaro, promovendo uma sa\u00fade bucal adequada desde cedo.<\/p>\n<p>A embalagem de 1,5kg \u00e9 pr\u00e1tica e econ\u00f4mica, garantindo o fornecimento cont\u00ednuo da ra\u00e7\u00e3o para os filhotes. Al\u00e9m disso, ela possui um sistema de fechamento seguro, que mant\u00e9m a qualidade do produto por mais tempo.<\/p>\n<p>N\u00e3o perca a oportunidade de oferecer o melhor para o seu gatinho em crescimento. Adquira agora mesmo a Ra\u00e7\u00e3o Royal Canin Kitten para Gatos Filhotes com at\u00e9 12 meses de Idade 1,5kg e proporcione a ele uma alimenta\u00e7\u00e3o completa e balanceada, que ir\u00e1 contribuir para um futuro saud\u00e1vel e feliz.<\/p>\n","protected":false},"excerpt":{"rendered":"<p>A Royal Canin apresenta a ra\u00e7\u00e3o perfeita para os gatinhos em fase de crescimento: a Ra\u00e7\u00e3o Royal Canin Kitten para Gatos Filhotes com at\u00e9 12 meses de Idade 1,5kg. Desenvolvida por especialistas em nutri\u00e7\u00e3o felina, essa ra\u00e7\u00e3o \u00e9 especialmente formulada para atender \u00e0s necessidades dos filhotes durante essa importante fase de suas vidas. Com ingredientes de alta qualidade e balanceados, ela proporciona todos os nutrientes essenciais para um crescimento saud\u00e1vel e um desenvolvimento adequado. A ra\u00e7\u00e3o Royal Canin Kitten \u00e9 enriquecida com prote\u00ednas de alta digestibilidade, vitaminas, minerais e antioxidantes, que contribuem para fortalecer o sistema imunol\u00f3gico dos gatinhos, garantindo uma maior resist\u00eancia a doen\u00e7as. Al\u00e9m disso, ela cont\u00e9m um equil\u00edbrio ideal de c\u00e1lcio e f\u00f3sforo, essenciais para o desenvolvimento saud\u00e1vel dos ossos e dentes. Com um sabor irresist\u00edvel, essa ra\u00e7\u00e3o \u00e9 altamente palat\u00e1vel, o que facilita a aceita\u00e7\u00e3o pelos gatinhos mais exigentes. Al\u00e9m disso, sua textura crocante auxilia no controle do t\u00e1rtaro, promovendo uma sa\u00fade bucal adequada desde cedo. A embalagem de 1,5kg \u00e9 pr\u00e1tica e econ\u00f4mica, garantindo o fornecimento cont\u00ednuo da ra\u00e7\u00e3o para os filhotes. Al\u00e9m disso, ela possui um sistema de fechamento seguro, que mant\u00e9m a qualidade do produto por mais tempo. N\u00e3o perca a oportunidade de&hellip; <a class=\"read-more-link\" href=\"https:\/\/bepet.pet\/loja\/produto\/racao-royal-canin-kitten-para-gatos-filhotes-com-ate-12-meses-de-idade-15kg\/\">Read More<\/a><\/p>\n","protected":false},"featured_media":9406,"comment_status":"open","ping_status":"closed","template":"","meta":{"_kadence_starter_templates_imported_post":false},"product_brand":[],"product_cat":[121,133],"product_tag":[],"class_list":{"0":"post-9408","1":"product","2":"type-product","3":"status-publish","4":"has-post-thumbnail","6":"product_cat-racoes","7":"product_cat-secas-gatos","10":"first","11":"instock","12":"shipping-taxable","13":"purchasable","14":"product-type-simple"},"yoast_head":"<!-- This site is optimized with the Yoast SEO plugin v25.5 - https:\/\/yoast.com\/wordpress\/plugins\/seo\/ -->\n<title>Ra\u00e7\u00e3o Royal Canin Kitten para Gatos Filhotes com at\u00e9 12 meses de Idade 1,5kg - BePet<\/title>\n<meta name=\"robots\" content=\"index, follow, max-snippet:-1, max-image-preview:large, max-video-preview:-1\" \/>\n<link rel=\"canonical\" href=\"https:\/\/bepet.pet\/loja\/produto\/racao-royal-canin-kitten-para-gatos-filhotes-com-ate-12-meses-de-idade-15kg\/\" \/>\n<meta property=\"og:locale\" content=\"pt_BR\" \/>\n<meta property=\"og:type\" content=\"article\" \/>\n<meta property=\"og:title\" content=\"Ra\u00e7\u00e3o Royal Canin Kitten para Gatos Filhotes com at\u00e9 12 meses de Idade 1,5kg - BePet\" \/>\n<meta property=\"og:description\" content=\"A Royal Canin apresenta a ra\u00e7\u00e3o perfeita para os gatinhos em fase de crescimento: a Ra\u00e7\u00e3o Royal Canin Kitten para Gatos Filhotes com at\u00e9 12 meses de Idade 1,5kg. Desenvolvida por especialistas em nutri\u00e7\u00e3o felina, essa ra\u00e7\u00e3o \u00e9 especialmente formulada para atender \u00e0s necessidades dos filhotes durante essa importante fase de suas vidas. Com ingredientes de alta qualidade e balanceados, ela proporciona todos os nutrientes essenciais para um crescimento saud\u00e1vel e um desenvolvimento adequado. A ra\u00e7\u00e3o Royal Canin Kitten \u00e9 enriquecida com prote\u00ednas de alta digestibilidade, vitaminas, minerais e antioxidantes, que contribuem para fortalecer o sistema imunol\u00f3gico dos gatinhos, garantindo uma maior resist\u00eancia a doen\u00e7as. Al\u00e9m disso, ela cont\u00e9m um equil\u00edbrio ideal de c\u00e1lcio e f\u00f3sforo, essenciais para o desenvolvimento saud\u00e1vel dos ossos e dentes. Com um sabor irresist\u00edvel, essa ra\u00e7\u00e3o \u00e9 altamente palat\u00e1vel, o que facilita a aceita\u00e7\u00e3o pelos gatinhos mais exigentes. Al\u00e9m disso, sua textura crocante auxilia no controle do t\u00e1rtaro, promovendo uma sa\u00fade bucal adequada desde cedo. A embalagem de 1,5kg \u00e9 pr\u00e1tica e econ\u00f4mica, garantindo o fornecimento cont\u00ednuo da ra\u00e7\u00e3o para os filhotes. Al\u00e9m disso, ela possui um sistema de fechamento seguro, que mant\u00e9m a qualidade do produto por mais tempo. N\u00e3o perca a oportunidade de&hellip; Read More\" \/>\n<meta property=\"og:url\" content=\"https:\/\/bepet.pet\/loja\/produto\/racao-royal-canin-kitten-para-gatos-filhotes-com-ate-12-meses-de-idade-15kg\/\" \/>\n<meta property=\"og:site_name\" content=\"BePet\" \/>\n<meta property=\"article:modified_time\" content=\"2025-12-10T19:46:34+00:00\" \/>\n<meta property=\"og:image\" content=\"https:\/\/bepet.pet\/loja\/wp-content\/uploads\/2024\/01\/pbdb9b7d2-f4a2-4bf2-b50e-e07092a8fd44.png\" \/>\n\t<meta property=\"og:image:width\" content=\"250\" \/>\n\t<meta property=\"og:image:height\" content=\"354\" \/>\n\t<meta property=\"og:image:type\" content=\"image\/png\" \/>\n<meta name=\"twitter:card\" content=\"summary_large_image\" \/>\n<meta name=\"twitter:label1\" content=\"Est. tempo de leitura\" \/>\n\t<meta name=\"twitter:data1\" content=\"1 minuto\" \/>\n<script type=\"application\/ld+json\" class=\"yoast-schema-graph\">{\"@context\":\"https:\/\/schema.org\",\"@graph\":[{\"@type\":\"WebPage\",\"@id\":\"https:\/\/bepet.pet\/loja\/produto\/racao-royal-canin-kitten-para-gatos-filhotes-com-ate-12-meses-de-idade-15kg\/\",\"url\":\"https:\/\/bepet.pet\/loja\/produto\/racao-royal-canin-kitten-para-gatos-filhotes-com-ate-12-meses-de-idade-15kg\/\",\"name\":\"Ra\u00e7\u00e3o Royal Canin Kitten para Gatos Filhotes com at\u00e9 12 meses de Idade 1,5kg - BePet\",\"isPartOf\":{\"@id\":\"https:\/\/bepet.pet\/loja\/#website\"},\"primaryImageOfPage\":{\"@id\":\"https:\/\/bepet.pet\/loja\/produto\/racao-royal-canin-kitten-para-gatos-filhotes-com-ate-12-meses-de-idade-15kg\/#primaryimage\"},\"image\":{\"@id\":\"https:\/\/bepet.pet\/loja\/produto\/racao-royal-canin-kitten-para-gatos-filhotes-com-ate-12-meses-de-idade-15kg\/#primaryimage\"},\"thumbnailUrl\":\"https:\/\/bepet.pet\/loja\/wp-content\/uploads\/2024\/01\/pbdb9b7d2-f4a2-4bf2-b50e-e07092a8fd44.png\",\"datePublished\":\"2024-01-11T12:59:29+00:00\",\"dateModified\":\"2025-12-10T19:46:34+00:00\",\"breadcrumb\":{\"@id\":\"https:\/\/bepet.pet\/loja\/produto\/racao-royal-canin-kitten-para-gatos-filhotes-com-ate-12-meses-de-idade-15kg\/#breadcrumb\"},\"inLanguage\":\"pt-BR\",\"potentialAction\":[{\"@type\":\"ReadAction\",\"target\":[\"https:\/\/bepet.pet\/loja\/produto\/racao-royal-canin-kitten-para-gatos-filhotes-com-ate-12-meses-de-idade-15kg\/\"]}]},{\"@type\":\"ImageObject\",\"inLanguage\":\"pt-BR\",\"@id\":\"https:\/\/bepet.pet\/loja\/produto\/racao-royal-canin-kitten-para-gatos-filhotes-com-ate-12-meses-de-idade-15kg\/#primaryimage\",\"url\":\"https:\/\/bepet.pet\/loja\/wp-content\/uploads\/2024\/01\/pbdb9b7d2-f4a2-4bf2-b50e-e07092a8fd44.png\",\"contentUrl\":\"https:\/\/bepet.pet\/loja\/wp-content\/uploads\/2024\/01\/pbdb9b7d2-f4a2-4bf2-b50e-e07092a8fd44.png\",\"width\":250,\"height\":354},{\"@type\":\"BreadcrumbList\",\"@id\":\"https:\/\/bepet.pet\/loja\/produto\/racao-royal-canin-kitten-para-gatos-filhotes-com-ate-12-meses-de-idade-15kg\/#breadcrumb\",\"itemListElement\":[{\"@type\":\"ListItem\",\"position\":1,\"name\":\"Home\",\"item\":\"https:\/\/bepet.pet\/loja\/\"},{\"@type\":\"ListItem\",\"position\":2,\"name\":\"Shop\",\"item\":\"https:\/\/bepet.pet\/loja\/shop-2\/\"},{\"@type\":\"ListItem\",\"position\":3,\"name\":\"Ra\u00e7\u00e3o Royal Canin Kitten para Gatos Filhotes com at\u00e9 12 meses de Idade 1,5kg\"}]},{\"@type\":\"WebSite\",\"@id\":\"https:\/\/bepet.pet\/loja\/#website\",\"url\":\"https:\/\/bepet.pet\/loja\/\",\"name\":\"BePet\",\"description\":\"Nossa vida \u00e9 cuidar do seu pet\",\"publisher\":{\"@id\":\"https:\/\/bepet.pet\/loja\/#organization\"},\"potentialAction\":[{\"@type\":\"SearchAction\",\"target\":{\"@type\":\"EntryPoint\",\"urlTemplate\":\"https:\/\/bepet.pet\/loja\/?s={search_term_string}\"},\"query-input\":{\"@type\":\"PropertyValueSpecification\",\"valueRequired\":true,\"valueName\":\"search_term_string\"}}],\"inLanguage\":\"pt-BR\"},{\"@type\":\"Organization\",\"@id\":\"https:\/\/bepet.pet\/loja\/#organization\",\"name\":\"BePet\",\"url\":\"https:\/\/bepet.pet\/loja\/\",\"logo\":{\"@type\":\"ImageObject\",\"inLanguage\":\"pt-BR\",\"@id\":\"https:\/\/bepet.pet\/loja\/#\/schema\/logo\/image\/\",\"url\":\"https:\/\/bepet.pet\/loja\/wp-content\/uploads\/2020\/10\/logo.jpg\",\"contentUrl\":\"https:\/\/bepet.pet\/loja\/wp-content\/uploads\/2020\/10\/logo.jpg\",\"width\":100,\"height\":99,\"caption\":\"BePet\"},\"image\":{\"@id\":\"https:\/\/bepet.pet\/loja\/#\/schema\/logo\/image\/\"}}]}<\/script>\n<!-- \/ Yoast SEO plugin. -->","yoast_head_json":{"title":"Ra\u00e7\u00e3o Royal Canin Kitten para Gatos Filhotes com at\u00e9 12 meses de Idade 1,5kg - BePet","robots":{"index":"index","follow":"follow","max-snippet":"max-snippet:-1","max-image-preview":"max-image-preview:large","max-video-preview":"max-video-preview:-1"},"canonical":"https:\/\/bepet.pet\/loja\/produto\/racao-royal-canin-kitten-para-gatos-filhotes-com-ate-12-meses-de-idade-15kg\/","og_locale":"pt_BR","og_type":"article","og_title":"Ra\u00e7\u00e3o Royal Canin Kitten para Gatos Filhotes com at\u00e9 12 meses de Idade 1,5kg - BePet","og_description":"A Royal Canin apresenta a ra\u00e7\u00e3o perfeita para os gatinhos em fase de crescimento: a Ra\u00e7\u00e3o Royal Canin Kitten para Gatos Filhotes com at\u00e9 12 meses de Idade 1,5kg. Desenvolvida por especialistas em nutri\u00e7\u00e3o felina, essa ra\u00e7\u00e3o \u00e9 especialmente formulada para atender \u00e0s necessidades dos filhotes durante essa importante fase de suas vidas. Com ingredientes de alta qualidade e balanceados, ela proporciona todos os nutrientes essenciais para um crescimento saud\u00e1vel e um desenvolvimento adequado. A ra\u00e7\u00e3o Royal Canin Kitten \u00e9 enriquecida com prote\u00ednas de alta digestibilidade, vitaminas, minerais e antioxidantes, que contribuem para fortalecer o sistema imunol\u00f3gico dos gatinhos, garantindo uma maior resist\u00eancia a doen\u00e7as. Al\u00e9m disso, ela cont\u00e9m um equil\u00edbrio ideal de c\u00e1lcio e f\u00f3sforo, essenciais para o desenvolvimento saud\u00e1vel dos ossos e dentes. Com um sabor irresist\u00edvel, essa ra\u00e7\u00e3o \u00e9 altamente palat\u00e1vel, o que facilita a aceita\u00e7\u00e3o pelos gatinhos mais exigentes. Al\u00e9m disso, sua textura crocante auxilia no controle do t\u00e1rtaro, promovendo uma sa\u00fade bucal adequada desde cedo. A embalagem de 1,5kg \u00e9 pr\u00e1tica e econ\u00f4mica, garantindo o fornecimento cont\u00ednuo da ra\u00e7\u00e3o para os filhotes. Al\u00e9m disso, ela possui um sistema de fechamento seguro, que mant\u00e9m a qualidade do produto por mais tempo. N\u00e3o perca a oportunidade de&hellip; Read More","og_url":"https:\/\/bepet.pet\/loja\/produto\/racao-royal-canin-kitten-para-gatos-filhotes-com-ate-12-meses-de-idade-15kg\/","og_site_name":"BePet","article_modified_time":"2025-12-10T19:46:34+00:00","og_image":[{"width":250,"height":354,"url":"https:\/\/bepet.pet\/loja\/wp-content\/uploads\/2024\/01\/pbdb9b7d2-f4a2-4bf2-b50e-e07092a8fd44.png","type":"image\/png"}],"twitter_card":"summary_large_image","twitter_misc":{"Est. tempo de leitura":"1 minuto"},"schema":{"@context":"https:\/\/schema.org","@graph":[{"@type":"WebPage","@id":"https:\/\/bepet.pet\/loja\/produto\/racao-royal-canin-kitten-para-gatos-filhotes-com-ate-12-meses-de-idade-15kg\/","url":"https:\/\/bepet.pet\/loja\/produto\/racao-royal-canin-kitten-para-gatos-filhotes-com-ate-12-meses-de-idade-15kg\/","name":"Ra\u00e7\u00e3o Royal Canin Kitten para Gatos Filhotes com at\u00e9 12 meses de Idade 1,5kg - BePet","isPartOf":{"@id":"https:\/\/bepet.pet\/loja\/#website"},"primaryImageOfPage":{"@id":"https:\/\/bepet.pet\/loja\/produto\/racao-royal-canin-kitten-para-gatos-filhotes-com-ate-12-meses-de-idade-15kg\/#primaryimage"},"image":{"@id":"https:\/\/bepet.pet\/loja\/produto\/racao-royal-canin-kitten-para-gatos-filhotes-com-ate-12-meses-de-idade-15kg\/#primaryimage"},"thumbnailUrl":"https:\/\/bepet.pet\/loja\/wp-content\/uploads\/2024\/01\/pbdb9b7d2-f4a2-4bf2-b50e-e07092a8fd44.png","datePublished":"2024-01-11T12:59:29+00:00","dateModified":"2025-12-10T19:46:34+00:00","breadcrumb":{"@id":"https:\/\/bepet.pet\/loja\/produto\/racao-royal-canin-kitten-para-gatos-filhotes-com-ate-12-meses-de-idade-15kg\/#breadcrumb"},"inLanguage":"pt-BR","potentialAction":[{"@type":"ReadAction","target":["https:\/\/bepet.pet\/loja\/produto\/racao-royal-canin-kitten-para-gatos-filhotes-com-ate-12-meses-de-idade-15kg\/"]}]},{"@type":"ImageObject","inLanguage":"pt-BR","@id":"https:\/\/bepet.pet\/loja\/produto\/racao-royal-canin-kitten-para-gatos-filhotes-com-ate-12-meses-de-idade-15kg\/#primaryimage","url":"https:\/\/bepet.pet\/loja\/wp-content\/uploads\/2024\/01\/pbdb9b7d2-f4a2-4bf2-b50e-e07092a8fd44.png","contentUrl":"https:\/\/bepet.pet\/loja\/wp-content\/uploads\/2024\/01\/pbdb9b7d2-f4a2-4bf2-b50e-e07092a8fd44.png","width":250,"height":354},{"@type":"BreadcrumbList","@id":"https:\/\/bepet.pet\/loja\/produto\/racao-royal-canin-kitten-para-gatos-filhotes-com-ate-12-meses-de-idade-15kg\/#breadcrumb","itemListElement":[{"@type":"ListItem","position":1,"name":"Home","item":"https:\/\/bepet.pet\/loja\/"},{"@type":"ListItem","position":2,"name":"Shop","item":"https:\/\/bepet.pet\/loja\/shop-2\/"},{"@type":"ListItem","position":3,"name":"Ra\u00e7\u00e3o Royal Canin Kitten para Gatos Filhotes com at\u00e9 12 meses de Idade 1,5kg"}]},{"@type":"WebSite","@id":"https:\/\/bepet.pet\/loja\/#website","url":"https:\/\/bepet.pet\/loja\/","name":"BePet","description":"Nossa vida \u00e9 cuidar do seu pet","publisher":{"@id":"https:\/\/bepet.pet\/loja\/#organization"},"potentialAction":[{"@type":"SearchAction","target":{"@type":"EntryPoint","urlTemplate":"https:\/\/bepet.pet\/loja\/?s={search_term_string}"},"query-input":{"@type":"PropertyValueSpecification","valueRequired":true,"valueName":"search_term_string"}}],"inLanguage":"pt-BR"},{"@type":"Organization","@id":"https:\/\/bepet.pet\/loja\/#organization","name":"BePet","url":"https:\/\/bepet.pet\/loja\/","logo":{"@type":"ImageObject","inLanguage":"pt-BR","@id":"https:\/\/bepet.pet\/loja\/#\/schema\/logo\/image\/","url":"https:\/\/bepet.pet\/loja\/wp-content\/uploads\/2020\/10\/logo.jpg","contentUrl":"https:\/\/bepet.pet\/loja\/wp-content\/uploads\/2020\/10\/logo.jpg","width":100,"height":99,"caption":"BePet"},"image":{"@id":"https:\/\/bepet.pet\/loja\/#\/schema\/logo\/image\/"}}]}},"jetpack_sharing_enabled":true,"_links":{"self":[{"href":"https:\/\/bepet.pet\/loja\/wp-json\/wp\/v2\/product\/9408","targetHints":{"allow":["GET"]}}],"collection":[{"href":"https:\/\/bepet.pet\/loja\/wp-json\/wp\/v2\/product"}],"about":[{"href":"https:\/\/bepet.pet\/loja\/wp-json\/wp\/v2\/types\/product"}],"replies":[{"embeddable":true,"href":"https:\/\/bepet.pet\/loja\/wp-json\/wp\/v2\/comments?post=9408"}],"wp:featuredmedia":[{"embeddable":true,"href":"https:\/\/bepet.pet\/loja\/wp-json\/wp\/v2\/media\/9406"}],"wp:attachment":[{"href":"https:\/\/bepet.pet\/loja\/wp-json\/wp\/v2\/media?parent=9408"}],"wp:term":[{"taxonomy":"product_brand","embeddable":true,"href":"https:\/\/bepet.pet\/loja\/wp-json\/wp\/v2\/product_brand?post=9408"},{"taxonomy":"product_cat","embeddable":true,"href":"https:\/\/bepet.pet\/loja\/wp-json\/wp\/v2\/product_cat?post=9408"},{"taxonomy":"product_tag","embeddable":true,"href":"https:\/\/bepet.pet\/loja\/wp-json\/wp\/v2\/product_tag?post=9408"}],"curies":[{"name":"wp","href":"https:\/\/api.w.org\/{rel}","templated":true}]}}