{"id":9263,"date":"2024-01-03T17:37:12","date_gmt":"2024-01-03T20:37:12","guid":{"rendered":"https:\/\/bepet.pet\/loja\/produto\/areia-pipicat-classic-para-gatos-4-kg\/"},"modified":"2025-12-10T16:46:39","modified_gmt":"2025-12-10T19:46:39","slug":"areia-pipicat-classic-para-gatos-4-kg","status":"publish","type":"product","link":"https:\/\/bepet.pet\/loja\/produto\/areia-pipicat-classic-para-gatos-4-kg\/","title":{"rendered":"Areia Pipicat Classic para Gatos 4 kg"},"content":{"rendered":"<p>Conhe\u00e7a a Areia Pipicat Classic para Gatos de 4 kg, o produto perfeito para garantir a higiene e o conforto do seu felino de estima\u00e7\u00e3o. <\/p>\n<p>Desenvolvida com tecnologia avan\u00e7ada, a Areia Pipicat Classic proporciona uma absor\u00e7\u00e3o eficiente, garantindo que os odores desagrad\u00e1veis sejam neutralizados de forma r\u00e1pida e eficaz. Al\u00e9m disso, sua textura fina e macia oferece uma experi\u00eancia agrad\u00e1vel para o seu gato, tornando o momento da higiene ainda mais prazeroso.<\/p>\n<p>Com a Areia Pipicat Classic, voc\u00ea ter\u00e1 a certeza de que seu gato estar\u00e1 sempre utilizando um produto de qualidade, que contribui para a sa\u00fade e bem-estar do animal. Sua f\u00f3rmula exclusiva evita o ac\u00famulo de bact\u00e9rias e fungos, garantindo um ambiente seguro e livre de doen\u00e7as.<\/p>\n<p>Al\u00e9m disso, a embalagem de 4 kg \u00e9 pr\u00e1tica e econ\u00f4mica, oferecendo um \u00f3timo custo-benef\u00edcio para voc\u00ea e seu gato. Com quantidade suficiente para um longo per\u00edodo, voc\u00ea n\u00e3o precisar\u00e1 se preocupar em repor a areia com frequ\u00eancia.<\/p>\n<p>A Areia Pipicat Classic para Gatos de 4 kg est\u00e1 dispon\u00edvel para compra em nosso website e_Commerce. Aproveite essa oportunidade e adquira agora mesmo esse produto indispens\u00e1vel para a higiene do seu gato.<\/p>\n<p>Invista na qualidade de vida do seu felino com a Areia Pipicat Classic. Garanta a higiene, conforto e bem-estar que ele merece.<\/p>\n","protected":false},"excerpt":{"rendered":"<p>Conhe\u00e7a a Areia Pipicat Classic para Gatos de 4 kg, o produto perfeito para garantir a higiene e o conforto do seu felino de estima\u00e7\u00e3o. Desenvolvida com tecnologia avan\u00e7ada, a Areia Pipicat Classic proporciona uma absor\u00e7\u00e3o eficiente, garantindo que os odores desagrad\u00e1veis sejam neutralizados de forma r\u00e1pida e eficaz. Al\u00e9m disso, sua textura fina e macia oferece uma experi\u00eancia agrad\u00e1vel para o seu gato, tornando o momento da higiene ainda mais prazeroso. Com a Areia Pipicat Classic, voc\u00ea ter\u00e1 a certeza de que seu gato estar\u00e1 sempre utilizando um produto de qualidade, que contribui para a sa\u00fade e bem-estar do animal. Sua f\u00f3rmula exclusiva evita o ac\u00famulo de bact\u00e9rias e fungos, garantindo um ambiente seguro e livre de doen\u00e7as. Al\u00e9m disso, a embalagem de 4 kg \u00e9 pr\u00e1tica e econ\u00f4mica, oferecendo um \u00f3timo custo-benef\u00edcio para voc\u00ea e seu gato. Com quantidade suficiente para um longo per\u00edodo, voc\u00ea n\u00e3o precisar\u00e1 se preocupar em repor a areia com frequ\u00eancia. A Areia Pipicat Classic para Gatos de 4 kg est\u00e1 dispon\u00edvel para compra em nosso website e_Commerce. Aproveite essa oportunidade e adquira agora mesmo esse produto indispens\u00e1vel para a higiene do seu gato. Invista na qualidade de vida do seu felino com a&hellip; <a class=\"read-more-link\" href=\"https:\/\/bepet.pet\/loja\/produto\/areia-pipicat-classic-para-gatos-4-kg\/\">Read More<\/a><\/p>\n","protected":false},"featured_media":9262,"comment_status":"open","ping_status":"closed","template":"","meta":{"_kadence_starter_templates_imported_post":false},"product_brand":[],"product_cat":[136,122],"product_tag":[],"class_list":{"0":"post-9263","1":"product","2":"type-product","3":"status-publish","4":"has-post-thumbnail","6":"product_cat-areia-granulados","7":"product_cat-higiene-e-limpeza","10":"first","11":"instock","12":"shipping-taxable","13":"purchasable","14":"product-type-simple"},"yoast_head":"<!-- This site is optimized with the Yoast SEO plugin v25.5 - https:\/\/yoast.com\/wordpress\/plugins\/seo\/ -->\n<title>Areia Pipicat Classic para Gatos 4 kg - BePet<\/title>\n<meta name=\"robots\" content=\"index, follow, max-snippet:-1, max-image-preview:large, max-video-preview:-1\" \/>\n<link rel=\"canonical\" href=\"https:\/\/bepet.pet\/loja\/produto\/areia-pipicat-classic-para-gatos-4-kg\/\" \/>\n<meta property=\"og:locale\" content=\"pt_BR\" \/>\n<meta property=\"og:type\" content=\"article\" \/>\n<meta property=\"og:title\" content=\"Areia Pipicat Classic para Gatos 4 kg - BePet\" \/>\n<meta property=\"og:description\" content=\"Conhe\u00e7a a Areia Pipicat Classic para Gatos de 4 kg, o produto perfeito para garantir a higiene e o conforto do seu felino de estima\u00e7\u00e3o. Desenvolvida com tecnologia avan\u00e7ada, a Areia Pipicat Classic proporciona uma absor\u00e7\u00e3o eficiente, garantindo que os odores desagrad\u00e1veis sejam neutralizados de forma r\u00e1pida e eficaz. Al\u00e9m disso, sua textura fina e macia oferece uma experi\u00eancia agrad\u00e1vel para o seu gato, tornando o momento da higiene ainda mais prazeroso. Com a Areia Pipicat Classic, voc\u00ea ter\u00e1 a certeza de que seu gato estar\u00e1 sempre utilizando um produto de qualidade, que contribui para a sa\u00fade e bem-estar do animal. Sua f\u00f3rmula exclusiva evita o ac\u00famulo de bact\u00e9rias e fungos, garantindo um ambiente seguro e livre de doen\u00e7as. Al\u00e9m disso, a embalagem de 4 kg \u00e9 pr\u00e1tica e econ\u00f4mica, oferecendo um \u00f3timo custo-benef\u00edcio para voc\u00ea e seu gato. Com quantidade suficiente para um longo per\u00edodo, voc\u00ea n\u00e3o precisar\u00e1 se preocupar em repor a areia com frequ\u00eancia. A Areia Pipicat Classic para Gatos de 4 kg est\u00e1 dispon\u00edvel para compra em nosso website e_Commerce. Aproveite essa oportunidade e adquira agora mesmo esse produto indispens\u00e1vel para a higiene do seu gato. Invista na qualidade de vida do seu felino com a&hellip; Read More\" \/>\n<meta property=\"og:url\" content=\"https:\/\/bepet.pet\/loja\/produto\/areia-pipicat-classic-para-gatos-4-kg\/\" \/>\n<meta property=\"og:site_name\" content=\"BePet\" \/>\n<meta property=\"article:modified_time\" content=\"2025-12-10T19:46:39+00:00\" \/>\n<meta property=\"og:image\" content=\"https:\/\/bepet.pet\/loja\/wp-content\/uploads\/2024\/01\/Design-sem-nome-47.png\" \/>\n\t<meta property=\"og:image:width\" content=\"600\" \/>\n\t<meta property=\"og:image:height\" content=\"400\" \/>\n\t<meta property=\"og:image:type\" content=\"image\/png\" \/>\n<meta name=\"twitter:card\" content=\"summary_large_image\" \/>\n<meta name=\"twitter:label1\" content=\"Est. tempo de leitura\" \/>\n\t<meta name=\"twitter:data1\" content=\"2 minutos\" \/>\n<script type=\"application\/ld+json\" class=\"yoast-schema-graph\">{\"@context\":\"https:\/\/schema.org\",\"@graph\":[{\"@type\":\"WebPage\",\"@id\":\"https:\/\/bepet.pet\/loja\/produto\/areia-pipicat-classic-para-gatos-4-kg\/\",\"url\":\"https:\/\/bepet.pet\/loja\/produto\/areia-pipicat-classic-para-gatos-4-kg\/\",\"name\":\"Areia Pipicat Classic para Gatos 4 kg - BePet\",\"isPartOf\":{\"@id\":\"https:\/\/bepet.pet\/loja\/#website\"},\"primaryImageOfPage\":{\"@id\":\"https:\/\/bepet.pet\/loja\/produto\/areia-pipicat-classic-para-gatos-4-kg\/#primaryimage\"},\"image\":{\"@id\":\"https:\/\/bepet.pet\/loja\/produto\/areia-pipicat-classic-para-gatos-4-kg\/#primaryimage\"},\"thumbnailUrl\":\"https:\/\/bepet.pet\/loja\/wp-content\/uploads\/2024\/01\/p61a8801b-9b88-45cc-8cbb-98e95e5d05ae.png\",\"datePublished\":\"2024-01-03T20:37:12+00:00\",\"dateModified\":\"2025-12-10T19:46:39+00:00\",\"breadcrumb\":{\"@id\":\"https:\/\/bepet.pet\/loja\/produto\/areia-pipicat-classic-para-gatos-4-kg\/#breadcrumb\"},\"inLanguage\":\"pt-BR\",\"potentialAction\":[{\"@type\":\"ReadAction\",\"target\":[\"https:\/\/bepet.pet\/loja\/produto\/areia-pipicat-classic-para-gatos-4-kg\/\"]}]},{\"@type\":\"ImageObject\",\"inLanguage\":\"pt-BR\",\"@id\":\"https:\/\/bepet.pet\/loja\/produto\/areia-pipicat-classic-para-gatos-4-kg\/#primaryimage\",\"url\":\"https:\/\/bepet.pet\/loja\/wp-content\/uploads\/2024\/01\/p61a8801b-9b88-45cc-8cbb-98e95e5d05ae.png\",\"contentUrl\":\"https:\/\/bepet.pet\/loja\/wp-content\/uploads\/2024\/01\/p61a8801b-9b88-45cc-8cbb-98e95e5d05ae.png\",\"width\":400,\"height\":328},{\"@type\":\"BreadcrumbList\",\"@id\":\"https:\/\/bepet.pet\/loja\/produto\/areia-pipicat-classic-para-gatos-4-kg\/#breadcrumb\",\"itemListElement\":[{\"@type\":\"ListItem\",\"position\":1,\"name\":\"Home\",\"item\":\"https:\/\/bepet.pet\/loja\/\"},{\"@type\":\"ListItem\",\"position\":2,\"name\":\"Shop\",\"item\":\"https:\/\/bepet.pet\/loja\/shop-2\/\"},{\"@type\":\"ListItem\",\"position\":3,\"name\":\"Areia Pipicat Classic para Gatos 4 kg\"}]},{\"@type\":\"WebSite\",\"@id\":\"https:\/\/bepet.pet\/loja\/#website\",\"url\":\"https:\/\/bepet.pet\/loja\/\",\"name\":\"BePet\",\"description\":\"Nossa vida \u00e9 cuidar do seu pet\",\"publisher\":{\"@id\":\"https:\/\/bepet.pet\/loja\/#organization\"},\"potentialAction\":[{\"@type\":\"SearchAction\",\"target\":{\"@type\":\"EntryPoint\",\"urlTemplate\":\"https:\/\/bepet.pet\/loja\/?s={search_term_string}\"},\"query-input\":{\"@type\":\"PropertyValueSpecification\",\"valueRequired\":true,\"valueName\":\"search_term_string\"}}],\"inLanguage\":\"pt-BR\"},{\"@type\":\"Organization\",\"@id\":\"https:\/\/bepet.pet\/loja\/#organization\",\"name\":\"BePet\",\"url\":\"https:\/\/bepet.pet\/loja\/\",\"logo\":{\"@type\":\"ImageObject\",\"inLanguage\":\"pt-BR\",\"@id\":\"https:\/\/bepet.pet\/loja\/#\/schema\/logo\/image\/\",\"url\":\"https:\/\/bepet.pet\/loja\/wp-content\/uploads\/2020\/10\/logo.jpg\",\"contentUrl\":\"https:\/\/bepet.pet\/loja\/wp-content\/uploads\/2020\/10\/logo.jpg\",\"width\":100,\"height\":99,\"caption\":\"BePet\"},\"image\":{\"@id\":\"https:\/\/bepet.pet\/loja\/#\/schema\/logo\/image\/\"}}]}<\/script>\n<!-- \/ Yoast SEO plugin. -->","yoast_head_json":{"title":"Areia Pipicat Classic para Gatos 4 kg - BePet","robots":{"index":"index","follow":"follow","max-snippet":"max-snippet:-1","max-image-preview":"max-image-preview:large","max-video-preview":"max-video-preview:-1"},"canonical":"https:\/\/bepet.pet\/loja\/produto\/areia-pipicat-classic-para-gatos-4-kg\/","og_locale":"pt_BR","og_type":"article","og_title":"Areia Pipicat Classic para Gatos 4 kg - BePet","og_description":"Conhe\u00e7a a Areia Pipicat Classic para Gatos de 4 kg, o produto perfeito para garantir a higiene e o conforto do seu felino de estima\u00e7\u00e3o. Desenvolvida com tecnologia avan\u00e7ada, a Areia Pipicat Classic proporciona uma absor\u00e7\u00e3o eficiente, garantindo que os odores desagrad\u00e1veis sejam neutralizados de forma r\u00e1pida e eficaz. Al\u00e9m disso, sua textura fina e macia oferece uma experi\u00eancia agrad\u00e1vel para o seu gato, tornando o momento da higiene ainda mais prazeroso. Com a Areia Pipicat Classic, voc\u00ea ter\u00e1 a certeza de que seu gato estar\u00e1 sempre utilizando um produto de qualidade, que contribui para a sa\u00fade e bem-estar do animal. Sua f\u00f3rmula exclusiva evita o ac\u00famulo de bact\u00e9rias e fungos, garantindo um ambiente seguro e livre de doen\u00e7as. Al\u00e9m disso, a embalagem de 4 kg \u00e9 pr\u00e1tica e econ\u00f4mica, oferecendo um \u00f3timo custo-benef\u00edcio para voc\u00ea e seu gato. Com quantidade suficiente para um longo per\u00edodo, voc\u00ea n\u00e3o precisar\u00e1 se preocupar em repor a areia com frequ\u00eancia. A Areia Pipicat Classic para Gatos de 4 kg est\u00e1 dispon\u00edvel para compra em nosso website e_Commerce. Aproveite essa oportunidade e adquira agora mesmo esse produto indispens\u00e1vel para a higiene do seu gato. Invista na qualidade de vida do seu felino com a&hellip; Read More","og_url":"https:\/\/bepet.pet\/loja\/produto\/areia-pipicat-classic-para-gatos-4-kg\/","og_site_name":"BePet","article_modified_time":"2025-12-10T19:46:39+00:00","og_image":[{"width":600,"height":400,"url":"https:\/\/bepet.pet\/loja\/wp-content\/uploads\/2024\/01\/Design-sem-nome-47.png","type":"image\/png"}],"twitter_card":"summary_large_image","twitter_misc":{"Est. tempo de leitura":"2 minutos"},"schema":{"@context":"https:\/\/schema.org","@graph":[{"@type":"WebPage","@id":"https:\/\/bepet.pet\/loja\/produto\/areia-pipicat-classic-para-gatos-4-kg\/","url":"https:\/\/bepet.pet\/loja\/produto\/areia-pipicat-classic-para-gatos-4-kg\/","name":"Areia Pipicat Classic para Gatos 4 kg - BePet","isPartOf":{"@id":"https:\/\/bepet.pet\/loja\/#website"},"primaryImageOfPage":{"@id":"https:\/\/bepet.pet\/loja\/produto\/areia-pipicat-classic-para-gatos-4-kg\/#primaryimage"},"image":{"@id":"https:\/\/bepet.pet\/loja\/produto\/areia-pipicat-classic-para-gatos-4-kg\/#primaryimage"},"thumbnailUrl":"https:\/\/bepet.pet\/loja\/wp-content\/uploads\/2024\/01\/p61a8801b-9b88-45cc-8cbb-98e95e5d05ae.png","datePublished":"2024-01-03T20:37:12+00:00","dateModified":"2025-12-10T19:46:39+00:00","breadcrumb":{"@id":"https:\/\/bepet.pet\/loja\/produto\/areia-pipicat-classic-para-gatos-4-kg\/#breadcrumb"},"inLanguage":"pt-BR","potentialAction":[{"@type":"ReadAction","target":["https:\/\/bepet.pet\/loja\/produto\/areia-pipicat-classic-para-gatos-4-kg\/"]}]},{"@type":"ImageObject","inLanguage":"pt-BR","@id":"https:\/\/bepet.pet\/loja\/produto\/areia-pipicat-classic-para-gatos-4-kg\/#primaryimage","url":"https:\/\/bepet.pet\/loja\/wp-content\/uploads\/2024\/01\/p61a8801b-9b88-45cc-8cbb-98e95e5d05ae.png","contentUrl":"https:\/\/bepet.pet\/loja\/wp-content\/uploads\/2024\/01\/p61a8801b-9b88-45cc-8cbb-98e95e5d05ae.png","width":400,"height":328},{"@type":"BreadcrumbList","@id":"https:\/\/bepet.pet\/loja\/produto\/areia-pipicat-classic-para-gatos-4-kg\/#breadcrumb","itemListElement":[{"@type":"ListItem","position":1,"name":"Home","item":"https:\/\/bepet.pet\/loja\/"},{"@type":"ListItem","position":2,"name":"Shop","item":"https:\/\/bepet.pet\/loja\/shop-2\/"},{"@type":"ListItem","position":3,"name":"Areia Pipicat Classic para Gatos 4 kg"}]},{"@type":"WebSite","@id":"https:\/\/bepet.pet\/loja\/#website","url":"https:\/\/bepet.pet\/loja\/","name":"BePet","description":"Nossa vida \u00e9 cuidar do seu pet","publisher":{"@id":"https:\/\/bepet.pet\/loja\/#organization"},"potentialAction":[{"@type":"SearchAction","target":{"@type":"EntryPoint","urlTemplate":"https:\/\/bepet.pet\/loja\/?s={search_term_string}"},"query-input":{"@type":"PropertyValueSpecification","valueRequired":true,"valueName":"search_term_string"}}],"inLanguage":"pt-BR"},{"@type":"Organization","@id":"https:\/\/bepet.pet\/loja\/#organization","name":"BePet","url":"https:\/\/bepet.pet\/loja\/","logo":{"@type":"ImageObject","inLanguage":"pt-BR","@id":"https:\/\/bepet.pet\/loja\/#\/schema\/logo\/image\/","url":"https:\/\/bepet.pet\/loja\/wp-content\/uploads\/2020\/10\/logo.jpg","contentUrl":"https:\/\/bepet.pet\/loja\/wp-content\/uploads\/2020\/10\/logo.jpg","width":100,"height":99,"caption":"BePet"},"image":{"@id":"https:\/\/bepet.pet\/loja\/#\/schema\/logo\/image\/"}}]}},"jetpack_sharing_enabled":true,"_links":{"self":[{"href":"https:\/\/bepet.pet\/loja\/wp-json\/wp\/v2\/product\/9263","targetHints":{"allow":["GET"]}}],"collection":[{"href":"https:\/\/bepet.pet\/loja\/wp-json\/wp\/v2\/product"}],"about":[{"href":"https:\/\/bepet.pet\/loja\/wp-json\/wp\/v2\/types\/product"}],"replies":[{"embeddable":true,"href":"https:\/\/bepet.pet\/loja\/wp-json\/wp\/v2\/comments?post=9263"}],"wp:featuredmedia":[{"embeddable":true,"href":"https:\/\/bepet.pet\/loja\/wp-json\/wp\/v2\/media\/9262"}],"wp:attachment":[{"href":"https:\/\/bepet.pet\/loja\/wp-json\/wp\/v2\/media?parent=9263"}],"wp:term":[{"taxonomy":"product_brand","embeddable":true,"href":"https:\/\/bepet.pet\/loja\/wp-json\/wp\/v2\/product_brand?post=9263"},{"taxonomy":"product_cat","embeddable":true,"href":"https:\/\/bepet.pet\/loja\/wp-json\/wp\/v2\/product_cat?post=9263"},{"taxonomy":"product_tag","embeddable":true,"href":"https:\/\/bepet.pet\/loja\/wp-json\/wp\/v2\/product_tag?post=9263"}],"curies":[{"name":"wp","href":"https:\/\/api.w.org\/{rel}","templated":true}]}}