{"id":9261,"date":"2024-01-03T17:31:42","date_gmt":"2024-01-03T20:31:42","guid":{"rendered":"https:\/\/bepet.pet\/loja\/produto\/racao-royal-canin-gastrointestinal-low-fat-caes-adultos-15-kg\/"},"modified":"2025-12-10T16:50:15","modified_gmt":"2025-12-10T19:50:15","slug":"racao-royal-canin-gastrointestinal-low-fat-caes-adultos-15-kg","status":"publish","type":"product","link":"https:\/\/bepet.pet\/loja\/produto\/racao-royal-canin-gastrointestinal-low-fat-caes-adultos-15-kg\/","title":{"rendered":"Ra\u00e7\u00e3o Royal Canin Gastrointestinal Low Fat C\u00e3es Adultos 1,5 kg"},"content":{"rendered":"<p>Conhe\u00e7a a ra\u00e7\u00e3o Royal Canin Gastrointestinal Low Fat para c\u00e3es adultos, agora dispon\u00edvel em embalagem de 1,5 kg. Desenvolvida especialmente para c\u00e3es com sensibilidade digestiva, essa ra\u00e7\u00e3o oferece uma solu\u00e7\u00e3o nutricional completa e balanceada.<\/p>\n<p>Com um estilo neutro, nosso objetivo \u00e9 divulgar esse produto de forma clara e objetiva, destacando seus benef\u00edcios e caracter\u00edsticas. Afinal, sabemos o quanto a sa\u00fade do seu c\u00e3o \u00e9 importante para voc\u00ea.<\/p>\n<p>A ra\u00e7\u00e3o Royal Canin Gastrointestinal Low Fat \u00e9 indicada para c\u00e3es adultos que apresentam problemas digestivos, como diarreia, v\u00f4mitos e sensibilidade alimentar. Sua f\u00f3rmula exclusiva cont\u00e9m ingredientes de alta qualidade, que ajudam a promover uma digest\u00e3o saud\u00e1vel e a reduzir os sintomas de desconforto gastrointestinal.<\/p>\n<p>Al\u00e9m disso, essa ra\u00e7\u00e3o possui baixo teor de gordura, o que a torna ideal para c\u00e3es com tend\u00eancia a ganho de peso ou com problemas de pancreatite. Com um equil\u00edbrio perfeito de nutrientes, ela fornece todos os elementos essenciais para manter a sa\u00fade e o bem-estar do seu c\u00e3o.<\/p>\n<p>No nosso e-commerce, voc\u00ea encontrar\u00e1 a ra\u00e7\u00e3o Royal Canin Gastrointestinal Low Fat em embalagem de 1,5 kg, perfeita para experimentar ou para c\u00e3es de porte menor. Comprar \u00e9 f\u00e1cil e seguro, e voc\u00ea pode ter a certeza de que estar\u00e1 oferecendo o melhor para o seu companheiro de quatro patas.<\/p>\n<p>Aproveite essa oportunidade e proporcione uma alimenta\u00e7\u00e3o de qualidade para o seu c\u00e3o. Experimente a ra\u00e7\u00e3o Royal Canin Gastrointestinal Low Fat e veja a diferen\u00e7a na sa\u00fade e no bem-estar do seu fiel amigo. Fa\u00e7a seu pedido agora mesmo em nosso website e-commerce.<\/p>\n","protected":false},"excerpt":{"rendered":"<p>Conhe\u00e7a a ra\u00e7\u00e3o Royal Canin Gastrointestinal Low Fat para c\u00e3es adultos, agora dispon\u00edvel em embalagem de 1,5 kg. Desenvolvida especialmente para c\u00e3es com sensibilidade digestiva, essa ra\u00e7\u00e3o oferece uma solu\u00e7\u00e3o nutricional completa e balanceada. Com um estilo neutro, nosso objetivo \u00e9 divulgar esse produto de forma clara e objetiva, destacando seus benef\u00edcios e caracter\u00edsticas. Afinal, sabemos o quanto a sa\u00fade do seu c\u00e3o \u00e9 importante para voc\u00ea. A ra\u00e7\u00e3o Royal Canin Gastrointestinal Low Fat \u00e9 indicada para c\u00e3es adultos que apresentam problemas digestivos, como diarreia, v\u00f4mitos e sensibilidade alimentar. Sua f\u00f3rmula exclusiva cont\u00e9m ingredientes de alta qualidade, que ajudam a promover uma digest\u00e3o saud\u00e1vel e a reduzir os sintomas de desconforto gastrointestinal. Al\u00e9m disso, essa ra\u00e7\u00e3o possui baixo teor de gordura, o que a torna ideal para c\u00e3es com tend\u00eancia a ganho de peso ou com problemas de pancreatite. Com um equil\u00edbrio perfeito de nutrientes, ela fornece todos os elementos essenciais para manter a sa\u00fade e o bem-estar do seu c\u00e3o. No nosso e-commerce, voc\u00ea encontrar\u00e1 a ra\u00e7\u00e3o Royal Canin Gastrointestinal Low Fat em embalagem de 1,5 kg, perfeita para experimentar ou para c\u00e3es de porte menor. Comprar \u00e9 f\u00e1cil e seguro, e voc\u00ea pode ter a certeza de que&hellip; <a class=\"read-more-link\" href=\"https:\/\/bepet.pet\/loja\/produto\/racao-royal-canin-gastrointestinal-low-fat-caes-adultos-15-kg\/\">Read More<\/a><\/p>\n","protected":false},"featured_media":9353,"comment_status":"open","ping_status":"closed","template":"","meta":{"_kadence_starter_templates_imported_post":false},"product_brand":[],"product_cat":[121,132],"product_tag":[],"class_list":{"0":"post-9261","1":"product","2":"type-product","3":"status-publish","4":"has-post-thumbnail","6":"product_cat-racoes","7":"product_cat-terapeuticas-caes","10":"first","11":"instock","12":"shipping-taxable","13":"purchasable","14":"product-type-simple"},"yoast_head":"<!-- This site is optimized with the Yoast SEO plugin v25.5 - https:\/\/yoast.com\/wordpress\/plugins\/seo\/ -->\n<title>Ra\u00e7\u00e3o Royal Canin Gastrointestinal Low Fat C\u00e3es Adultos 1,5 kg - BePet<\/title>\n<meta name=\"robots\" content=\"index, follow, max-snippet:-1, max-image-preview:large, max-video-preview:-1\" \/>\n<link rel=\"canonical\" href=\"https:\/\/bepet.pet\/loja\/produto\/racao-royal-canin-gastrointestinal-low-fat-caes-adultos-15-kg\/\" \/>\n<meta property=\"og:locale\" content=\"pt_BR\" \/>\n<meta property=\"og:type\" content=\"article\" \/>\n<meta property=\"og:title\" content=\"Ra\u00e7\u00e3o Royal Canin Gastrointestinal Low Fat C\u00e3es Adultos 1,5 kg - BePet\" \/>\n<meta property=\"og:description\" content=\"Conhe\u00e7a a ra\u00e7\u00e3o Royal Canin Gastrointestinal Low Fat para c\u00e3es adultos, agora dispon\u00edvel em embalagem de 1,5 kg. Desenvolvida especialmente para c\u00e3es com sensibilidade digestiva, essa ra\u00e7\u00e3o oferece uma solu\u00e7\u00e3o nutricional completa e balanceada. Com um estilo neutro, nosso objetivo \u00e9 divulgar esse produto de forma clara e objetiva, destacando seus benef\u00edcios e caracter\u00edsticas. Afinal, sabemos o quanto a sa\u00fade do seu c\u00e3o \u00e9 importante para voc\u00ea. A ra\u00e7\u00e3o Royal Canin Gastrointestinal Low Fat \u00e9 indicada para c\u00e3es adultos que apresentam problemas digestivos, como diarreia, v\u00f4mitos e sensibilidade alimentar. Sua f\u00f3rmula exclusiva cont\u00e9m ingredientes de alta qualidade, que ajudam a promover uma digest\u00e3o saud\u00e1vel e a reduzir os sintomas de desconforto gastrointestinal. Al\u00e9m disso, essa ra\u00e7\u00e3o possui baixo teor de gordura, o que a torna ideal para c\u00e3es com tend\u00eancia a ganho de peso ou com problemas de pancreatite. Com um equil\u00edbrio perfeito de nutrientes, ela fornece todos os elementos essenciais para manter a sa\u00fade e o bem-estar do seu c\u00e3o. No nosso e-commerce, voc\u00ea encontrar\u00e1 a ra\u00e7\u00e3o Royal Canin Gastrointestinal Low Fat em embalagem de 1,5 kg, perfeita para experimentar ou para c\u00e3es de porte menor. Comprar \u00e9 f\u00e1cil e seguro, e voc\u00ea pode ter a certeza de que&hellip; Read More\" \/>\n<meta property=\"og:url\" content=\"https:\/\/bepet.pet\/loja\/produto\/racao-royal-canin-gastrointestinal-low-fat-caes-adultos-15-kg\/\" \/>\n<meta property=\"og:site_name\" content=\"BePet\" \/>\n<meta property=\"article:modified_time\" content=\"2025-12-10T19:50:15+00:00\" \/>\n<meta property=\"og:image\" content=\"https:\/\/bepet.pet\/loja\/wp-content\/uploads\/2024\/01\/p12106fb3-4e76-4a64-9741-23aabf56e567.png\" \/>\n\t<meta property=\"og:image:width\" content=\"800\" \/>\n\t<meta property=\"og:image:height\" content=\"800\" \/>\n\t<meta property=\"og:image:type\" content=\"image\/png\" \/>\n<meta name=\"twitter:card\" content=\"summary_large_image\" \/>\n<meta name=\"twitter:label1\" content=\"Est. tempo de leitura\" \/>\n\t<meta name=\"twitter:data1\" content=\"1 minuto\" \/>\n<script type=\"application\/ld+json\" class=\"yoast-schema-graph\">{\"@context\":\"https:\/\/schema.org\",\"@graph\":[{\"@type\":\"WebPage\",\"@id\":\"https:\/\/bepet.pet\/loja\/produto\/racao-royal-canin-gastrointestinal-low-fat-caes-adultos-15-kg\/\",\"url\":\"https:\/\/bepet.pet\/loja\/produto\/racao-royal-canin-gastrointestinal-low-fat-caes-adultos-15-kg\/\",\"name\":\"Ra\u00e7\u00e3o Royal Canin Gastrointestinal Low Fat C\u00e3es Adultos 1,5 kg - BePet\",\"isPartOf\":{\"@id\":\"https:\/\/bepet.pet\/loja\/#website\"},\"primaryImageOfPage\":{\"@id\":\"https:\/\/bepet.pet\/loja\/produto\/racao-royal-canin-gastrointestinal-low-fat-caes-adultos-15-kg\/#primaryimage\"},\"image\":{\"@id\":\"https:\/\/bepet.pet\/loja\/produto\/racao-royal-canin-gastrointestinal-low-fat-caes-adultos-15-kg\/#primaryimage\"},\"thumbnailUrl\":\"https:\/\/bepet.pet\/loja\/wp-content\/uploads\/2024\/01\/p12106fb3-4e76-4a64-9741-23aabf56e567.png\",\"datePublished\":\"2024-01-03T20:31:42+00:00\",\"dateModified\":\"2025-12-10T19:50:15+00:00\",\"breadcrumb\":{\"@id\":\"https:\/\/bepet.pet\/loja\/produto\/racao-royal-canin-gastrointestinal-low-fat-caes-adultos-15-kg\/#breadcrumb\"},\"inLanguage\":\"pt-BR\",\"potentialAction\":[{\"@type\":\"ReadAction\",\"target\":[\"https:\/\/bepet.pet\/loja\/produto\/racao-royal-canin-gastrointestinal-low-fat-caes-adultos-15-kg\/\"]}]},{\"@type\":\"ImageObject\",\"inLanguage\":\"pt-BR\",\"@id\":\"https:\/\/bepet.pet\/loja\/produto\/racao-royal-canin-gastrointestinal-low-fat-caes-adultos-15-kg\/#primaryimage\",\"url\":\"https:\/\/bepet.pet\/loja\/wp-content\/uploads\/2024\/01\/p12106fb3-4e76-4a64-9741-23aabf56e567.png\",\"contentUrl\":\"https:\/\/bepet.pet\/loja\/wp-content\/uploads\/2024\/01\/p12106fb3-4e76-4a64-9741-23aabf56e567.png\",\"width\":800,\"height\":800},{\"@type\":\"BreadcrumbList\",\"@id\":\"https:\/\/bepet.pet\/loja\/produto\/racao-royal-canin-gastrointestinal-low-fat-caes-adultos-15-kg\/#breadcrumb\",\"itemListElement\":[{\"@type\":\"ListItem\",\"position\":1,\"name\":\"Home\",\"item\":\"https:\/\/bepet.pet\/loja\/\"},{\"@type\":\"ListItem\",\"position\":2,\"name\":\"Shop\",\"item\":\"https:\/\/bepet.pet\/loja\/shop-2\/\"},{\"@type\":\"ListItem\",\"position\":3,\"name\":\"Ra\u00e7\u00e3o Royal Canin Gastrointestinal Low Fat C\u00e3es Adultos 1,5 kg\"}]},{\"@type\":\"WebSite\",\"@id\":\"https:\/\/bepet.pet\/loja\/#website\",\"url\":\"https:\/\/bepet.pet\/loja\/\",\"name\":\"BePet\",\"description\":\"Nossa vida \u00e9 cuidar do seu pet\",\"publisher\":{\"@id\":\"https:\/\/bepet.pet\/loja\/#organization\"},\"potentialAction\":[{\"@type\":\"SearchAction\",\"target\":{\"@type\":\"EntryPoint\",\"urlTemplate\":\"https:\/\/bepet.pet\/loja\/?s={search_term_string}\"},\"query-input\":{\"@type\":\"PropertyValueSpecification\",\"valueRequired\":true,\"valueName\":\"search_term_string\"}}],\"inLanguage\":\"pt-BR\"},{\"@type\":\"Organization\",\"@id\":\"https:\/\/bepet.pet\/loja\/#organization\",\"name\":\"BePet\",\"url\":\"https:\/\/bepet.pet\/loja\/\",\"logo\":{\"@type\":\"ImageObject\",\"inLanguage\":\"pt-BR\",\"@id\":\"https:\/\/bepet.pet\/loja\/#\/schema\/logo\/image\/\",\"url\":\"https:\/\/bepet.pet\/loja\/wp-content\/uploads\/2020\/10\/logo.jpg\",\"contentUrl\":\"https:\/\/bepet.pet\/loja\/wp-content\/uploads\/2020\/10\/logo.jpg\",\"width\":100,\"height\":99,\"caption\":\"BePet\"},\"image\":{\"@id\":\"https:\/\/bepet.pet\/loja\/#\/schema\/logo\/image\/\"}}]}<\/script>\n<!-- \/ Yoast SEO plugin. -->","yoast_head_json":{"title":"Ra\u00e7\u00e3o Royal Canin Gastrointestinal Low Fat C\u00e3es Adultos 1,5 kg - BePet","robots":{"index":"index","follow":"follow","max-snippet":"max-snippet:-1","max-image-preview":"max-image-preview:large","max-video-preview":"max-video-preview:-1"},"canonical":"https:\/\/bepet.pet\/loja\/produto\/racao-royal-canin-gastrointestinal-low-fat-caes-adultos-15-kg\/","og_locale":"pt_BR","og_type":"article","og_title":"Ra\u00e7\u00e3o Royal Canin Gastrointestinal Low Fat C\u00e3es Adultos 1,5 kg - BePet","og_description":"Conhe\u00e7a a ra\u00e7\u00e3o Royal Canin Gastrointestinal Low Fat para c\u00e3es adultos, agora dispon\u00edvel em embalagem de 1,5 kg. Desenvolvida especialmente para c\u00e3es com sensibilidade digestiva, essa ra\u00e7\u00e3o oferece uma solu\u00e7\u00e3o nutricional completa e balanceada. Com um estilo neutro, nosso objetivo \u00e9 divulgar esse produto de forma clara e objetiva, destacando seus benef\u00edcios e caracter\u00edsticas. Afinal, sabemos o quanto a sa\u00fade do seu c\u00e3o \u00e9 importante para voc\u00ea. A ra\u00e7\u00e3o Royal Canin Gastrointestinal Low Fat \u00e9 indicada para c\u00e3es adultos que apresentam problemas digestivos, como diarreia, v\u00f4mitos e sensibilidade alimentar. Sua f\u00f3rmula exclusiva cont\u00e9m ingredientes de alta qualidade, que ajudam a promover uma digest\u00e3o saud\u00e1vel e a reduzir os sintomas de desconforto gastrointestinal. Al\u00e9m disso, essa ra\u00e7\u00e3o possui baixo teor de gordura, o que a torna ideal para c\u00e3es com tend\u00eancia a ganho de peso ou com problemas de pancreatite. Com um equil\u00edbrio perfeito de nutrientes, ela fornece todos os elementos essenciais para manter a sa\u00fade e o bem-estar do seu c\u00e3o. No nosso e-commerce, voc\u00ea encontrar\u00e1 a ra\u00e7\u00e3o Royal Canin Gastrointestinal Low Fat em embalagem de 1,5 kg, perfeita para experimentar ou para c\u00e3es de porte menor. Comprar \u00e9 f\u00e1cil e seguro, e voc\u00ea pode ter a certeza de que&hellip; Read More","og_url":"https:\/\/bepet.pet\/loja\/produto\/racao-royal-canin-gastrointestinal-low-fat-caes-adultos-15-kg\/","og_site_name":"BePet","article_modified_time":"2025-12-10T19:50:15+00:00","og_image":[{"width":800,"height":800,"url":"https:\/\/bepet.pet\/loja\/wp-content\/uploads\/2024\/01\/p12106fb3-4e76-4a64-9741-23aabf56e567.png","type":"image\/png"}],"twitter_card":"summary_large_image","twitter_misc":{"Est. tempo de leitura":"1 minuto"},"schema":{"@context":"https:\/\/schema.org","@graph":[{"@type":"WebPage","@id":"https:\/\/bepet.pet\/loja\/produto\/racao-royal-canin-gastrointestinal-low-fat-caes-adultos-15-kg\/","url":"https:\/\/bepet.pet\/loja\/produto\/racao-royal-canin-gastrointestinal-low-fat-caes-adultos-15-kg\/","name":"Ra\u00e7\u00e3o Royal Canin Gastrointestinal Low Fat C\u00e3es Adultos 1,5 kg - BePet","isPartOf":{"@id":"https:\/\/bepet.pet\/loja\/#website"},"primaryImageOfPage":{"@id":"https:\/\/bepet.pet\/loja\/produto\/racao-royal-canin-gastrointestinal-low-fat-caes-adultos-15-kg\/#primaryimage"},"image":{"@id":"https:\/\/bepet.pet\/loja\/produto\/racao-royal-canin-gastrointestinal-low-fat-caes-adultos-15-kg\/#primaryimage"},"thumbnailUrl":"https:\/\/bepet.pet\/loja\/wp-content\/uploads\/2024\/01\/p12106fb3-4e76-4a64-9741-23aabf56e567.png","datePublished":"2024-01-03T20:31:42+00:00","dateModified":"2025-12-10T19:50:15+00:00","breadcrumb":{"@id":"https:\/\/bepet.pet\/loja\/produto\/racao-royal-canin-gastrointestinal-low-fat-caes-adultos-15-kg\/#breadcrumb"},"inLanguage":"pt-BR","potentialAction":[{"@type":"ReadAction","target":["https:\/\/bepet.pet\/loja\/produto\/racao-royal-canin-gastrointestinal-low-fat-caes-adultos-15-kg\/"]}]},{"@type":"ImageObject","inLanguage":"pt-BR","@id":"https:\/\/bepet.pet\/loja\/produto\/racao-royal-canin-gastrointestinal-low-fat-caes-adultos-15-kg\/#primaryimage","url":"https:\/\/bepet.pet\/loja\/wp-content\/uploads\/2024\/01\/p12106fb3-4e76-4a64-9741-23aabf56e567.png","contentUrl":"https:\/\/bepet.pet\/loja\/wp-content\/uploads\/2024\/01\/p12106fb3-4e76-4a64-9741-23aabf56e567.png","width":800,"height":800},{"@type":"BreadcrumbList","@id":"https:\/\/bepet.pet\/loja\/produto\/racao-royal-canin-gastrointestinal-low-fat-caes-adultos-15-kg\/#breadcrumb","itemListElement":[{"@type":"ListItem","position":1,"name":"Home","item":"https:\/\/bepet.pet\/loja\/"},{"@type":"ListItem","position":2,"name":"Shop","item":"https:\/\/bepet.pet\/loja\/shop-2\/"},{"@type":"ListItem","position":3,"name":"Ra\u00e7\u00e3o Royal Canin Gastrointestinal Low Fat C\u00e3es Adultos 1,5 kg"}]},{"@type":"WebSite","@id":"https:\/\/bepet.pet\/loja\/#website","url":"https:\/\/bepet.pet\/loja\/","name":"BePet","description":"Nossa vida \u00e9 cuidar do seu pet","publisher":{"@id":"https:\/\/bepet.pet\/loja\/#organization"},"potentialAction":[{"@type":"SearchAction","target":{"@type":"EntryPoint","urlTemplate":"https:\/\/bepet.pet\/loja\/?s={search_term_string}"},"query-input":{"@type":"PropertyValueSpecification","valueRequired":true,"valueName":"search_term_string"}}],"inLanguage":"pt-BR"},{"@type":"Organization","@id":"https:\/\/bepet.pet\/loja\/#organization","name":"BePet","url":"https:\/\/bepet.pet\/loja\/","logo":{"@type":"ImageObject","inLanguage":"pt-BR","@id":"https:\/\/bepet.pet\/loja\/#\/schema\/logo\/image\/","url":"https:\/\/bepet.pet\/loja\/wp-content\/uploads\/2020\/10\/logo.jpg","contentUrl":"https:\/\/bepet.pet\/loja\/wp-content\/uploads\/2020\/10\/logo.jpg","width":100,"height":99,"caption":"BePet"},"image":{"@id":"https:\/\/bepet.pet\/loja\/#\/schema\/logo\/image\/"}}]}},"jetpack_sharing_enabled":true,"_links":{"self":[{"href":"https:\/\/bepet.pet\/loja\/wp-json\/wp\/v2\/product\/9261","targetHints":{"allow":["GET"]}}],"collection":[{"href":"https:\/\/bepet.pet\/loja\/wp-json\/wp\/v2\/product"}],"about":[{"href":"https:\/\/bepet.pet\/loja\/wp-json\/wp\/v2\/types\/product"}],"replies":[{"embeddable":true,"href":"https:\/\/bepet.pet\/loja\/wp-json\/wp\/v2\/comments?post=9261"}],"wp:featuredmedia":[{"embeddable":true,"href":"https:\/\/bepet.pet\/loja\/wp-json\/wp\/v2\/media\/9353"}],"wp:attachment":[{"href":"https:\/\/bepet.pet\/loja\/wp-json\/wp\/v2\/media?parent=9261"}],"wp:term":[{"taxonomy":"product_brand","embeddable":true,"href":"https:\/\/bepet.pet\/loja\/wp-json\/wp\/v2\/product_brand?post=9261"},{"taxonomy":"product_cat","embeddable":true,"href":"https:\/\/bepet.pet\/loja\/wp-json\/wp\/v2\/product_cat?post=9261"},{"taxonomy":"product_tag","embeddable":true,"href":"https:\/\/bepet.pet\/loja\/wp-json\/wp\/v2\/product_tag?post=9261"}],"curies":[{"name":"wp","href":"https:\/\/api.w.org\/{rel}","templated":true}]}}