{"id":9133,"date":"2023-12-12T22:47:36","date_gmt":"2023-12-13T01:47:36","guid":{"rendered":"https:\/\/bepet.pet\/loja\/produto\/apoquel-36mg-para-caes-20-comprimidos\/"},"modified":"2025-12-10T17:03:49","modified_gmt":"2025-12-10T20:03:49","slug":"apoquel-36mg-para-caes-20-comprimidos","status":"publish","type":"product","link":"https:\/\/bepet.pet\/loja\/produto\/apoquel-36mg-para-caes-20-comprimidos\/","title":{"rendered":"Apoquel 3,6mg para c\u00e3es 20 comprimidos"},"content":{"rendered":"<p>Apoquel 3,6mg para c\u00e3es: al\u00edvio eficaz para o desconforto dos pets<\/p>\n<p>Seu c\u00e3ozinho merece todo o cuidado e conforto do mundo, n\u00e3o \u00e9 mesmo? Pensando nisso, apresentamos o Apoquel 3,6mg, um medicamento que ir\u00e1 proporcionar al\u00edvio eficaz para o desconforto causado por alergias e coceiras.<\/p>\n<p>Com 20 comprimidos, o Apoquel \u00e9 especialmente formulado para c\u00e3es, visando tratar e controlar os sintomas relacionados a problemas dermatol\u00f3gicos. Seja coceira, vermelhid\u00e3o, irrita\u00e7\u00e3o ou inflama\u00e7\u00e3o, esse medicamento \u00e9 a solu\u00e7\u00e3o que voc\u00ea procurava.<\/p>\n<p>Desenvolvido por especialistas, o Apoquel age diretamente no sistema imunol\u00f3gico do seu pet, combatendo as rea\u00e7\u00f5es al\u00e9rgicas e proporcionando um al\u00edvio r\u00e1pido e duradouro. Al\u00e9m disso, seu uso cont\u00ednuo ajuda a prevenir recidivas, garantindo o bem-estar do seu companheiro de quatro patas.<\/p>\n<p>A facilidade de administra\u00e7\u00e3o tamb\u00e9m \u00e9 um diferencial do Apoquel. Os comprimidos s\u00e3o palat\u00e1veis, ou seja, possuem um sabor agrad\u00e1vel que facilita a ingest\u00e3o pelos c\u00e3es. Assim, voc\u00ea n\u00e3o ter\u00e1 dificuldades na hora de medicar seu amiguinho.<\/p>\n<p>No e-commerce, voc\u00ea encontrar\u00e1 o Apoquel 3,6mg para c\u00e3es com toda a comodidade e seguran\u00e7a. Com apenas alguns cliques, voc\u00ea poder\u00e1 adquirir esse medicamento essencial para o cuidado e bem-estar do seu pet.<\/p>\n<p>N\u00e3o deixe que as alergias e coceiras atrapalhem a qualidade de vida do seu c\u00e3ozinho. Invista no Apoquel 3,6mg e proporcione a ele o al\u00edvio que ele merece. Conte com a nossa expertise e adquira agora mesmo esse produto incr\u00edvel para o seu companheiro de quatro patas.<\/p>\n","protected":false},"excerpt":{"rendered":"<p>Apoquel 3,6mg para c\u00e3es: al\u00edvio eficaz para o desconforto dos pets Seu c\u00e3ozinho merece todo o cuidado e conforto do mundo, n\u00e3o \u00e9 mesmo? Pensando nisso, apresentamos o Apoquel 3,6mg, um medicamento que ir\u00e1 proporcionar al\u00edvio eficaz para o desconforto causado por alergias e coceiras. Com 20 comprimidos, o Apoquel \u00e9 especialmente formulado para c\u00e3es, visando tratar e controlar os sintomas relacionados a problemas dermatol\u00f3gicos. Seja coceira, vermelhid\u00e3o, irrita\u00e7\u00e3o ou inflama\u00e7\u00e3o, esse medicamento \u00e9 a solu\u00e7\u00e3o que voc\u00ea procurava. Desenvolvido por especialistas, o Apoquel age diretamente no sistema imunol\u00f3gico do seu pet, combatendo as rea\u00e7\u00f5es al\u00e9rgicas e proporcionando um al\u00edvio r\u00e1pido e duradouro. Al\u00e9m disso, seu uso cont\u00ednuo ajuda a prevenir recidivas, garantindo o bem-estar do seu companheiro de quatro patas. A facilidade de administra\u00e7\u00e3o tamb\u00e9m \u00e9 um diferencial do Apoquel. Os comprimidos s\u00e3o palat\u00e1veis, ou seja, possuem um sabor agrad\u00e1vel que facilita a ingest\u00e3o pelos c\u00e3es. Assim, voc\u00ea n\u00e3o ter\u00e1 dificuldades na hora de medicar seu amiguinho. No e-commerce, voc\u00ea encontrar\u00e1 o Apoquel 3,6mg para c\u00e3es com toda a comodidade e seguran\u00e7a. Com apenas alguns cliques, voc\u00ea poder\u00e1 adquirir esse medicamento essencial para o cuidado e bem-estar do seu pet. N\u00e3o deixe que as alergias e coceiras atrapalhem a&hellip; <a class=\"read-more-link\" href=\"https:\/\/bepet.pet\/loja\/produto\/apoquel-36mg-para-caes-20-comprimidos\/\">Read More<\/a><\/p>\n","protected":false},"featured_media":9155,"comment_status":"open","ping_status":"closed","template":"","meta":{"_kadence_starter_templates_imported_post":false},"product_brand":[],"product_cat":[127,120],"product_tag":[],"class_list":{"0":"post-9133","1":"product","2":"type-product","3":"status-publish","4":"has-post-thumbnail","6":"product_cat-antialergicos","7":"product_cat-medicamentos","10":"first","11":"instock","12":"shipping-taxable","13":"purchasable","14":"product-type-simple"},"yoast_head":"<!-- This site is optimized with the Yoast SEO plugin v25.5 - https:\/\/yoast.com\/wordpress\/plugins\/seo\/ -->\n<title>Apoquel 3,6mg para c\u00e3es 20 comprimidos - BePet<\/title>\n<meta name=\"robots\" content=\"index, follow, max-snippet:-1, max-image-preview:large, max-video-preview:-1\" \/>\n<link rel=\"canonical\" href=\"https:\/\/bepet.pet\/loja\/produto\/apoquel-36mg-para-caes-20-comprimidos\/\" \/>\n<meta property=\"og:locale\" content=\"pt_BR\" \/>\n<meta property=\"og:type\" content=\"article\" \/>\n<meta property=\"og:title\" content=\"Apoquel 3,6mg para c\u00e3es 20 comprimidos - BePet\" \/>\n<meta property=\"og:description\" content=\"Apoquel 3,6mg para c\u00e3es: al\u00edvio eficaz para o desconforto dos pets Seu c\u00e3ozinho merece todo o cuidado e conforto do mundo, n\u00e3o \u00e9 mesmo? Pensando nisso, apresentamos o Apoquel 3,6mg, um medicamento que ir\u00e1 proporcionar al\u00edvio eficaz para o desconforto causado por alergias e coceiras. Com 20 comprimidos, o Apoquel \u00e9 especialmente formulado para c\u00e3es, visando tratar e controlar os sintomas relacionados a problemas dermatol\u00f3gicos. Seja coceira, vermelhid\u00e3o, irrita\u00e7\u00e3o ou inflama\u00e7\u00e3o, esse medicamento \u00e9 a solu\u00e7\u00e3o que voc\u00ea procurava. Desenvolvido por especialistas, o Apoquel age diretamente no sistema imunol\u00f3gico do seu pet, combatendo as rea\u00e7\u00f5es al\u00e9rgicas e proporcionando um al\u00edvio r\u00e1pido e duradouro. Al\u00e9m disso, seu uso cont\u00ednuo ajuda a prevenir recidivas, garantindo o bem-estar do seu companheiro de quatro patas. A facilidade de administra\u00e7\u00e3o tamb\u00e9m \u00e9 um diferencial do Apoquel. Os comprimidos s\u00e3o palat\u00e1veis, ou seja, possuem um sabor agrad\u00e1vel que facilita a ingest\u00e3o pelos c\u00e3es. Assim, voc\u00ea n\u00e3o ter\u00e1 dificuldades na hora de medicar seu amiguinho. No e-commerce, voc\u00ea encontrar\u00e1 o Apoquel 3,6mg para c\u00e3es com toda a comodidade e seguran\u00e7a. Com apenas alguns cliques, voc\u00ea poder\u00e1 adquirir esse medicamento essencial para o cuidado e bem-estar do seu pet. N\u00e3o deixe que as alergias e coceiras atrapalhem a&hellip; Read More\" \/>\n<meta property=\"og:url\" content=\"https:\/\/bepet.pet\/loja\/produto\/apoquel-36mg-para-caes-20-comprimidos\/\" \/>\n<meta property=\"og:site_name\" content=\"BePet\" \/>\n<meta property=\"article:modified_time\" content=\"2025-12-10T20:03:49+00:00\" \/>\n<meta property=\"og:image\" content=\"https:\/\/bepet.pet\/loja\/wp-content\/uploads\/2023\/12\/paa44933c-75c9-4af2-b74d-cd40f9e08085.png\" \/>\n\t<meta property=\"og:image:width\" content=\"800\" \/>\n\t<meta property=\"og:image:height\" content=\"800\" \/>\n\t<meta property=\"og:image:type\" content=\"image\/png\" \/>\n<meta name=\"twitter:card\" content=\"summary_large_image\" \/>\n<meta name=\"twitter:label1\" content=\"Est. tempo de leitura\" \/>\n\t<meta name=\"twitter:data1\" content=\"1 minuto\" \/>\n<script type=\"application\/ld+json\" class=\"yoast-schema-graph\">{\"@context\":\"https:\/\/schema.org\",\"@graph\":[{\"@type\":\"WebPage\",\"@id\":\"https:\/\/bepet.pet\/loja\/produto\/apoquel-36mg-para-caes-20-comprimidos\/\",\"url\":\"https:\/\/bepet.pet\/loja\/produto\/apoquel-36mg-para-caes-20-comprimidos\/\",\"name\":\"Apoquel 3,6mg para c\u00e3es 20 comprimidos - BePet\",\"isPartOf\":{\"@id\":\"https:\/\/bepet.pet\/loja\/#website\"},\"primaryImageOfPage\":{\"@id\":\"https:\/\/bepet.pet\/loja\/produto\/apoquel-36mg-para-caes-20-comprimidos\/#primaryimage\"},\"image\":{\"@id\":\"https:\/\/bepet.pet\/loja\/produto\/apoquel-36mg-para-caes-20-comprimidos\/#primaryimage\"},\"thumbnailUrl\":\"https:\/\/bepet.pet\/loja\/wp-content\/uploads\/2023\/12\/paa44933c-75c9-4af2-b74d-cd40f9e08085.png\",\"datePublished\":\"2023-12-13T01:47:36+00:00\",\"dateModified\":\"2025-12-10T20:03:49+00:00\",\"breadcrumb\":{\"@id\":\"https:\/\/bepet.pet\/loja\/produto\/apoquel-36mg-para-caes-20-comprimidos\/#breadcrumb\"},\"inLanguage\":\"pt-BR\",\"potentialAction\":[{\"@type\":\"ReadAction\",\"target\":[\"https:\/\/bepet.pet\/loja\/produto\/apoquel-36mg-para-caes-20-comprimidos\/\"]}]},{\"@type\":\"ImageObject\",\"inLanguage\":\"pt-BR\",\"@id\":\"https:\/\/bepet.pet\/loja\/produto\/apoquel-36mg-para-caes-20-comprimidos\/#primaryimage\",\"url\":\"https:\/\/bepet.pet\/loja\/wp-content\/uploads\/2023\/12\/paa44933c-75c9-4af2-b74d-cd40f9e08085.png\",\"contentUrl\":\"https:\/\/bepet.pet\/loja\/wp-content\/uploads\/2023\/12\/paa44933c-75c9-4af2-b74d-cd40f9e08085.png\",\"width\":800,\"height\":800},{\"@type\":\"BreadcrumbList\",\"@id\":\"https:\/\/bepet.pet\/loja\/produto\/apoquel-36mg-para-caes-20-comprimidos\/#breadcrumb\",\"itemListElement\":[{\"@type\":\"ListItem\",\"position\":1,\"name\":\"Home\",\"item\":\"https:\/\/bepet.pet\/loja\/\"},{\"@type\":\"ListItem\",\"position\":2,\"name\":\"Shop\",\"item\":\"https:\/\/bepet.pet\/loja\/shop-2\/\"},{\"@type\":\"ListItem\",\"position\":3,\"name\":\"Apoquel 3,6mg para c\u00e3es 20 comprimidos\"}]},{\"@type\":\"WebSite\",\"@id\":\"https:\/\/bepet.pet\/loja\/#website\",\"url\":\"https:\/\/bepet.pet\/loja\/\",\"name\":\"BePet\",\"description\":\"Nossa vida \u00e9 cuidar do seu pet\",\"publisher\":{\"@id\":\"https:\/\/bepet.pet\/loja\/#organization\"},\"potentialAction\":[{\"@type\":\"SearchAction\",\"target\":{\"@type\":\"EntryPoint\",\"urlTemplate\":\"https:\/\/bepet.pet\/loja\/?s={search_term_string}\"},\"query-input\":{\"@type\":\"PropertyValueSpecification\",\"valueRequired\":true,\"valueName\":\"search_term_string\"}}],\"inLanguage\":\"pt-BR\"},{\"@type\":\"Organization\",\"@id\":\"https:\/\/bepet.pet\/loja\/#organization\",\"name\":\"BePet\",\"url\":\"https:\/\/bepet.pet\/loja\/\",\"logo\":{\"@type\":\"ImageObject\",\"inLanguage\":\"pt-BR\",\"@id\":\"https:\/\/bepet.pet\/loja\/#\/schema\/logo\/image\/\",\"url\":\"https:\/\/bepet.pet\/loja\/wp-content\/uploads\/2020\/10\/logo.jpg\",\"contentUrl\":\"https:\/\/bepet.pet\/loja\/wp-content\/uploads\/2020\/10\/logo.jpg\",\"width\":100,\"height\":99,\"caption\":\"BePet\"},\"image\":{\"@id\":\"https:\/\/bepet.pet\/loja\/#\/schema\/logo\/image\/\"}}]}<\/script>\n<!-- \/ Yoast SEO plugin. -->","yoast_head_json":{"title":"Apoquel 3,6mg para c\u00e3es 20 comprimidos - BePet","robots":{"index":"index","follow":"follow","max-snippet":"max-snippet:-1","max-image-preview":"max-image-preview:large","max-video-preview":"max-video-preview:-1"},"canonical":"https:\/\/bepet.pet\/loja\/produto\/apoquel-36mg-para-caes-20-comprimidos\/","og_locale":"pt_BR","og_type":"article","og_title":"Apoquel 3,6mg para c\u00e3es 20 comprimidos - BePet","og_description":"Apoquel 3,6mg para c\u00e3es: al\u00edvio eficaz para o desconforto dos pets Seu c\u00e3ozinho merece todo o cuidado e conforto do mundo, n\u00e3o \u00e9 mesmo? Pensando nisso, apresentamos o Apoquel 3,6mg, um medicamento que ir\u00e1 proporcionar al\u00edvio eficaz para o desconforto causado por alergias e coceiras. Com 20 comprimidos, o Apoquel \u00e9 especialmente formulado para c\u00e3es, visando tratar e controlar os sintomas relacionados a problemas dermatol\u00f3gicos. Seja coceira, vermelhid\u00e3o, irrita\u00e7\u00e3o ou inflama\u00e7\u00e3o, esse medicamento \u00e9 a solu\u00e7\u00e3o que voc\u00ea procurava. Desenvolvido por especialistas, o Apoquel age diretamente no sistema imunol\u00f3gico do seu pet, combatendo as rea\u00e7\u00f5es al\u00e9rgicas e proporcionando um al\u00edvio r\u00e1pido e duradouro. Al\u00e9m disso, seu uso cont\u00ednuo ajuda a prevenir recidivas, garantindo o bem-estar do seu companheiro de quatro patas. A facilidade de administra\u00e7\u00e3o tamb\u00e9m \u00e9 um diferencial do Apoquel. Os comprimidos s\u00e3o palat\u00e1veis, ou seja, possuem um sabor agrad\u00e1vel que facilita a ingest\u00e3o pelos c\u00e3es. Assim, voc\u00ea n\u00e3o ter\u00e1 dificuldades na hora de medicar seu amiguinho. No e-commerce, voc\u00ea encontrar\u00e1 o Apoquel 3,6mg para c\u00e3es com toda a comodidade e seguran\u00e7a. Com apenas alguns cliques, voc\u00ea poder\u00e1 adquirir esse medicamento essencial para o cuidado e bem-estar do seu pet. N\u00e3o deixe que as alergias e coceiras atrapalhem a&hellip; Read More","og_url":"https:\/\/bepet.pet\/loja\/produto\/apoquel-36mg-para-caes-20-comprimidos\/","og_site_name":"BePet","article_modified_time":"2025-12-10T20:03:49+00:00","og_image":[{"width":800,"height":800,"url":"https:\/\/bepet.pet\/loja\/wp-content\/uploads\/2023\/12\/paa44933c-75c9-4af2-b74d-cd40f9e08085.png","type":"image\/png"}],"twitter_card":"summary_large_image","twitter_misc":{"Est. tempo de leitura":"1 minuto"},"schema":{"@context":"https:\/\/schema.org","@graph":[{"@type":"WebPage","@id":"https:\/\/bepet.pet\/loja\/produto\/apoquel-36mg-para-caes-20-comprimidos\/","url":"https:\/\/bepet.pet\/loja\/produto\/apoquel-36mg-para-caes-20-comprimidos\/","name":"Apoquel 3,6mg para c\u00e3es 20 comprimidos - BePet","isPartOf":{"@id":"https:\/\/bepet.pet\/loja\/#website"},"primaryImageOfPage":{"@id":"https:\/\/bepet.pet\/loja\/produto\/apoquel-36mg-para-caes-20-comprimidos\/#primaryimage"},"image":{"@id":"https:\/\/bepet.pet\/loja\/produto\/apoquel-36mg-para-caes-20-comprimidos\/#primaryimage"},"thumbnailUrl":"https:\/\/bepet.pet\/loja\/wp-content\/uploads\/2023\/12\/paa44933c-75c9-4af2-b74d-cd40f9e08085.png","datePublished":"2023-12-13T01:47:36+00:00","dateModified":"2025-12-10T20:03:49+00:00","breadcrumb":{"@id":"https:\/\/bepet.pet\/loja\/produto\/apoquel-36mg-para-caes-20-comprimidos\/#breadcrumb"},"inLanguage":"pt-BR","potentialAction":[{"@type":"ReadAction","target":["https:\/\/bepet.pet\/loja\/produto\/apoquel-36mg-para-caes-20-comprimidos\/"]}]},{"@type":"ImageObject","inLanguage":"pt-BR","@id":"https:\/\/bepet.pet\/loja\/produto\/apoquel-36mg-para-caes-20-comprimidos\/#primaryimage","url":"https:\/\/bepet.pet\/loja\/wp-content\/uploads\/2023\/12\/paa44933c-75c9-4af2-b74d-cd40f9e08085.png","contentUrl":"https:\/\/bepet.pet\/loja\/wp-content\/uploads\/2023\/12\/paa44933c-75c9-4af2-b74d-cd40f9e08085.png","width":800,"height":800},{"@type":"BreadcrumbList","@id":"https:\/\/bepet.pet\/loja\/produto\/apoquel-36mg-para-caes-20-comprimidos\/#breadcrumb","itemListElement":[{"@type":"ListItem","position":1,"name":"Home","item":"https:\/\/bepet.pet\/loja\/"},{"@type":"ListItem","position":2,"name":"Shop","item":"https:\/\/bepet.pet\/loja\/shop-2\/"},{"@type":"ListItem","position":3,"name":"Apoquel 3,6mg para c\u00e3es 20 comprimidos"}]},{"@type":"WebSite","@id":"https:\/\/bepet.pet\/loja\/#website","url":"https:\/\/bepet.pet\/loja\/","name":"BePet","description":"Nossa vida \u00e9 cuidar do seu pet","publisher":{"@id":"https:\/\/bepet.pet\/loja\/#organization"},"potentialAction":[{"@type":"SearchAction","target":{"@type":"EntryPoint","urlTemplate":"https:\/\/bepet.pet\/loja\/?s={search_term_string}"},"query-input":{"@type":"PropertyValueSpecification","valueRequired":true,"valueName":"search_term_string"}}],"inLanguage":"pt-BR"},{"@type":"Organization","@id":"https:\/\/bepet.pet\/loja\/#organization","name":"BePet","url":"https:\/\/bepet.pet\/loja\/","logo":{"@type":"ImageObject","inLanguage":"pt-BR","@id":"https:\/\/bepet.pet\/loja\/#\/schema\/logo\/image\/","url":"https:\/\/bepet.pet\/loja\/wp-content\/uploads\/2020\/10\/logo.jpg","contentUrl":"https:\/\/bepet.pet\/loja\/wp-content\/uploads\/2020\/10\/logo.jpg","width":100,"height":99,"caption":"BePet"},"image":{"@id":"https:\/\/bepet.pet\/loja\/#\/schema\/logo\/image\/"}}]}},"jetpack_sharing_enabled":true,"_links":{"self":[{"href":"https:\/\/bepet.pet\/loja\/wp-json\/wp\/v2\/product\/9133","targetHints":{"allow":["GET"]}}],"collection":[{"href":"https:\/\/bepet.pet\/loja\/wp-json\/wp\/v2\/product"}],"about":[{"href":"https:\/\/bepet.pet\/loja\/wp-json\/wp\/v2\/types\/product"}],"replies":[{"embeddable":true,"href":"https:\/\/bepet.pet\/loja\/wp-json\/wp\/v2\/comments?post=9133"}],"wp:featuredmedia":[{"embeddable":true,"href":"https:\/\/bepet.pet\/loja\/wp-json\/wp\/v2\/media\/9155"}],"wp:attachment":[{"href":"https:\/\/bepet.pet\/loja\/wp-json\/wp\/v2\/media?parent=9133"}],"wp:term":[{"taxonomy":"product_brand","embeddable":true,"href":"https:\/\/bepet.pet\/loja\/wp-json\/wp\/v2\/product_brand?post=9133"},{"taxonomy":"product_cat","embeddable":true,"href":"https:\/\/bepet.pet\/loja\/wp-json\/wp\/v2\/product_cat?post=9133"},{"taxonomy":"product_tag","embeddable":true,"href":"https:\/\/bepet.pet\/loja\/wp-json\/wp\/v2\/product_tag?post=9133"}],"curies":[{"name":"wp","href":"https:\/\/api.w.org\/{rel}","templated":true}]}}