{"id":10903,"date":"2025-05-22T17:19:17","date_gmt":"2025-05-22T20:19:17","guid":{"rendered":"https:\/\/bepet.pet\/loja\/produto\/racao-golden-formula-para-caes-adultos-sabor-carne-e-arroz-bonus-bag-pague-14-leve-15kg\/"},"modified":"2025-12-10T17:29:53","modified_gmt":"2025-12-10T20:29:53","slug":"racao-golden-formula-para-caes-adultos-sabor-carne-e-arroz-bonus-bag-pague-14-leve-15kg","status":"publish","type":"product","link":"https:\/\/bepet.pet\/loja\/produto\/racao-golden-formula-para-caes-adultos-sabor-carne-e-arroz-bonus-bag-pague-14-leve-15kg\/","title":{"rendered":"Ra\u00e7\u00e3o Golden F\u00f3rmula para C\u00e3es Adultos Sabor Carne e Arroz Bonus Bag pague 14 leve 15kg"},"content":{"rendered":"<p>**Descubra a Ra\u00e7\u00e3o Golden F\u00f3rmula para C\u00e3es Adultos Sabor Carne e Arroz &#8211; Bonus Bag!**<\/p>\n<p>Proporcione o melhor para o seu amigo de quatro patas com a Ra\u00e7\u00e3o Golden F\u00f3rmula para C\u00e3es Adultos Sabor Carne e Arroz. Desenvolvida com ingredientes de alta qualidade, esta ra\u00e7\u00e3o \u00e9 ideal para atender \u00e0s necessidades nutricionais dos c\u00e3es adultos, garantindo uma alimenta\u00e7\u00e3o equilibrada e saborosa.<\/p>\n<p>**Vantagens do Produto:**<br \/>&#8211; **Sabor Irresist\u00edvel:** A combina\u00e7\u00e3o de carne e arroz \u00e9 especialmente formulada para agradar o paladar dos c\u00e3es, tornando a hora da refei\u00e7\u00e3o um momento de prazer.<br \/>&#8211; **Nutri\u00e7\u00e3o Completa:** Com uma f\u00f3rmula rica em prote\u00ednas, vitaminas e minerais, a Golden F\u00f3rmula promove a sa\u00fade e o bem-estar do seu pet, contribuindo para uma vida ativa e saud\u00e1vel.<br \/>&#8211; **Bonus Bag:** Na compra de 14 kg, voc\u00ea leva 15 kg! Uma oportunidade imperd\u00edvel para garantir que seu c\u00e3o esteja sempre bem alimentado.<\/p>\n<p>**Ideal para:**<br \/>C\u00e3es adultos de todas as ra\u00e7as que precisam de uma dieta equilibrada e nutritiva, com um sabor que eles v\u00e3o adorar.<\/p>\n<p>**Adquira j\u00e1 a sua Ra\u00e7\u00e3o Golden F\u00f3rmula e proporcione ao seu c\u00e3o uma alimenta\u00e7\u00e3o de qualidade!** Visite nosso site e fa\u00e7a seu pedido. Aproveite a promo\u00e7\u00e3o e garanta o bem-estar do seu melhor amigo!<\/p>\n","protected":false},"excerpt":{"rendered":"<p>**Descubra a Ra\u00e7\u00e3o Golden F\u00f3rmula para C\u00e3es Adultos Sabor Carne e Arroz &#8211; Bonus Bag!** Proporcione o melhor para o seu amigo de quatro patas com a Ra\u00e7\u00e3o Golden F\u00f3rmula para C\u00e3es Adultos Sabor Carne e Arroz. Desenvolvida com ingredientes de alta qualidade, esta ra\u00e7\u00e3o \u00e9 ideal para atender \u00e0s necessidades nutricionais dos c\u00e3es adultos, garantindo uma alimenta\u00e7\u00e3o equilibrada e saborosa. **Vantagens do Produto:**&#8211; **Sabor Irresist\u00edvel:** A combina\u00e7\u00e3o de carne e arroz \u00e9 especialmente formulada para agradar o paladar dos c\u00e3es, tornando a hora da refei\u00e7\u00e3o um momento de prazer.&#8211; **Nutri\u00e7\u00e3o Completa:** Com uma f\u00f3rmula rica em prote\u00ednas, vitaminas e minerais, a Golden F\u00f3rmula promove a sa\u00fade e o bem-estar do seu pet, contribuindo para uma vida ativa e saud\u00e1vel.&#8211; **Bonus Bag:** Na compra de 14 kg, voc\u00ea leva 15 kg! Uma oportunidade imperd\u00edvel para garantir que seu c\u00e3o esteja sempre bem alimentado. **Ideal para:**C\u00e3es adultos de todas as ra\u00e7as que precisam de uma dieta equilibrada e nutritiva, com um sabor que eles v\u00e3o adorar. **Adquira j\u00e1 a sua Ra\u00e7\u00e3o Golden F\u00f3rmula e proporcione ao seu c\u00e3o uma alimenta\u00e7\u00e3o de qualidade!** Visite nosso site e fa\u00e7a seu pedido. Aproveite a promo\u00e7\u00e3o e garanta o bem-estar do seu melhor amigo!<\/p>\n","protected":false},"featured_media":10902,"comment_status":"open","ping_status":"closed","template":"","meta":{"_kadence_starter_templates_imported_post":false},"product_brand":[],"product_cat":[121,130],"product_tag":[],"class_list":{"0":"post-10903","1":"product","2":"type-product","3":"status-publish","4":"has-post-thumbnail","6":"product_cat-racoes","7":"product_cat-secas-caes","10":"first","11":"outofstock","12":"featured","13":"shipping-taxable","14":"purchasable","15":"product-type-simple"},"yoast_head":"<!-- This site is optimized with the Yoast SEO plugin v25.5 - https:\/\/yoast.com\/wordpress\/plugins\/seo\/ -->\n<title>Ra\u00e7\u00e3o Golden F\u00f3rmula para C\u00e3es Adultos Sabor Carne e Arroz Bonus Bag pague 14 leve 15kg - BePet<\/title>\n<meta name=\"robots\" content=\"index, follow, max-snippet:-1, max-image-preview:large, max-video-preview:-1\" \/>\n<link rel=\"canonical\" href=\"https:\/\/bepet.pet\/loja\/produto\/racao-golden-formula-para-caes-adultos-sabor-carne-e-arroz-bonus-bag-pague-14-leve-15kg\/\" \/>\n<meta property=\"og:locale\" content=\"pt_BR\" \/>\n<meta property=\"og:type\" content=\"article\" \/>\n<meta property=\"og:title\" content=\"Ra\u00e7\u00e3o Golden F\u00f3rmula para C\u00e3es Adultos Sabor Carne e Arroz Bonus Bag pague 14 leve 15kg - BePet\" \/>\n<meta property=\"og:description\" content=\"**Descubra a Ra\u00e7\u00e3o Golden F\u00f3rmula para C\u00e3es Adultos Sabor Carne e Arroz &#8211; Bonus Bag!** Proporcione o melhor para o seu amigo de quatro patas com a Ra\u00e7\u00e3o Golden F\u00f3rmula para C\u00e3es Adultos Sabor Carne e Arroz. Desenvolvida com ingredientes de alta qualidade, esta ra\u00e7\u00e3o \u00e9 ideal para atender \u00e0s necessidades nutricionais dos c\u00e3es adultos, garantindo uma alimenta\u00e7\u00e3o equilibrada e saborosa. **Vantagens do Produto:**&#8211; **Sabor Irresist\u00edvel:** A combina\u00e7\u00e3o de carne e arroz \u00e9 especialmente formulada para agradar o paladar dos c\u00e3es, tornando a hora da refei\u00e7\u00e3o um momento de prazer.&#8211; **Nutri\u00e7\u00e3o Completa:** Com uma f\u00f3rmula rica em prote\u00ednas, vitaminas e minerais, a Golden F\u00f3rmula promove a sa\u00fade e o bem-estar do seu pet, contribuindo para uma vida ativa e saud\u00e1vel.&#8211; **Bonus Bag:** Na compra de 14 kg, voc\u00ea leva 15 kg! Uma oportunidade imperd\u00edvel para garantir que seu c\u00e3o esteja sempre bem alimentado. **Ideal para:**C\u00e3es adultos de todas as ra\u00e7as que precisam de uma dieta equilibrada e nutritiva, com um sabor que eles v\u00e3o adorar. **Adquira j\u00e1 a sua Ra\u00e7\u00e3o Golden F\u00f3rmula e proporcione ao seu c\u00e3o uma alimenta\u00e7\u00e3o de qualidade!** Visite nosso site e fa\u00e7a seu pedido. Aproveite a promo\u00e7\u00e3o e garanta o bem-estar do seu melhor amigo!\" \/>\n<meta property=\"og:url\" content=\"https:\/\/bepet.pet\/loja\/produto\/racao-golden-formula-para-caes-adultos-sabor-carne-e-arroz-bonus-bag-pague-14-leve-15kg\/\" \/>\n<meta property=\"og:site_name\" content=\"BePet\" \/>\n<meta property=\"article:modified_time\" content=\"2025-12-10T20:29:53+00:00\" \/>\n<meta name=\"twitter:card\" content=\"summary_large_image\" \/>\n<meta name=\"twitter:label1\" content=\"Est. tempo de leitura\" \/>\n\t<meta name=\"twitter:data1\" content=\"1 minuto\" \/>\n<script type=\"application\/ld+json\" class=\"yoast-schema-graph\">{\"@context\":\"https:\/\/schema.org\",\"@graph\":[{\"@type\":\"WebPage\",\"@id\":\"https:\/\/bepet.pet\/loja\/produto\/racao-golden-formula-para-caes-adultos-sabor-carne-e-arroz-bonus-bag-pague-14-leve-15kg\/\",\"url\":\"https:\/\/bepet.pet\/loja\/produto\/racao-golden-formula-para-caes-adultos-sabor-carne-e-arroz-bonus-bag-pague-14-leve-15kg\/\",\"name\":\"Ra\u00e7\u00e3o Golden F\u00f3rmula para C\u00e3es Adultos Sabor Carne e Arroz Bonus Bag pague 14 leve 15kg - BePet\",\"isPartOf\":{\"@id\":\"https:\/\/bepet.pet\/loja\/#website\"},\"primaryImageOfPage\":{\"@id\":\"https:\/\/bepet.pet\/loja\/produto\/racao-golden-formula-para-caes-adultos-sabor-carne-e-arroz-bonus-bag-pague-14-leve-15kg\/#primaryimage\"},\"image\":{\"@id\":\"https:\/\/bepet.pet\/loja\/produto\/racao-golden-formula-para-caes-adultos-sabor-carne-e-arroz-bonus-bag-pague-14-leve-15kg\/#primaryimage\"},\"thumbnailUrl\":\"https:\/\/bepet.pet\/loja\/wp-content\/uploads\/2025\/05\/pe9dd125b-fc86-4081-9907-cf398b1e9ef0.jpeg\",\"datePublished\":\"2025-05-22T20:19:17+00:00\",\"dateModified\":\"2025-12-10T20:29:53+00:00\",\"breadcrumb\":{\"@id\":\"https:\/\/bepet.pet\/loja\/produto\/racao-golden-formula-para-caes-adultos-sabor-carne-e-arroz-bonus-bag-pague-14-leve-15kg\/#breadcrumb\"},\"inLanguage\":\"pt-BR\",\"potentialAction\":[{\"@type\":\"ReadAction\",\"target\":[\"https:\/\/bepet.pet\/loja\/produto\/racao-golden-formula-para-caes-adultos-sabor-carne-e-arroz-bonus-bag-pague-14-leve-15kg\/\"]}]},{\"@type\":\"ImageObject\",\"inLanguage\":\"pt-BR\",\"@id\":\"https:\/\/bepet.pet\/loja\/produto\/racao-golden-formula-para-caes-adultos-sabor-carne-e-arroz-bonus-bag-pague-14-leve-15kg\/#primaryimage\",\"url\":\"https:\/\/bepet.pet\/loja\/wp-content\/uploads\/2025\/05\/pe9dd125b-fc86-4081-9907-cf398b1e9ef0.jpeg\",\"contentUrl\":\"https:\/\/bepet.pet\/loja\/wp-content\/uploads\/2025\/05\/pe9dd125b-fc86-4081-9907-cf398b1e9ef0.jpeg\",\"width\":1239,\"height\":2244},{\"@type\":\"BreadcrumbList\",\"@id\":\"https:\/\/bepet.pet\/loja\/produto\/racao-golden-formula-para-caes-adultos-sabor-carne-e-arroz-bonus-bag-pague-14-leve-15kg\/#breadcrumb\",\"itemListElement\":[{\"@type\":\"ListItem\",\"position\":1,\"name\":\"Home\",\"item\":\"https:\/\/bepet.pet\/loja\/\"},{\"@type\":\"ListItem\",\"position\":2,\"name\":\"Shop\",\"item\":\"https:\/\/bepet.pet\/loja\/shop-2\/\"},{\"@type\":\"ListItem\",\"position\":3,\"name\":\"Ra\u00e7\u00e3o Golden F\u00f3rmula para C\u00e3es Adultos Sabor Carne e Arroz Bonus Bag pague 14 leve 15kg\"}]},{\"@type\":\"WebSite\",\"@id\":\"https:\/\/bepet.pet\/loja\/#website\",\"url\":\"https:\/\/bepet.pet\/loja\/\",\"name\":\"BePet\",\"description\":\"Nossa vida \u00e9 cuidar do seu pet\",\"publisher\":{\"@id\":\"https:\/\/bepet.pet\/loja\/#organization\"},\"potentialAction\":[{\"@type\":\"SearchAction\",\"target\":{\"@type\":\"EntryPoint\",\"urlTemplate\":\"https:\/\/bepet.pet\/loja\/?s={search_term_string}\"},\"query-input\":{\"@type\":\"PropertyValueSpecification\",\"valueRequired\":true,\"valueName\":\"search_term_string\"}}],\"inLanguage\":\"pt-BR\"},{\"@type\":\"Organization\",\"@id\":\"https:\/\/bepet.pet\/loja\/#organization\",\"name\":\"BePet\",\"url\":\"https:\/\/bepet.pet\/loja\/\",\"logo\":{\"@type\":\"ImageObject\",\"inLanguage\":\"pt-BR\",\"@id\":\"https:\/\/bepet.pet\/loja\/#\/schema\/logo\/image\/\",\"url\":\"https:\/\/bepet.pet\/loja\/wp-content\/uploads\/2020\/10\/logo.jpg\",\"contentUrl\":\"https:\/\/bepet.pet\/loja\/wp-content\/uploads\/2020\/10\/logo.jpg\",\"width\":100,\"height\":99,\"caption\":\"BePet\"},\"image\":{\"@id\":\"https:\/\/bepet.pet\/loja\/#\/schema\/logo\/image\/\"}}]}<\/script>\n<!-- \/ Yoast SEO plugin. -->","yoast_head_json":{"title":"Ra\u00e7\u00e3o Golden F\u00f3rmula para C\u00e3es Adultos Sabor Carne e Arroz Bonus Bag pague 14 leve 15kg - BePet","robots":{"index":"index","follow":"follow","max-snippet":"max-snippet:-1","max-image-preview":"max-image-preview:large","max-video-preview":"max-video-preview:-1"},"canonical":"https:\/\/bepet.pet\/loja\/produto\/racao-golden-formula-para-caes-adultos-sabor-carne-e-arroz-bonus-bag-pague-14-leve-15kg\/","og_locale":"pt_BR","og_type":"article","og_title":"Ra\u00e7\u00e3o Golden F\u00f3rmula para C\u00e3es Adultos Sabor Carne e Arroz Bonus Bag pague 14 leve 15kg - BePet","og_description":"**Descubra a Ra\u00e7\u00e3o Golden F\u00f3rmula para C\u00e3es Adultos Sabor Carne e Arroz &#8211; Bonus Bag!** Proporcione o melhor para o seu amigo de quatro patas com a Ra\u00e7\u00e3o Golden F\u00f3rmula para C\u00e3es Adultos Sabor Carne e Arroz. Desenvolvida com ingredientes de alta qualidade, esta ra\u00e7\u00e3o \u00e9 ideal para atender \u00e0s necessidades nutricionais dos c\u00e3es adultos, garantindo uma alimenta\u00e7\u00e3o equilibrada e saborosa. **Vantagens do Produto:**&#8211; **Sabor Irresist\u00edvel:** A combina\u00e7\u00e3o de carne e arroz \u00e9 especialmente formulada para agradar o paladar dos c\u00e3es, tornando a hora da refei\u00e7\u00e3o um momento de prazer.&#8211; **Nutri\u00e7\u00e3o Completa:** Com uma f\u00f3rmula rica em prote\u00ednas, vitaminas e minerais, a Golden F\u00f3rmula promove a sa\u00fade e o bem-estar do seu pet, contribuindo para uma vida ativa e saud\u00e1vel.&#8211; **Bonus Bag:** Na compra de 14 kg, voc\u00ea leva 15 kg! Uma oportunidade imperd\u00edvel para garantir que seu c\u00e3o esteja sempre bem alimentado. **Ideal para:**C\u00e3es adultos de todas as ra\u00e7as que precisam de uma dieta equilibrada e nutritiva, com um sabor que eles v\u00e3o adorar. **Adquira j\u00e1 a sua Ra\u00e7\u00e3o Golden F\u00f3rmula e proporcione ao seu c\u00e3o uma alimenta\u00e7\u00e3o de qualidade!** Visite nosso site e fa\u00e7a seu pedido. Aproveite a promo\u00e7\u00e3o e garanta o bem-estar do seu melhor amigo!","og_url":"https:\/\/bepet.pet\/loja\/produto\/racao-golden-formula-para-caes-adultos-sabor-carne-e-arroz-bonus-bag-pague-14-leve-15kg\/","og_site_name":"BePet","article_modified_time":"2025-12-10T20:29:53+00:00","twitter_card":"summary_large_image","twitter_misc":{"Est. tempo de leitura":"1 minuto"},"schema":{"@context":"https:\/\/schema.org","@graph":[{"@type":"WebPage","@id":"https:\/\/bepet.pet\/loja\/produto\/racao-golden-formula-para-caes-adultos-sabor-carne-e-arroz-bonus-bag-pague-14-leve-15kg\/","url":"https:\/\/bepet.pet\/loja\/produto\/racao-golden-formula-para-caes-adultos-sabor-carne-e-arroz-bonus-bag-pague-14-leve-15kg\/","name":"Ra\u00e7\u00e3o Golden F\u00f3rmula para C\u00e3es Adultos Sabor Carne e Arroz Bonus Bag pague 14 leve 15kg - BePet","isPartOf":{"@id":"https:\/\/bepet.pet\/loja\/#website"},"primaryImageOfPage":{"@id":"https:\/\/bepet.pet\/loja\/produto\/racao-golden-formula-para-caes-adultos-sabor-carne-e-arroz-bonus-bag-pague-14-leve-15kg\/#primaryimage"},"image":{"@id":"https:\/\/bepet.pet\/loja\/produto\/racao-golden-formula-para-caes-adultos-sabor-carne-e-arroz-bonus-bag-pague-14-leve-15kg\/#primaryimage"},"thumbnailUrl":"https:\/\/bepet.pet\/loja\/wp-content\/uploads\/2025\/05\/pe9dd125b-fc86-4081-9907-cf398b1e9ef0.jpeg","datePublished":"2025-05-22T20:19:17+00:00","dateModified":"2025-12-10T20:29:53+00:00","breadcrumb":{"@id":"https:\/\/bepet.pet\/loja\/produto\/racao-golden-formula-para-caes-adultos-sabor-carne-e-arroz-bonus-bag-pague-14-leve-15kg\/#breadcrumb"},"inLanguage":"pt-BR","potentialAction":[{"@type":"ReadAction","target":["https:\/\/bepet.pet\/loja\/produto\/racao-golden-formula-para-caes-adultos-sabor-carne-e-arroz-bonus-bag-pague-14-leve-15kg\/"]}]},{"@type":"ImageObject","inLanguage":"pt-BR","@id":"https:\/\/bepet.pet\/loja\/produto\/racao-golden-formula-para-caes-adultos-sabor-carne-e-arroz-bonus-bag-pague-14-leve-15kg\/#primaryimage","url":"https:\/\/bepet.pet\/loja\/wp-content\/uploads\/2025\/05\/pe9dd125b-fc86-4081-9907-cf398b1e9ef0.jpeg","contentUrl":"https:\/\/bepet.pet\/loja\/wp-content\/uploads\/2025\/05\/pe9dd125b-fc86-4081-9907-cf398b1e9ef0.jpeg","width":1239,"height":2244},{"@type":"BreadcrumbList","@id":"https:\/\/bepet.pet\/loja\/produto\/racao-golden-formula-para-caes-adultos-sabor-carne-e-arroz-bonus-bag-pague-14-leve-15kg\/#breadcrumb","itemListElement":[{"@type":"ListItem","position":1,"name":"Home","item":"https:\/\/bepet.pet\/loja\/"},{"@type":"ListItem","position":2,"name":"Shop","item":"https:\/\/bepet.pet\/loja\/shop-2\/"},{"@type":"ListItem","position":3,"name":"Ra\u00e7\u00e3o Golden F\u00f3rmula para C\u00e3es Adultos Sabor Carne e Arroz Bonus Bag pague 14 leve 15kg"}]},{"@type":"WebSite","@id":"https:\/\/bepet.pet\/loja\/#website","url":"https:\/\/bepet.pet\/loja\/","name":"BePet","description":"Nossa vida \u00e9 cuidar do seu pet","publisher":{"@id":"https:\/\/bepet.pet\/loja\/#organization"},"potentialAction":[{"@type":"SearchAction","target":{"@type":"EntryPoint","urlTemplate":"https:\/\/bepet.pet\/loja\/?s={search_term_string}"},"query-input":{"@type":"PropertyValueSpecification","valueRequired":true,"valueName":"search_term_string"}}],"inLanguage":"pt-BR"},{"@type":"Organization","@id":"https:\/\/bepet.pet\/loja\/#organization","name":"BePet","url":"https:\/\/bepet.pet\/loja\/","logo":{"@type":"ImageObject","inLanguage":"pt-BR","@id":"https:\/\/bepet.pet\/loja\/#\/schema\/logo\/image\/","url":"https:\/\/bepet.pet\/loja\/wp-content\/uploads\/2020\/10\/logo.jpg","contentUrl":"https:\/\/bepet.pet\/loja\/wp-content\/uploads\/2020\/10\/logo.jpg","width":100,"height":99,"caption":"BePet"},"image":{"@id":"https:\/\/bepet.pet\/loja\/#\/schema\/logo\/image\/"}}]}},"jetpack_sharing_enabled":true,"_links":{"self":[{"href":"https:\/\/bepet.pet\/loja\/wp-json\/wp\/v2\/product\/10903","targetHints":{"allow":["GET"]}}],"collection":[{"href":"https:\/\/bepet.pet\/loja\/wp-json\/wp\/v2\/product"}],"about":[{"href":"https:\/\/bepet.pet\/loja\/wp-json\/wp\/v2\/types\/product"}],"replies":[{"embeddable":true,"href":"https:\/\/bepet.pet\/loja\/wp-json\/wp\/v2\/comments?post=10903"}],"wp:featuredmedia":[{"embeddable":true,"href":"https:\/\/bepet.pet\/loja\/wp-json\/wp\/v2\/media\/10902"}],"wp:attachment":[{"href":"https:\/\/bepet.pet\/loja\/wp-json\/wp\/v2\/media?parent=10903"}],"wp:term":[{"taxonomy":"product_brand","embeddable":true,"href":"https:\/\/bepet.pet\/loja\/wp-json\/wp\/v2\/product_brand?post=10903"},{"taxonomy":"product_cat","embeddable":true,"href":"https:\/\/bepet.pet\/loja\/wp-json\/wp\/v2\/product_cat?post=10903"},{"taxonomy":"product_tag","embeddable":true,"href":"https:\/\/bepet.pet\/loja\/wp-json\/wp\/v2\/product_tag?post=10903"}],"curies":[{"name":"wp","href":"https:\/\/api.w.org\/{rel}","templated":true}]}}