{"id":10826,"date":"2024-05-27T16:11:11","date_gmt":"2024-05-27T19:11:11","guid":{"rendered":"https:\/\/bepet.pet\/loja\/produto\/enzimac-500ml\/"},"modified":"2025-12-10T16:53:24","modified_gmt":"2025-12-10T19:53:24","slug":"enzimac-500ml","status":"publish","type":"product","link":"https:\/\/bepet.pet\/loja\/produto\/enzimac-500ml\/","title":{"rendered":"ENZIMAC &#8211; 500ML"},"content":{"rendered":"<p>Conhe\u00e7a o ENZIMAC &#8211; 500ML, o produto que vai revolucionar a forma como voc\u00ea cuida da limpeza da sua casa. Com uma f\u00f3rmula inovadora e eficaz, o ENZIMAC \u00e9 ideal para eliminar manchas dif\u00edceis, odores desagrad\u00e1veis e res\u00edduos de sujeira de forma r\u00e1pida e pr\u00e1tica.<\/p>\n<p>Com sua a\u00e7\u00e3o enzim\u00e1tica, o ENZIMAC age diretamente na fonte do problema, garantindo uma limpeza profunda e duradoura. Al\u00e9m disso, sua embalagem de 500ML \u00e9 perfeita para ser utilizada em diferentes ambientes, como cozinha, banheiro, \u00e1rea de servi\u00e7o e muito mais.<\/p>\n<p>N\u00e3o perca mais tempo com produtos que n\u00e3o entregam os resultados prometidos. Experimente o ENZIMAC &#8211; 500ML e descubra o poder da limpeza eficiente e de qualidade. Adquira j\u00e1 o seu e transforme a forma como voc\u00ea cuida da sua casa!<\/p>\n","protected":false},"excerpt":{"rendered":"<p>Conhe\u00e7a o ENZIMAC &#8211; 500ML, o produto que vai revolucionar a forma como voc\u00ea cuida da limpeza da sua casa. Com uma f\u00f3rmula inovadora e eficaz, o ENZIMAC \u00e9 ideal para eliminar manchas dif\u00edceis, odores desagrad\u00e1veis e res\u00edduos de sujeira de forma r\u00e1pida e pr\u00e1tica. Com sua a\u00e7\u00e3o enzim\u00e1tica, o ENZIMAC age diretamente na fonte do problema, garantindo uma limpeza profunda e duradoura. Al\u00e9m disso, sua embalagem de 500ML \u00e9 perfeita para ser utilizada em diferentes ambientes, como cozinha, banheiro, \u00e1rea de servi\u00e7o e muito mais. N\u00e3o perca mais tempo com produtos que n\u00e3o entregam os resultados prometidos. Experimente o ENZIMAC &#8211; 500ML e descubra o poder da limpeza eficiente e de qualidade. Adquira j\u00e1 o seu e transforme a forma como voc\u00ea cuida da sua casa!<\/p>\n","protected":false},"featured_media":10825,"comment_status":"open","ping_status":"closed","template":"","meta":{"_kadence_starter_templates_imported_post":false},"product_brand":[],"product_cat":[122],"product_tag":[],"class_list":{"0":"post-10826","1":"product","2":"type-product","3":"status-publish","4":"has-post-thumbnail","6":"product_cat-higiene-e-limpeza","9":"first","10":"outofstock","11":"shipping-taxable","12":"purchasable","13":"product-type-simple"},"yoast_head":"<!-- This site is optimized with the Yoast SEO plugin v25.5 - https:\/\/yoast.com\/wordpress\/plugins\/seo\/ -->\n<title>ENZIMAC - 500ML - BePet<\/title>\n<meta name=\"robots\" content=\"index, follow, max-snippet:-1, max-image-preview:large, max-video-preview:-1\" \/>\n<link rel=\"canonical\" href=\"https:\/\/bepet.pet\/loja\/produto\/enzimac-500ml\/\" \/>\n<meta property=\"og:locale\" content=\"pt_BR\" \/>\n<meta property=\"og:type\" content=\"article\" \/>\n<meta property=\"og:title\" content=\"ENZIMAC - 500ML - BePet\" \/>\n<meta property=\"og:description\" content=\"Conhe\u00e7a o ENZIMAC &#8211; 500ML, o produto que vai revolucionar a forma como voc\u00ea cuida da limpeza da sua casa. Com uma f\u00f3rmula inovadora e eficaz, o ENZIMAC \u00e9 ideal para eliminar manchas dif\u00edceis, odores desagrad\u00e1veis e res\u00edduos de sujeira de forma r\u00e1pida e pr\u00e1tica. Com sua a\u00e7\u00e3o enzim\u00e1tica, o ENZIMAC age diretamente na fonte do problema, garantindo uma limpeza profunda e duradoura. Al\u00e9m disso, sua embalagem de 500ML \u00e9 perfeita para ser utilizada em diferentes ambientes, como cozinha, banheiro, \u00e1rea de servi\u00e7o e muito mais. N\u00e3o perca mais tempo com produtos que n\u00e3o entregam os resultados prometidos. Experimente o ENZIMAC &#8211; 500ML e descubra o poder da limpeza eficiente e de qualidade. Adquira j\u00e1 o seu e transforme a forma como voc\u00ea cuida da sua casa!\" \/>\n<meta property=\"og:url\" content=\"https:\/\/bepet.pet\/loja\/produto\/enzimac-500ml\/\" \/>\n<meta property=\"og:site_name\" content=\"BePet\" \/>\n<meta property=\"article:modified_time\" content=\"2025-12-10T19:53:24+00:00\" \/>\n<meta property=\"og:image\" content=\"https:\/\/bepet.pet\/loja\/wp-content\/uploads\/2024\/05\/pefc440e7-4d5e-49b1-a106-75e77776c38e.png\" \/>\n\t<meta property=\"og:image:width\" content=\"800\" \/>\n\t<meta property=\"og:image:height\" content=\"789\" \/>\n\t<meta property=\"og:image:type\" content=\"image\/png\" \/>\n<meta name=\"twitter:card\" content=\"summary_large_image\" \/>\n<meta name=\"twitter:label1\" content=\"Est. tempo de leitura\" \/>\n\t<meta name=\"twitter:data1\" content=\"1 minuto\" \/>\n<script type=\"application\/ld+json\" class=\"yoast-schema-graph\">{\"@context\":\"https:\/\/schema.org\",\"@graph\":[{\"@type\":\"WebPage\",\"@id\":\"https:\/\/bepet.pet\/loja\/produto\/enzimac-500ml\/\",\"url\":\"https:\/\/bepet.pet\/loja\/produto\/enzimac-500ml\/\",\"name\":\"ENZIMAC - 500ML - BePet\",\"isPartOf\":{\"@id\":\"https:\/\/bepet.pet\/loja\/#website\"},\"primaryImageOfPage\":{\"@id\":\"https:\/\/bepet.pet\/loja\/produto\/enzimac-500ml\/#primaryimage\"},\"image\":{\"@id\":\"https:\/\/bepet.pet\/loja\/produto\/enzimac-500ml\/#primaryimage\"},\"thumbnailUrl\":\"https:\/\/bepet.pet\/loja\/wp-content\/uploads\/2024\/05\/pefc440e7-4d5e-49b1-a106-75e77776c38e.png\",\"datePublished\":\"2024-05-27T19:11:11+00:00\",\"dateModified\":\"2025-12-10T19:53:24+00:00\",\"breadcrumb\":{\"@id\":\"https:\/\/bepet.pet\/loja\/produto\/enzimac-500ml\/#breadcrumb\"},\"inLanguage\":\"pt-BR\",\"potentialAction\":[{\"@type\":\"ReadAction\",\"target\":[\"https:\/\/bepet.pet\/loja\/produto\/enzimac-500ml\/\"]}]},{\"@type\":\"ImageObject\",\"inLanguage\":\"pt-BR\",\"@id\":\"https:\/\/bepet.pet\/loja\/produto\/enzimac-500ml\/#primaryimage\",\"url\":\"https:\/\/bepet.pet\/loja\/wp-content\/uploads\/2024\/05\/pefc440e7-4d5e-49b1-a106-75e77776c38e.png\",\"contentUrl\":\"https:\/\/bepet.pet\/loja\/wp-content\/uploads\/2024\/05\/pefc440e7-4d5e-49b1-a106-75e77776c38e.png\",\"width\":800,\"height\":789},{\"@type\":\"BreadcrumbList\",\"@id\":\"https:\/\/bepet.pet\/loja\/produto\/enzimac-500ml\/#breadcrumb\",\"itemListElement\":[{\"@type\":\"ListItem\",\"position\":1,\"name\":\"Home\",\"item\":\"https:\/\/bepet.pet\/loja\/\"},{\"@type\":\"ListItem\",\"position\":2,\"name\":\"Shop\",\"item\":\"https:\/\/bepet.pet\/loja\/shop-2\/\"},{\"@type\":\"ListItem\",\"position\":3,\"name\":\"ENZIMAC &#8211; 500ML\"}]},{\"@type\":\"WebSite\",\"@id\":\"https:\/\/bepet.pet\/loja\/#website\",\"url\":\"https:\/\/bepet.pet\/loja\/\",\"name\":\"BePet\",\"description\":\"Nossa vida \u00e9 cuidar do seu pet\",\"publisher\":{\"@id\":\"https:\/\/bepet.pet\/loja\/#organization\"},\"potentialAction\":[{\"@type\":\"SearchAction\",\"target\":{\"@type\":\"EntryPoint\",\"urlTemplate\":\"https:\/\/bepet.pet\/loja\/?s={search_term_string}\"},\"query-input\":{\"@type\":\"PropertyValueSpecification\",\"valueRequired\":true,\"valueName\":\"search_term_string\"}}],\"inLanguage\":\"pt-BR\"},{\"@type\":\"Organization\",\"@id\":\"https:\/\/bepet.pet\/loja\/#organization\",\"name\":\"BePet\",\"url\":\"https:\/\/bepet.pet\/loja\/\",\"logo\":{\"@type\":\"ImageObject\",\"inLanguage\":\"pt-BR\",\"@id\":\"https:\/\/bepet.pet\/loja\/#\/schema\/logo\/image\/\",\"url\":\"https:\/\/bepet.pet\/loja\/wp-content\/uploads\/2020\/10\/logo.jpg\",\"contentUrl\":\"https:\/\/bepet.pet\/loja\/wp-content\/uploads\/2020\/10\/logo.jpg\",\"width\":100,\"height\":99,\"caption\":\"BePet\"},\"image\":{\"@id\":\"https:\/\/bepet.pet\/loja\/#\/schema\/logo\/image\/\"}}]}<\/script>\n<!-- \/ Yoast SEO plugin. -->","yoast_head_json":{"title":"ENZIMAC - 500ML - BePet","robots":{"index":"index","follow":"follow","max-snippet":"max-snippet:-1","max-image-preview":"max-image-preview:large","max-video-preview":"max-video-preview:-1"},"canonical":"https:\/\/bepet.pet\/loja\/produto\/enzimac-500ml\/","og_locale":"pt_BR","og_type":"article","og_title":"ENZIMAC - 500ML - BePet","og_description":"Conhe\u00e7a o ENZIMAC &#8211; 500ML, o produto que vai revolucionar a forma como voc\u00ea cuida da limpeza da sua casa. Com uma f\u00f3rmula inovadora e eficaz, o ENZIMAC \u00e9 ideal para eliminar manchas dif\u00edceis, odores desagrad\u00e1veis e res\u00edduos de sujeira de forma r\u00e1pida e pr\u00e1tica. Com sua a\u00e7\u00e3o enzim\u00e1tica, o ENZIMAC age diretamente na fonte do problema, garantindo uma limpeza profunda e duradoura. Al\u00e9m disso, sua embalagem de 500ML \u00e9 perfeita para ser utilizada em diferentes ambientes, como cozinha, banheiro, \u00e1rea de servi\u00e7o e muito mais. N\u00e3o perca mais tempo com produtos que n\u00e3o entregam os resultados prometidos. Experimente o ENZIMAC &#8211; 500ML e descubra o poder da limpeza eficiente e de qualidade. Adquira j\u00e1 o seu e transforme a forma como voc\u00ea cuida da sua casa!","og_url":"https:\/\/bepet.pet\/loja\/produto\/enzimac-500ml\/","og_site_name":"BePet","article_modified_time":"2025-12-10T19:53:24+00:00","og_image":[{"width":800,"height":789,"url":"https:\/\/bepet.pet\/loja\/wp-content\/uploads\/2024\/05\/pefc440e7-4d5e-49b1-a106-75e77776c38e.png","type":"image\/png"}],"twitter_card":"summary_large_image","twitter_misc":{"Est. tempo de leitura":"1 minuto"},"schema":{"@context":"https:\/\/schema.org","@graph":[{"@type":"WebPage","@id":"https:\/\/bepet.pet\/loja\/produto\/enzimac-500ml\/","url":"https:\/\/bepet.pet\/loja\/produto\/enzimac-500ml\/","name":"ENZIMAC - 500ML - BePet","isPartOf":{"@id":"https:\/\/bepet.pet\/loja\/#website"},"primaryImageOfPage":{"@id":"https:\/\/bepet.pet\/loja\/produto\/enzimac-500ml\/#primaryimage"},"image":{"@id":"https:\/\/bepet.pet\/loja\/produto\/enzimac-500ml\/#primaryimage"},"thumbnailUrl":"https:\/\/bepet.pet\/loja\/wp-content\/uploads\/2024\/05\/pefc440e7-4d5e-49b1-a106-75e77776c38e.png","datePublished":"2024-05-27T19:11:11+00:00","dateModified":"2025-12-10T19:53:24+00:00","breadcrumb":{"@id":"https:\/\/bepet.pet\/loja\/produto\/enzimac-500ml\/#breadcrumb"},"inLanguage":"pt-BR","potentialAction":[{"@type":"ReadAction","target":["https:\/\/bepet.pet\/loja\/produto\/enzimac-500ml\/"]}]},{"@type":"ImageObject","inLanguage":"pt-BR","@id":"https:\/\/bepet.pet\/loja\/produto\/enzimac-500ml\/#primaryimage","url":"https:\/\/bepet.pet\/loja\/wp-content\/uploads\/2024\/05\/pefc440e7-4d5e-49b1-a106-75e77776c38e.png","contentUrl":"https:\/\/bepet.pet\/loja\/wp-content\/uploads\/2024\/05\/pefc440e7-4d5e-49b1-a106-75e77776c38e.png","width":800,"height":789},{"@type":"BreadcrumbList","@id":"https:\/\/bepet.pet\/loja\/produto\/enzimac-500ml\/#breadcrumb","itemListElement":[{"@type":"ListItem","position":1,"name":"Home","item":"https:\/\/bepet.pet\/loja\/"},{"@type":"ListItem","position":2,"name":"Shop","item":"https:\/\/bepet.pet\/loja\/shop-2\/"},{"@type":"ListItem","position":3,"name":"ENZIMAC &#8211; 500ML"}]},{"@type":"WebSite","@id":"https:\/\/bepet.pet\/loja\/#website","url":"https:\/\/bepet.pet\/loja\/","name":"BePet","description":"Nossa vida \u00e9 cuidar do seu pet","publisher":{"@id":"https:\/\/bepet.pet\/loja\/#organization"},"potentialAction":[{"@type":"SearchAction","target":{"@type":"EntryPoint","urlTemplate":"https:\/\/bepet.pet\/loja\/?s={search_term_string}"},"query-input":{"@type":"PropertyValueSpecification","valueRequired":true,"valueName":"search_term_string"}}],"inLanguage":"pt-BR"},{"@type":"Organization","@id":"https:\/\/bepet.pet\/loja\/#organization","name":"BePet","url":"https:\/\/bepet.pet\/loja\/","logo":{"@type":"ImageObject","inLanguage":"pt-BR","@id":"https:\/\/bepet.pet\/loja\/#\/schema\/logo\/image\/","url":"https:\/\/bepet.pet\/loja\/wp-content\/uploads\/2020\/10\/logo.jpg","contentUrl":"https:\/\/bepet.pet\/loja\/wp-content\/uploads\/2020\/10\/logo.jpg","width":100,"height":99,"caption":"BePet"},"image":{"@id":"https:\/\/bepet.pet\/loja\/#\/schema\/logo\/image\/"}}]}},"jetpack_sharing_enabled":true,"_links":{"self":[{"href":"https:\/\/bepet.pet\/loja\/wp-json\/wp\/v2\/product\/10826","targetHints":{"allow":["GET"]}}],"collection":[{"href":"https:\/\/bepet.pet\/loja\/wp-json\/wp\/v2\/product"}],"about":[{"href":"https:\/\/bepet.pet\/loja\/wp-json\/wp\/v2\/types\/product"}],"replies":[{"embeddable":true,"href":"https:\/\/bepet.pet\/loja\/wp-json\/wp\/v2\/comments?post=10826"}],"wp:featuredmedia":[{"embeddable":true,"href":"https:\/\/bepet.pet\/loja\/wp-json\/wp\/v2\/media\/10825"}],"wp:attachment":[{"href":"https:\/\/bepet.pet\/loja\/wp-json\/wp\/v2\/media?parent=10826"}],"wp:term":[{"taxonomy":"product_brand","embeddable":true,"href":"https:\/\/bepet.pet\/loja\/wp-json\/wp\/v2\/product_brand?post=10826"},{"taxonomy":"product_cat","embeddable":true,"href":"https:\/\/bepet.pet\/loja\/wp-json\/wp\/v2\/product_cat?post=10826"},{"taxonomy":"product_tag","embeddable":true,"href":"https:\/\/bepet.pet\/loja\/wp-json\/wp\/v2\/product_tag?post=10826"}],"curies":[{"name":"wp","href":"https:\/\/api.w.org\/{rel}","templated":true}]}}