{"id":10793,"date":"2024-04-26T15:28:46","date_gmt":"2024-04-26T18:28:46","guid":{"rendered":"https:\/\/bepet.pet\/loja\/produto\/defenza-antipulgas-bicho-de-pe-carrapatos-e-sarnas-caes-de-45-a-10-kg-1-comp-mastigavel-100mg-msd-saude-animal\/"},"modified":"2025-12-10T17:38:15","modified_gmt":"2025-12-10T20:38:15","slug":"defenza-antipulgas-bicho-de-pe-carrapatos-e-sarnas-caes-de-45-a-10-kg-1-comp-mastigavel-100mg-msd-saude-animal","status":"publish","type":"product","link":"https:\/\/bepet.pet\/loja\/produto\/defenza-antipulgas-bicho-de-pe-carrapatos-e-sarnas-caes-de-45-a-10-kg-1-comp-mastigavel-100mg-msd-saude-animal\/","title":{"rendered":"Defenza &#8211; Antipulgas, Bicho-de-P\u00e9, Carrapatos e Sarnas &#8211; C\u00e3es de 4,5 a 10 kg &#8211; 1 Comp. Mastig\u00e1vel 100mg &#8211; MSD Sa\u00fade Animal"},"content":{"rendered":"<p>Conhe\u00e7a o Defenza, o antipulgas perfeito para c\u00e3es de 4,5 a 10 kg. Com uma f\u00f3rmula eficaz contra pulgas, bicho-de-p\u00e9, carrapatos e sarnas, o Defenza \u00e9 o aliado ideal para manter seu pet protegido de infesta\u00e7\u00f5es indesejadas. <\/p>\n<p>O Defenza \u00e9 um comprimido mastig\u00e1vel de 100mg desenvolvido pela MSD Sa\u00fade Animal, garantindo a seguran\u00e7a e efic\u00e1cia que seu animal de estima\u00e7\u00e3o merece. Proteja seu c\u00e3o e proporcione a ele uma vida livre de parasitas com o Defenza. Garanta j\u00e1 o seu e mantenha seu pet saud\u00e1vel e feliz.<\/p>\n","protected":false},"excerpt":{"rendered":"<p>Conhe\u00e7a o Defenza, o antipulgas perfeito para c\u00e3es de 4,5 a 10 kg. Com uma f\u00f3rmula eficaz contra pulgas, bicho-de-p\u00e9, carrapatos e sarnas, o Defenza \u00e9 o aliado ideal para manter seu pet protegido de infesta\u00e7\u00f5es indesejadas. O Defenza \u00e9 um comprimido mastig\u00e1vel de 100mg desenvolvido pela MSD Sa\u00fade Animal, garantindo a seguran\u00e7a e efic\u00e1cia que seu animal de estima\u00e7\u00e3o merece. Proteja seu c\u00e3o e proporcione a ele uma vida livre de parasitas com o Defenza. Garanta j\u00e1 o seu e mantenha seu pet saud\u00e1vel e feliz.<\/p>\n","protected":false},"featured_media":10791,"comment_status":"open","ping_status":"closed","template":"","meta":{"_kadence_starter_templates_imported_post":false},"product_brand":[],"product_cat":[124,125],"product_tag":[],"class_list":{"0":"post-10793","1":"product","2":"type-product","3":"status-publish","4":"has-post-thumbnail","6":"product_cat-antipulgas","7":"product_cat-antipulgas-caes","10":"first","11":"instock","12":"shipping-taxable","13":"purchasable","14":"product-type-simple"},"yoast_head":"<!-- This site is optimized with the Yoast SEO plugin v25.5 - https:\/\/yoast.com\/wordpress\/plugins\/seo\/ -->\n<title>Defenza - Antipulgas, Bicho-de-P\u00e9, Carrapatos e Sarnas - C\u00e3es de 4,5 a 10 kg - 1 Comp. Mastig\u00e1vel 100mg - MSD Sa\u00fade Animal - BePet<\/title>\n<meta name=\"robots\" content=\"index, follow, max-snippet:-1, max-image-preview:large, max-video-preview:-1\" \/>\n<link rel=\"canonical\" href=\"https:\/\/bepet.pet\/loja\/produto\/defenza-antipulgas-bicho-de-pe-carrapatos-e-sarnas-caes-de-45-a-10-kg-1-comp-mastigavel-100mg-msd-saude-animal\/\" \/>\n<meta property=\"og:locale\" content=\"pt_BR\" \/>\n<meta property=\"og:type\" content=\"article\" \/>\n<meta property=\"og:title\" content=\"Defenza - Antipulgas, Bicho-de-P\u00e9, Carrapatos e Sarnas - C\u00e3es de 4,5 a 10 kg - 1 Comp. Mastig\u00e1vel 100mg - MSD Sa\u00fade Animal - BePet\" \/>\n<meta property=\"og:description\" content=\"Conhe\u00e7a o Defenza, o antipulgas perfeito para c\u00e3es de 4,5 a 10 kg. Com uma f\u00f3rmula eficaz contra pulgas, bicho-de-p\u00e9, carrapatos e sarnas, o Defenza \u00e9 o aliado ideal para manter seu pet protegido de infesta\u00e7\u00f5es indesejadas. O Defenza \u00e9 um comprimido mastig\u00e1vel de 100mg desenvolvido pela MSD Sa\u00fade Animal, garantindo a seguran\u00e7a e efic\u00e1cia que seu animal de estima\u00e7\u00e3o merece. Proteja seu c\u00e3o e proporcione a ele uma vida livre de parasitas com o Defenza. Garanta j\u00e1 o seu e mantenha seu pet saud\u00e1vel e feliz.\" \/>\n<meta property=\"og:url\" content=\"https:\/\/bepet.pet\/loja\/produto\/defenza-antipulgas-bicho-de-pe-carrapatos-e-sarnas-caes-de-45-a-10-kg-1-comp-mastigavel-100mg-msd-saude-animal\/\" \/>\n<meta property=\"og:site_name\" content=\"BePet\" \/>\n<meta property=\"article:modified_time\" content=\"2025-12-10T20:38:15+00:00\" \/>\n<meta property=\"og:image\" content=\"https:\/\/bepet.pet\/loja\/wp-content\/uploads\/2024\/04\/pedf5427a-326c-47a4-90b3-bcc67ed12978.png\" \/>\n\t<meta property=\"og:image:width\" content=\"800\" \/>\n\t<meta property=\"og:image:height\" content=\"800\" \/>\n\t<meta property=\"og:image:type\" content=\"image\/png\" \/>\n<meta name=\"twitter:card\" content=\"summary_large_image\" \/>\n<script type=\"application\/ld+json\" class=\"yoast-schema-graph\">{\"@context\":\"https:\/\/schema.org\",\"@graph\":[{\"@type\":\"WebPage\",\"@id\":\"https:\/\/bepet.pet\/loja\/produto\/defenza-antipulgas-bicho-de-pe-carrapatos-e-sarnas-caes-de-45-a-10-kg-1-comp-mastigavel-100mg-msd-saude-animal\/\",\"url\":\"https:\/\/bepet.pet\/loja\/produto\/defenza-antipulgas-bicho-de-pe-carrapatos-e-sarnas-caes-de-45-a-10-kg-1-comp-mastigavel-100mg-msd-saude-animal\/\",\"name\":\"Defenza - Antipulgas, Bicho-de-P\u00e9, Carrapatos e Sarnas - C\u00e3es de 4,5 a 10 kg - 1 Comp. Mastig\u00e1vel 100mg - MSD Sa\u00fade Animal - BePet\",\"isPartOf\":{\"@id\":\"https:\/\/bepet.pet\/loja\/#website\"},\"primaryImageOfPage\":{\"@id\":\"https:\/\/bepet.pet\/loja\/produto\/defenza-antipulgas-bicho-de-pe-carrapatos-e-sarnas-caes-de-45-a-10-kg-1-comp-mastigavel-100mg-msd-saude-animal\/#primaryimage\"},\"image\":{\"@id\":\"https:\/\/bepet.pet\/loja\/produto\/defenza-antipulgas-bicho-de-pe-carrapatos-e-sarnas-caes-de-45-a-10-kg-1-comp-mastigavel-100mg-msd-saude-animal\/#primaryimage\"},\"thumbnailUrl\":\"https:\/\/bepet.pet\/loja\/wp-content\/uploads\/2024\/04\/pedf5427a-326c-47a4-90b3-bcc67ed12978.png\",\"datePublished\":\"2024-04-26T18:28:46+00:00\",\"dateModified\":\"2025-12-10T20:38:15+00:00\",\"breadcrumb\":{\"@id\":\"https:\/\/bepet.pet\/loja\/produto\/defenza-antipulgas-bicho-de-pe-carrapatos-e-sarnas-caes-de-45-a-10-kg-1-comp-mastigavel-100mg-msd-saude-animal\/#breadcrumb\"},\"inLanguage\":\"pt-BR\",\"potentialAction\":[{\"@type\":\"ReadAction\",\"target\":[\"https:\/\/bepet.pet\/loja\/produto\/defenza-antipulgas-bicho-de-pe-carrapatos-e-sarnas-caes-de-45-a-10-kg-1-comp-mastigavel-100mg-msd-saude-animal\/\"]}]},{\"@type\":\"ImageObject\",\"inLanguage\":\"pt-BR\",\"@id\":\"https:\/\/bepet.pet\/loja\/produto\/defenza-antipulgas-bicho-de-pe-carrapatos-e-sarnas-caes-de-45-a-10-kg-1-comp-mastigavel-100mg-msd-saude-animal\/#primaryimage\",\"url\":\"https:\/\/bepet.pet\/loja\/wp-content\/uploads\/2024\/04\/pedf5427a-326c-47a4-90b3-bcc67ed12978.png\",\"contentUrl\":\"https:\/\/bepet.pet\/loja\/wp-content\/uploads\/2024\/04\/pedf5427a-326c-47a4-90b3-bcc67ed12978.png\",\"width\":800,\"height\":800},{\"@type\":\"BreadcrumbList\",\"@id\":\"https:\/\/bepet.pet\/loja\/produto\/defenza-antipulgas-bicho-de-pe-carrapatos-e-sarnas-caes-de-45-a-10-kg-1-comp-mastigavel-100mg-msd-saude-animal\/#breadcrumb\",\"itemListElement\":[{\"@type\":\"ListItem\",\"position\":1,\"name\":\"Home\",\"item\":\"https:\/\/bepet.pet\/loja\/\"},{\"@type\":\"ListItem\",\"position\":2,\"name\":\"Shop\",\"item\":\"https:\/\/bepet.pet\/loja\/shop-2\/\"},{\"@type\":\"ListItem\",\"position\":3,\"name\":\"Defenza &#8211; Antipulgas, Bicho-de-P\u00e9, Carrapatos e Sarnas &#8211; C\u00e3es de 4,5 a 10 kg &#8211; 1 Comp. Mastig\u00e1vel 100mg &#8211; MSD Sa\u00fade Animal\"}]},{\"@type\":\"WebSite\",\"@id\":\"https:\/\/bepet.pet\/loja\/#website\",\"url\":\"https:\/\/bepet.pet\/loja\/\",\"name\":\"BePet\",\"description\":\"Nossa vida \u00e9 cuidar do seu pet\",\"publisher\":{\"@id\":\"https:\/\/bepet.pet\/loja\/#organization\"},\"potentialAction\":[{\"@type\":\"SearchAction\",\"target\":{\"@type\":\"EntryPoint\",\"urlTemplate\":\"https:\/\/bepet.pet\/loja\/?s={search_term_string}\"},\"query-input\":{\"@type\":\"PropertyValueSpecification\",\"valueRequired\":true,\"valueName\":\"search_term_string\"}}],\"inLanguage\":\"pt-BR\"},{\"@type\":\"Organization\",\"@id\":\"https:\/\/bepet.pet\/loja\/#organization\",\"name\":\"BePet\",\"url\":\"https:\/\/bepet.pet\/loja\/\",\"logo\":{\"@type\":\"ImageObject\",\"inLanguage\":\"pt-BR\",\"@id\":\"https:\/\/bepet.pet\/loja\/#\/schema\/logo\/image\/\",\"url\":\"https:\/\/bepet.pet\/loja\/wp-content\/uploads\/2020\/10\/logo.jpg\",\"contentUrl\":\"https:\/\/bepet.pet\/loja\/wp-content\/uploads\/2020\/10\/logo.jpg\",\"width\":100,\"height\":99,\"caption\":\"BePet\"},\"image\":{\"@id\":\"https:\/\/bepet.pet\/loja\/#\/schema\/logo\/image\/\"}}]}<\/script>\n<!-- \/ Yoast SEO plugin. -->","yoast_head_json":{"title":"Defenza - Antipulgas, Bicho-de-P\u00e9, Carrapatos e Sarnas - C\u00e3es de 4,5 a 10 kg - 1 Comp. Mastig\u00e1vel 100mg - MSD Sa\u00fade Animal - BePet","robots":{"index":"index","follow":"follow","max-snippet":"max-snippet:-1","max-image-preview":"max-image-preview:large","max-video-preview":"max-video-preview:-1"},"canonical":"https:\/\/bepet.pet\/loja\/produto\/defenza-antipulgas-bicho-de-pe-carrapatos-e-sarnas-caes-de-45-a-10-kg-1-comp-mastigavel-100mg-msd-saude-animal\/","og_locale":"pt_BR","og_type":"article","og_title":"Defenza - Antipulgas, Bicho-de-P\u00e9, Carrapatos e Sarnas - C\u00e3es de 4,5 a 10 kg - 1 Comp. Mastig\u00e1vel 100mg - MSD Sa\u00fade Animal - BePet","og_description":"Conhe\u00e7a o Defenza, o antipulgas perfeito para c\u00e3es de 4,5 a 10 kg. Com uma f\u00f3rmula eficaz contra pulgas, bicho-de-p\u00e9, carrapatos e sarnas, o Defenza \u00e9 o aliado ideal para manter seu pet protegido de infesta\u00e7\u00f5es indesejadas. O Defenza \u00e9 um comprimido mastig\u00e1vel de 100mg desenvolvido pela MSD Sa\u00fade Animal, garantindo a seguran\u00e7a e efic\u00e1cia que seu animal de estima\u00e7\u00e3o merece. Proteja seu c\u00e3o e proporcione a ele uma vida livre de parasitas com o Defenza. Garanta j\u00e1 o seu e mantenha seu pet saud\u00e1vel e feliz.","og_url":"https:\/\/bepet.pet\/loja\/produto\/defenza-antipulgas-bicho-de-pe-carrapatos-e-sarnas-caes-de-45-a-10-kg-1-comp-mastigavel-100mg-msd-saude-animal\/","og_site_name":"BePet","article_modified_time":"2025-12-10T20:38:15+00:00","og_image":[{"width":800,"height":800,"url":"https:\/\/bepet.pet\/loja\/wp-content\/uploads\/2024\/04\/pedf5427a-326c-47a4-90b3-bcc67ed12978.png","type":"image\/png"}],"twitter_card":"summary_large_image","schema":{"@context":"https:\/\/schema.org","@graph":[{"@type":"WebPage","@id":"https:\/\/bepet.pet\/loja\/produto\/defenza-antipulgas-bicho-de-pe-carrapatos-e-sarnas-caes-de-45-a-10-kg-1-comp-mastigavel-100mg-msd-saude-animal\/","url":"https:\/\/bepet.pet\/loja\/produto\/defenza-antipulgas-bicho-de-pe-carrapatos-e-sarnas-caes-de-45-a-10-kg-1-comp-mastigavel-100mg-msd-saude-animal\/","name":"Defenza - Antipulgas, Bicho-de-P\u00e9, Carrapatos e Sarnas - C\u00e3es de 4,5 a 10 kg - 1 Comp. Mastig\u00e1vel 100mg - MSD Sa\u00fade Animal - BePet","isPartOf":{"@id":"https:\/\/bepet.pet\/loja\/#website"},"primaryImageOfPage":{"@id":"https:\/\/bepet.pet\/loja\/produto\/defenza-antipulgas-bicho-de-pe-carrapatos-e-sarnas-caes-de-45-a-10-kg-1-comp-mastigavel-100mg-msd-saude-animal\/#primaryimage"},"image":{"@id":"https:\/\/bepet.pet\/loja\/produto\/defenza-antipulgas-bicho-de-pe-carrapatos-e-sarnas-caes-de-45-a-10-kg-1-comp-mastigavel-100mg-msd-saude-animal\/#primaryimage"},"thumbnailUrl":"https:\/\/bepet.pet\/loja\/wp-content\/uploads\/2024\/04\/pedf5427a-326c-47a4-90b3-bcc67ed12978.png","datePublished":"2024-04-26T18:28:46+00:00","dateModified":"2025-12-10T20:38:15+00:00","breadcrumb":{"@id":"https:\/\/bepet.pet\/loja\/produto\/defenza-antipulgas-bicho-de-pe-carrapatos-e-sarnas-caes-de-45-a-10-kg-1-comp-mastigavel-100mg-msd-saude-animal\/#breadcrumb"},"inLanguage":"pt-BR","potentialAction":[{"@type":"ReadAction","target":["https:\/\/bepet.pet\/loja\/produto\/defenza-antipulgas-bicho-de-pe-carrapatos-e-sarnas-caes-de-45-a-10-kg-1-comp-mastigavel-100mg-msd-saude-animal\/"]}]},{"@type":"ImageObject","inLanguage":"pt-BR","@id":"https:\/\/bepet.pet\/loja\/produto\/defenza-antipulgas-bicho-de-pe-carrapatos-e-sarnas-caes-de-45-a-10-kg-1-comp-mastigavel-100mg-msd-saude-animal\/#primaryimage","url":"https:\/\/bepet.pet\/loja\/wp-content\/uploads\/2024\/04\/pedf5427a-326c-47a4-90b3-bcc67ed12978.png","contentUrl":"https:\/\/bepet.pet\/loja\/wp-content\/uploads\/2024\/04\/pedf5427a-326c-47a4-90b3-bcc67ed12978.png","width":800,"height":800},{"@type":"BreadcrumbList","@id":"https:\/\/bepet.pet\/loja\/produto\/defenza-antipulgas-bicho-de-pe-carrapatos-e-sarnas-caes-de-45-a-10-kg-1-comp-mastigavel-100mg-msd-saude-animal\/#breadcrumb","itemListElement":[{"@type":"ListItem","position":1,"name":"Home","item":"https:\/\/bepet.pet\/loja\/"},{"@type":"ListItem","position":2,"name":"Shop","item":"https:\/\/bepet.pet\/loja\/shop-2\/"},{"@type":"ListItem","position":3,"name":"Defenza &#8211; Antipulgas, Bicho-de-P\u00e9, Carrapatos e Sarnas &#8211; C\u00e3es de 4,5 a 10 kg &#8211; 1 Comp. Mastig\u00e1vel 100mg &#8211; MSD Sa\u00fade Animal"}]},{"@type":"WebSite","@id":"https:\/\/bepet.pet\/loja\/#website","url":"https:\/\/bepet.pet\/loja\/","name":"BePet","description":"Nossa vida \u00e9 cuidar do seu pet","publisher":{"@id":"https:\/\/bepet.pet\/loja\/#organization"},"potentialAction":[{"@type":"SearchAction","target":{"@type":"EntryPoint","urlTemplate":"https:\/\/bepet.pet\/loja\/?s={search_term_string}"},"query-input":{"@type":"PropertyValueSpecification","valueRequired":true,"valueName":"search_term_string"}}],"inLanguage":"pt-BR"},{"@type":"Organization","@id":"https:\/\/bepet.pet\/loja\/#organization","name":"BePet","url":"https:\/\/bepet.pet\/loja\/","logo":{"@type":"ImageObject","inLanguage":"pt-BR","@id":"https:\/\/bepet.pet\/loja\/#\/schema\/logo\/image\/","url":"https:\/\/bepet.pet\/loja\/wp-content\/uploads\/2020\/10\/logo.jpg","contentUrl":"https:\/\/bepet.pet\/loja\/wp-content\/uploads\/2020\/10\/logo.jpg","width":100,"height":99,"caption":"BePet"},"image":{"@id":"https:\/\/bepet.pet\/loja\/#\/schema\/logo\/image\/"}}]}},"jetpack_sharing_enabled":true,"_links":{"self":[{"href":"https:\/\/bepet.pet\/loja\/wp-json\/wp\/v2\/product\/10793","targetHints":{"allow":["GET"]}}],"collection":[{"href":"https:\/\/bepet.pet\/loja\/wp-json\/wp\/v2\/product"}],"about":[{"href":"https:\/\/bepet.pet\/loja\/wp-json\/wp\/v2\/types\/product"}],"replies":[{"embeddable":true,"href":"https:\/\/bepet.pet\/loja\/wp-json\/wp\/v2\/comments?post=10793"}],"wp:featuredmedia":[{"embeddable":true,"href":"https:\/\/bepet.pet\/loja\/wp-json\/wp\/v2\/media\/10791"}],"wp:attachment":[{"href":"https:\/\/bepet.pet\/loja\/wp-json\/wp\/v2\/media?parent=10793"}],"wp:term":[{"taxonomy":"product_brand","embeddable":true,"href":"https:\/\/bepet.pet\/loja\/wp-json\/wp\/v2\/product_brand?post=10793"},{"taxonomy":"product_cat","embeddable":true,"href":"https:\/\/bepet.pet\/loja\/wp-json\/wp\/v2\/product_cat?post=10793"},{"taxonomy":"product_tag","embeddable":true,"href":"https:\/\/bepet.pet\/loja\/wp-json\/wp\/v2\/product_tag?post=10793"}],"curies":[{"name":"wp","href":"https:\/\/api.w.org\/{rel}","templated":true}]}}