{"id":10401,"date":"2024-01-19T18:31:42","date_gmt":"2024-01-19T18:31:42","guid":{"rendered":"https:\/\/bepet.pet\/loja\/produto\/palinats-mix-de-vegetais-130g\/"},"modified":"2025-12-10T17:23:55","modified_gmt":"2025-12-10T20:23:55","slug":"palinats-mix-de-vegetais-130g","status":"publish","type":"product","link":"https:\/\/bepet.pet\/loja\/produto\/palinats-mix-de-vegetais-130g\/","title":{"rendered":"Palinats Mix de Vegetais 130g"},"content":{"rendered":"<p>Venha conhecer o Palinats Mix de nosso e-commerce! Se voc\u00ea est\u00e1 em busca de uma op\u00e7\u00e3o nutritiva e saborosa para incrementar suas refei\u00e7\u00f5es, encontrou o produto ideal.<\/p>\n<p>O Palinats Mix \u00e9 um mix de castanhas e frutas secas cuidadosamente selecionadas, que proporcionam um sabor \u00fanico e uma explos\u00e3o de nutrientes em cada mordida. Combinando o crocante das castanhas com o adocicado das frutas secas, esse mix \u00e9 perfeito para quem busca um lanche saud\u00e1vel e pr\u00e1tico.<\/p>\n<p>Al\u00e9m do sabor irresist\u00edvel, o Palinats Mix \u00e9 uma op\u00e7\u00e3o altamente nutritiva. As castanhas s\u00e3o fontes de gorduras boas, vitaminas e minerais essenciais para o bom funcionamento do organismo. J\u00e1 as frutas secas s\u00e3o ricas em fibras, vitaminas e antioxidantes, que contribuem para o fortalecimento do sistema imunol\u00f3gico e auxiliam na preven\u00e7\u00e3o de doen\u00e7as.<\/p>\n<p>Nossa equipe se preocupa em oferecer um produto de qualidade, por isso todas as castanhas e frutas secas passam por um rigoroso processo de sele\u00e7\u00e3o e s\u00e3o armazenadas de forma adequada, para que voc\u00ea receba um produto fresco e delicioso em sua casa.<\/p>\n<p>O Palinats Mix \u00e9 vers\u00e1til e pode ser consumido de diversas formas. Voc\u00ea pode sabore\u00e1-lo puro, como um lanche r\u00e1pido e pr\u00e1tico, ou adicion\u00e1-lo a iogurtes, saladas, sobremesas e at\u00e9 mesmo em receitas de p\u00e3es e bolos. Com tantas possibilidades, voc\u00ea nunca mais vai enjoar desse mix incr\u00edvel!<\/p>\n<p>Aproveite agora mesmo para adquirir o Palinats Mix em nosso e-commerce. Com apenas alguns cliques, voc\u00ea ter\u00e1 em m\u00e3os um produto de qualidade, que ir\u00e1 satisfazer seus desejos por um lanche saud\u00e1vel e saboroso. N\u00e3o perca tempo e experimente essa del\u00edcia que vai conquistar seu paladar e cuidar da sua sa\u00fade.<\/p>\n","protected":false},"excerpt":{"rendered":"<p>Venha conhecer o Palinats Mix de nosso e-commerce! Se voc\u00ea est\u00e1 em busca de uma op\u00e7\u00e3o nutritiva e saborosa para incrementar suas refei\u00e7\u00f5es, encontrou o produto ideal. O Palinats Mix \u00e9 um mix de castanhas e frutas secas cuidadosamente selecionadas, que proporcionam um sabor \u00fanico e uma explos\u00e3o de nutrientes em cada mordida. Combinando o crocante das castanhas com o adocicado das frutas secas, esse mix \u00e9 perfeito para quem busca um lanche saud\u00e1vel e pr\u00e1tico. Al\u00e9m do sabor irresist\u00edvel, o Palinats Mix \u00e9 uma op\u00e7\u00e3o altamente nutritiva. As castanhas s\u00e3o fontes de gorduras boas, vitaminas e minerais essenciais para o bom funcionamento do organismo. J\u00e1 as frutas secas s\u00e3o ricas em fibras, vitaminas e antioxidantes, que contribuem para o fortalecimento do sistema imunol\u00f3gico e auxiliam na preven\u00e7\u00e3o de doen\u00e7as. Nossa equipe se preocupa em oferecer um produto de qualidade, por isso todas as castanhas e frutas secas passam por um rigoroso processo de sele\u00e7\u00e3o e s\u00e3o armazenadas de forma adequada, para que voc\u00ea receba um produto fresco e delicioso em sua casa. O Palinats Mix \u00e9 vers\u00e1til e pode ser consumido de diversas formas. Voc\u00ea pode sabore\u00e1-lo puro, como um lanche r\u00e1pido e pr\u00e1tico, ou adicion\u00e1-lo a iogurtes, saladas,&hellip; <a class=\"read-more-link\" href=\"https:\/\/bepet.pet\/loja\/produto\/palinats-mix-de-vegetais-130g\/\">Read More<\/a><\/p>\n","protected":false},"featured_media":10407,"comment_status":"open","ping_status":"closed","template":"","meta":{"_kadence_starter_templates_imported_post":false},"product_brand":[],"product_cat":[123,139],"product_tag":[],"class_list":{"0":"post-10401","1":"product","2":"type-product","3":"status-publish","4":"has-post-thumbnail","6":"product_cat-petiscos","7":"product_cat-petiscos-caes","10":"first","11":"instock","12":"shipping-taxable","13":"purchasable","14":"product-type-simple"},"yoast_head":"<!-- This site is optimized with the Yoast SEO plugin v25.5 - https:\/\/yoast.com\/wordpress\/plugins\/seo\/ -->\n<title>Palinats Mix de Vegetais 130g - BePet<\/title>\n<meta name=\"robots\" content=\"index, follow, max-snippet:-1, max-image-preview:large, max-video-preview:-1\" \/>\n<link rel=\"canonical\" href=\"https:\/\/bepet.pet\/loja\/produto\/palinats-mix-de-vegetais-130g\/\" \/>\n<meta property=\"og:locale\" content=\"pt_BR\" \/>\n<meta property=\"og:type\" content=\"article\" \/>\n<meta property=\"og:title\" content=\"Palinats Mix de Vegetais 130g - BePet\" \/>\n<meta property=\"og:description\" content=\"Venha conhecer o Palinats Mix de nosso e-commerce! Se voc\u00ea est\u00e1 em busca de uma op\u00e7\u00e3o nutritiva e saborosa para incrementar suas refei\u00e7\u00f5es, encontrou o produto ideal. O Palinats Mix \u00e9 um mix de castanhas e frutas secas cuidadosamente selecionadas, que proporcionam um sabor \u00fanico e uma explos\u00e3o de nutrientes em cada mordida. Combinando o crocante das castanhas com o adocicado das frutas secas, esse mix \u00e9 perfeito para quem busca um lanche saud\u00e1vel e pr\u00e1tico. Al\u00e9m do sabor irresist\u00edvel, o Palinats Mix \u00e9 uma op\u00e7\u00e3o altamente nutritiva. As castanhas s\u00e3o fontes de gorduras boas, vitaminas e minerais essenciais para o bom funcionamento do organismo. J\u00e1 as frutas secas s\u00e3o ricas em fibras, vitaminas e antioxidantes, que contribuem para o fortalecimento do sistema imunol\u00f3gico e auxiliam na preven\u00e7\u00e3o de doen\u00e7as. Nossa equipe se preocupa em oferecer um produto de qualidade, por isso todas as castanhas e frutas secas passam por um rigoroso processo de sele\u00e7\u00e3o e s\u00e3o armazenadas de forma adequada, para que voc\u00ea receba um produto fresco e delicioso em sua casa. O Palinats Mix \u00e9 vers\u00e1til e pode ser consumido de diversas formas. Voc\u00ea pode sabore\u00e1-lo puro, como um lanche r\u00e1pido e pr\u00e1tico, ou adicion\u00e1-lo a iogurtes, saladas,&hellip; Read More\" \/>\n<meta property=\"og:url\" content=\"https:\/\/bepet.pet\/loja\/produto\/palinats-mix-de-vegetais-130g\/\" \/>\n<meta property=\"og:site_name\" content=\"BePet\" \/>\n<meta property=\"article:modified_time\" content=\"2025-12-10T20:23:55+00:00\" \/>\n<meta name=\"twitter:card\" content=\"summary_large_image\" \/>\n<meta name=\"twitter:label1\" content=\"Est. tempo de leitura\" \/>\n\t<meta name=\"twitter:data1\" content=\"1 minuto\" \/>\n<script type=\"application\/ld+json\" class=\"yoast-schema-graph\">{\"@context\":\"https:\/\/schema.org\",\"@graph\":[{\"@type\":\"WebPage\",\"@id\":\"https:\/\/bepet.pet\/loja\/produto\/palinats-mix-de-vegetais-130g\/\",\"url\":\"https:\/\/bepet.pet\/loja\/produto\/palinats-mix-de-vegetais-130g\/\",\"name\":\"Palinats Mix de Vegetais 130g - BePet\",\"isPartOf\":{\"@id\":\"https:\/\/bepet.pet\/loja\/#website\"},\"primaryImageOfPage\":{\"@id\":\"https:\/\/bepet.pet\/loja\/produto\/palinats-mix-de-vegetais-130g\/#primaryimage\"},\"image\":{\"@id\":\"https:\/\/bepet.pet\/loja\/produto\/palinats-mix-de-vegetais-130g\/#primaryimage\"},\"thumbnailUrl\":\"https:\/\/bepet.pet\/loja\/wp-content\/uploads\/2024\/01\/pf6fcfade-545f-4704-baba-f8f6fc2253be.png\",\"datePublished\":\"2024-01-19T18:31:42+00:00\",\"dateModified\":\"2025-12-10T20:23:55+00:00\",\"breadcrumb\":{\"@id\":\"https:\/\/bepet.pet\/loja\/produto\/palinats-mix-de-vegetais-130g\/#breadcrumb\"},\"inLanguage\":\"pt-BR\",\"potentialAction\":[{\"@type\":\"ReadAction\",\"target\":[\"https:\/\/bepet.pet\/loja\/produto\/palinats-mix-de-vegetais-130g\/\"]}]},{\"@type\":\"ImageObject\",\"inLanguage\":\"pt-BR\",\"@id\":\"https:\/\/bepet.pet\/loja\/produto\/palinats-mix-de-vegetais-130g\/#primaryimage\",\"url\":\"https:\/\/bepet.pet\/loja\/wp-content\/uploads\/2024\/01\/pf6fcfade-545f-4704-baba-f8f6fc2253be.png\",\"contentUrl\":\"https:\/\/bepet.pet\/loja\/wp-content\/uploads\/2024\/01\/pf6fcfade-545f-4704-baba-f8f6fc2253be.png\",\"width\":774,\"height\":800},{\"@type\":\"BreadcrumbList\",\"@id\":\"https:\/\/bepet.pet\/loja\/produto\/palinats-mix-de-vegetais-130g\/#breadcrumb\",\"itemListElement\":[{\"@type\":\"ListItem\",\"position\":1,\"name\":\"Home\",\"item\":\"https:\/\/bepet.pet\/loja\/\"},{\"@type\":\"ListItem\",\"position\":2,\"name\":\"Shop\",\"item\":\"https:\/\/bepet.pet\/loja\/shop-2\/\"},{\"@type\":\"ListItem\",\"position\":3,\"name\":\"Palinats Mix de Vegetais 130g\"}]},{\"@type\":\"WebSite\",\"@id\":\"https:\/\/bepet.pet\/loja\/#website\",\"url\":\"https:\/\/bepet.pet\/loja\/\",\"name\":\"BePet\",\"description\":\"Nossa vida \u00e9 cuidar do seu pet\",\"publisher\":{\"@id\":\"https:\/\/bepet.pet\/loja\/#organization\"},\"potentialAction\":[{\"@type\":\"SearchAction\",\"target\":{\"@type\":\"EntryPoint\",\"urlTemplate\":\"https:\/\/bepet.pet\/loja\/?s={search_term_string}\"},\"query-input\":{\"@type\":\"PropertyValueSpecification\",\"valueRequired\":true,\"valueName\":\"search_term_string\"}}],\"inLanguage\":\"pt-BR\"},{\"@type\":\"Organization\",\"@id\":\"https:\/\/bepet.pet\/loja\/#organization\",\"name\":\"BePet\",\"url\":\"https:\/\/bepet.pet\/loja\/\",\"logo\":{\"@type\":\"ImageObject\",\"inLanguage\":\"pt-BR\",\"@id\":\"https:\/\/bepet.pet\/loja\/#\/schema\/logo\/image\/\",\"url\":\"https:\/\/bepet.pet\/loja\/wp-content\/uploads\/2020\/10\/logo.jpg\",\"contentUrl\":\"https:\/\/bepet.pet\/loja\/wp-content\/uploads\/2020\/10\/logo.jpg\",\"width\":100,\"height\":99,\"caption\":\"BePet\"},\"image\":{\"@id\":\"https:\/\/bepet.pet\/loja\/#\/schema\/logo\/image\/\"}}]}<\/script>\n<!-- \/ Yoast SEO plugin. -->","yoast_head_json":{"title":"Palinats Mix de Vegetais 130g - BePet","robots":{"index":"index","follow":"follow","max-snippet":"max-snippet:-1","max-image-preview":"max-image-preview:large","max-video-preview":"max-video-preview:-1"},"canonical":"https:\/\/bepet.pet\/loja\/produto\/palinats-mix-de-vegetais-130g\/","og_locale":"pt_BR","og_type":"article","og_title":"Palinats Mix de Vegetais 130g - BePet","og_description":"Venha conhecer o Palinats Mix de nosso e-commerce! Se voc\u00ea est\u00e1 em busca de uma op\u00e7\u00e3o nutritiva e saborosa para incrementar suas refei\u00e7\u00f5es, encontrou o produto ideal. O Palinats Mix \u00e9 um mix de castanhas e frutas secas cuidadosamente selecionadas, que proporcionam um sabor \u00fanico e uma explos\u00e3o de nutrientes em cada mordida. Combinando o crocante das castanhas com o adocicado das frutas secas, esse mix \u00e9 perfeito para quem busca um lanche saud\u00e1vel e pr\u00e1tico. Al\u00e9m do sabor irresist\u00edvel, o Palinats Mix \u00e9 uma op\u00e7\u00e3o altamente nutritiva. As castanhas s\u00e3o fontes de gorduras boas, vitaminas e minerais essenciais para o bom funcionamento do organismo. J\u00e1 as frutas secas s\u00e3o ricas em fibras, vitaminas e antioxidantes, que contribuem para o fortalecimento do sistema imunol\u00f3gico e auxiliam na preven\u00e7\u00e3o de doen\u00e7as. Nossa equipe se preocupa em oferecer um produto de qualidade, por isso todas as castanhas e frutas secas passam por um rigoroso processo de sele\u00e7\u00e3o e s\u00e3o armazenadas de forma adequada, para que voc\u00ea receba um produto fresco e delicioso em sua casa. O Palinats Mix \u00e9 vers\u00e1til e pode ser consumido de diversas formas. Voc\u00ea pode sabore\u00e1-lo puro, como um lanche r\u00e1pido e pr\u00e1tico, ou adicion\u00e1-lo a iogurtes, saladas,&hellip; Read More","og_url":"https:\/\/bepet.pet\/loja\/produto\/palinats-mix-de-vegetais-130g\/","og_site_name":"BePet","article_modified_time":"2025-12-10T20:23:55+00:00","twitter_card":"summary_large_image","twitter_misc":{"Est. tempo de leitura":"1 minuto"},"schema":{"@context":"https:\/\/schema.org","@graph":[{"@type":"WebPage","@id":"https:\/\/bepet.pet\/loja\/produto\/palinats-mix-de-vegetais-130g\/","url":"https:\/\/bepet.pet\/loja\/produto\/palinats-mix-de-vegetais-130g\/","name":"Palinats Mix de Vegetais 130g - BePet","isPartOf":{"@id":"https:\/\/bepet.pet\/loja\/#website"},"primaryImageOfPage":{"@id":"https:\/\/bepet.pet\/loja\/produto\/palinats-mix-de-vegetais-130g\/#primaryimage"},"image":{"@id":"https:\/\/bepet.pet\/loja\/produto\/palinats-mix-de-vegetais-130g\/#primaryimage"},"thumbnailUrl":"https:\/\/bepet.pet\/loja\/wp-content\/uploads\/2024\/01\/pf6fcfade-545f-4704-baba-f8f6fc2253be.png","datePublished":"2024-01-19T18:31:42+00:00","dateModified":"2025-12-10T20:23:55+00:00","breadcrumb":{"@id":"https:\/\/bepet.pet\/loja\/produto\/palinats-mix-de-vegetais-130g\/#breadcrumb"},"inLanguage":"pt-BR","potentialAction":[{"@type":"ReadAction","target":["https:\/\/bepet.pet\/loja\/produto\/palinats-mix-de-vegetais-130g\/"]}]},{"@type":"ImageObject","inLanguage":"pt-BR","@id":"https:\/\/bepet.pet\/loja\/produto\/palinats-mix-de-vegetais-130g\/#primaryimage","url":"https:\/\/bepet.pet\/loja\/wp-content\/uploads\/2024\/01\/pf6fcfade-545f-4704-baba-f8f6fc2253be.png","contentUrl":"https:\/\/bepet.pet\/loja\/wp-content\/uploads\/2024\/01\/pf6fcfade-545f-4704-baba-f8f6fc2253be.png","width":774,"height":800},{"@type":"BreadcrumbList","@id":"https:\/\/bepet.pet\/loja\/produto\/palinats-mix-de-vegetais-130g\/#breadcrumb","itemListElement":[{"@type":"ListItem","position":1,"name":"Home","item":"https:\/\/bepet.pet\/loja\/"},{"@type":"ListItem","position":2,"name":"Shop","item":"https:\/\/bepet.pet\/loja\/shop-2\/"},{"@type":"ListItem","position":3,"name":"Palinats Mix de Vegetais 130g"}]},{"@type":"WebSite","@id":"https:\/\/bepet.pet\/loja\/#website","url":"https:\/\/bepet.pet\/loja\/","name":"BePet","description":"Nossa vida \u00e9 cuidar do seu pet","publisher":{"@id":"https:\/\/bepet.pet\/loja\/#organization"},"potentialAction":[{"@type":"SearchAction","target":{"@type":"EntryPoint","urlTemplate":"https:\/\/bepet.pet\/loja\/?s={search_term_string}"},"query-input":{"@type":"PropertyValueSpecification","valueRequired":true,"valueName":"search_term_string"}}],"inLanguage":"pt-BR"},{"@type":"Organization","@id":"https:\/\/bepet.pet\/loja\/#organization","name":"BePet","url":"https:\/\/bepet.pet\/loja\/","logo":{"@type":"ImageObject","inLanguage":"pt-BR","@id":"https:\/\/bepet.pet\/loja\/#\/schema\/logo\/image\/","url":"https:\/\/bepet.pet\/loja\/wp-content\/uploads\/2020\/10\/logo.jpg","contentUrl":"https:\/\/bepet.pet\/loja\/wp-content\/uploads\/2020\/10\/logo.jpg","width":100,"height":99,"caption":"BePet"},"image":{"@id":"https:\/\/bepet.pet\/loja\/#\/schema\/logo\/image\/"}}]}},"jetpack_sharing_enabled":true,"_links":{"self":[{"href":"https:\/\/bepet.pet\/loja\/wp-json\/wp\/v2\/product\/10401","targetHints":{"allow":["GET"]}}],"collection":[{"href":"https:\/\/bepet.pet\/loja\/wp-json\/wp\/v2\/product"}],"about":[{"href":"https:\/\/bepet.pet\/loja\/wp-json\/wp\/v2\/types\/product"}],"replies":[{"embeddable":true,"href":"https:\/\/bepet.pet\/loja\/wp-json\/wp\/v2\/comments?post=10401"}],"wp:featuredmedia":[{"embeddable":true,"href":"https:\/\/bepet.pet\/loja\/wp-json\/wp\/v2\/media\/10407"}],"wp:attachment":[{"href":"https:\/\/bepet.pet\/loja\/wp-json\/wp\/v2\/media?parent=10401"}],"wp:term":[{"taxonomy":"product_brand","embeddable":true,"href":"https:\/\/bepet.pet\/loja\/wp-json\/wp\/v2\/product_brand?post=10401"},{"taxonomy":"product_cat","embeddable":true,"href":"https:\/\/bepet.pet\/loja\/wp-json\/wp\/v2\/product_cat?post=10401"},{"taxonomy":"product_tag","embeddable":true,"href":"https:\/\/bepet.pet\/loja\/wp-json\/wp\/v2\/product_tag?post=10401"}],"curies":[{"name":"wp","href":"https:\/\/api.w.org\/{rel}","templated":true}]}}