{"id":10121,"date":"2024-01-16T12:37:18","date_gmt":"2024-01-16T12:37:18","guid":{"rendered":"https:\/\/bepet.pet\/loja\/produto\/racao-farmina-matisse-para-gatos-adultos-castrados-sabor-cordeiro-2kg\/"},"modified":"2025-12-10T17:06:07","modified_gmt":"2025-12-10T20:06:07","slug":"racao-farmina-matisse-para-gatos-adultos-castrados-sabor-cordeiro-2kg","status":"publish","type":"product","link":"https:\/\/bepet.pet\/loja\/produto\/racao-farmina-matisse-para-gatos-adultos-castrados-sabor-cordeiro-2kg\/","title":{"rendered":"Ra\u00e7\u00e3o Farmina Matisse para Gatos Adultos Castrados Sabor Cordeiro 2kg"},"content":{"rendered":"<p>Agora no website e_Commerce, temos o prazer de apresentar a ra\u00e7\u00e3o Farmina Matisse para Gatos Adultos Castrados, com o irresist\u00edvel sabor de cordeiro. <\/p>\n<p>Desenvolvida especialmente para atender \u00e0s necessidades nutricionais dos gatos castrados, esta ra\u00e7\u00e3o \u00e9 a escolha perfeita para manter a sa\u00fade e o bem-estar do seu felino em dia.<\/p>\n<p>Com um equil\u00edbrio ideal de nutrientes, a ra\u00e7\u00e3o Farmina Matisse proporciona uma alimenta\u00e7\u00e3o completa e balanceada, garantindo que seu gato receba todos os nutrientes essenciais para uma vida saud\u00e1vel.<\/p>\n<p>Al\u00e9m disso, a ra\u00e7\u00e3o Farmina Matisse auxilia no controle do peso, evitando o ganho excessivo de peso ap\u00f3s a castra\u00e7\u00e3o. Com ingredientes de alta qualidade, como o cordeiro, esta ra\u00e7\u00e3o \u00e9 altamente palat\u00e1vel, garantindo que seu gato ir\u00e1 adorar cada refei\u00e7\u00e3o.<\/p>\n<p>Com embalagem de 2kg, a ra\u00e7\u00e3o Farmina Matisse \u00e9 pr\u00e1tica e econ\u00f4mica, garantindo que voc\u00ea tenha sempre o suficiente para manter seu gato satisfeito e saud\u00e1vel.<\/p>\n<p>N\u00e3o deixe de oferecer o melhor para o seu gato castrado. Experimente agora mesmo a ra\u00e7\u00e3o Farmina Matisse com sabor de cordeiro e proporcione uma alimenta\u00e7\u00e3o de qualidade para o seu felino.<\/p>\n<p>Aproveite a comodidade de comprar online e garanta j\u00e1 a ra\u00e7\u00e3o Farmina Matisse para Gatos Adultos Castrados no website e_Commerce. Seu gato merece o melhor!<\/p>\n","protected":false},"excerpt":{"rendered":"<p>Agora no website e_Commerce, temos o prazer de apresentar a ra\u00e7\u00e3o Farmina Matisse para Gatos Adultos Castrados, com o irresist\u00edvel sabor de cordeiro. Desenvolvida especialmente para atender \u00e0s necessidades nutricionais dos gatos castrados, esta ra\u00e7\u00e3o \u00e9 a escolha perfeita para manter a sa\u00fade e o bem-estar do seu felino em dia. Com um equil\u00edbrio ideal de nutrientes, a ra\u00e7\u00e3o Farmina Matisse proporciona uma alimenta\u00e7\u00e3o completa e balanceada, garantindo que seu gato receba todos os nutrientes essenciais para uma vida saud\u00e1vel. Al\u00e9m disso, a ra\u00e7\u00e3o Farmina Matisse auxilia no controle do peso, evitando o ganho excessivo de peso ap\u00f3s a castra\u00e7\u00e3o. Com ingredientes de alta qualidade, como o cordeiro, esta ra\u00e7\u00e3o \u00e9 altamente palat\u00e1vel, garantindo que seu gato ir\u00e1 adorar cada refei\u00e7\u00e3o. Com embalagem de 2kg, a ra\u00e7\u00e3o Farmina Matisse \u00e9 pr\u00e1tica e econ\u00f4mica, garantindo que voc\u00ea tenha sempre o suficiente para manter seu gato satisfeito e saud\u00e1vel. N\u00e3o deixe de oferecer o melhor para o seu gato castrado. Experimente agora mesmo a ra\u00e7\u00e3o Farmina Matisse com sabor de cordeiro e proporcione uma alimenta\u00e7\u00e3o de qualidade para o seu felino. Aproveite a comodidade de comprar online e garanta j\u00e1 a ra\u00e7\u00e3o Farmina Matisse para Gatos Adultos Castrados no website e_Commerce. Seu&hellip; <a class=\"read-more-link\" href=\"https:\/\/bepet.pet\/loja\/produto\/racao-farmina-matisse-para-gatos-adultos-castrados-sabor-cordeiro-2kg\/\">Read More<\/a><\/p>\n","protected":false},"featured_media":10120,"comment_status":"open","ping_status":"closed","template":"","meta":{"_kadence_starter_templates_imported_post":false},"product_brand":[],"product_cat":[121,133],"product_tag":[],"class_list":{"0":"post-10121","1":"product","2":"type-product","3":"status-publish","4":"has-post-thumbnail","6":"product_cat-racoes","7":"product_cat-secas-gatos","10":"first","11":"instock","12":"shipping-taxable","13":"purchasable","14":"product-type-simple"},"yoast_head":"<!-- This site is optimized with the Yoast SEO plugin v25.5 - https:\/\/yoast.com\/wordpress\/plugins\/seo\/ -->\n<title>Ra\u00e7\u00e3o Farmina Matisse para Gatos Adultos Castrados Sabor Cordeiro 2kg - BePet<\/title>\n<meta name=\"robots\" content=\"index, follow, max-snippet:-1, max-image-preview:large, max-video-preview:-1\" \/>\n<link rel=\"canonical\" href=\"https:\/\/bepet.pet\/loja\/produto\/racao-farmina-matisse-para-gatos-adultos-castrados-sabor-cordeiro-2kg\/\" \/>\n<meta property=\"og:locale\" content=\"pt_BR\" \/>\n<meta property=\"og:type\" content=\"article\" \/>\n<meta property=\"og:title\" content=\"Ra\u00e7\u00e3o Farmina Matisse para Gatos Adultos Castrados Sabor Cordeiro 2kg - BePet\" \/>\n<meta property=\"og:description\" content=\"Agora no website e_Commerce, temos o prazer de apresentar a ra\u00e7\u00e3o Farmina Matisse para Gatos Adultos Castrados, com o irresist\u00edvel sabor de cordeiro. Desenvolvida especialmente para atender \u00e0s necessidades nutricionais dos gatos castrados, esta ra\u00e7\u00e3o \u00e9 a escolha perfeita para manter a sa\u00fade e o bem-estar do seu felino em dia. Com um equil\u00edbrio ideal de nutrientes, a ra\u00e7\u00e3o Farmina Matisse proporciona uma alimenta\u00e7\u00e3o completa e balanceada, garantindo que seu gato receba todos os nutrientes essenciais para uma vida saud\u00e1vel. Al\u00e9m disso, a ra\u00e7\u00e3o Farmina Matisse auxilia no controle do peso, evitando o ganho excessivo de peso ap\u00f3s a castra\u00e7\u00e3o. Com ingredientes de alta qualidade, como o cordeiro, esta ra\u00e7\u00e3o \u00e9 altamente palat\u00e1vel, garantindo que seu gato ir\u00e1 adorar cada refei\u00e7\u00e3o. Com embalagem de 2kg, a ra\u00e7\u00e3o Farmina Matisse \u00e9 pr\u00e1tica e econ\u00f4mica, garantindo que voc\u00ea tenha sempre o suficiente para manter seu gato satisfeito e saud\u00e1vel. N\u00e3o deixe de oferecer o melhor para o seu gato castrado. Experimente agora mesmo a ra\u00e7\u00e3o Farmina Matisse com sabor de cordeiro e proporcione uma alimenta\u00e7\u00e3o de qualidade para o seu felino. Aproveite a comodidade de comprar online e garanta j\u00e1 a ra\u00e7\u00e3o Farmina Matisse para Gatos Adultos Castrados no website e_Commerce. Seu&hellip; Read More\" \/>\n<meta property=\"og:url\" content=\"https:\/\/bepet.pet\/loja\/produto\/racao-farmina-matisse-para-gatos-adultos-castrados-sabor-cordeiro-2kg\/\" \/>\n<meta property=\"og:site_name\" content=\"BePet\" \/>\n<meta property=\"article:modified_time\" content=\"2025-12-10T20:06:07+00:00\" \/>\n<meta name=\"twitter:card\" content=\"summary_large_image\" \/>\n<meta name=\"twitter:label1\" content=\"Est. tempo de leitura\" \/>\n\t<meta name=\"twitter:data1\" content=\"1 minuto\" \/>\n<script type=\"application\/ld+json\" class=\"yoast-schema-graph\">{\"@context\":\"https:\/\/schema.org\",\"@graph\":[{\"@type\":\"WebPage\",\"@id\":\"https:\/\/bepet.pet\/loja\/produto\/racao-farmina-matisse-para-gatos-adultos-castrados-sabor-cordeiro-2kg\/\",\"url\":\"https:\/\/bepet.pet\/loja\/produto\/racao-farmina-matisse-para-gatos-adultos-castrados-sabor-cordeiro-2kg\/\",\"name\":\"Ra\u00e7\u00e3o Farmina Matisse para Gatos Adultos Castrados Sabor Cordeiro 2kg - BePet\",\"isPartOf\":{\"@id\":\"https:\/\/bepet.pet\/loja\/#website\"},\"primaryImageOfPage\":{\"@id\":\"https:\/\/bepet.pet\/loja\/produto\/racao-farmina-matisse-para-gatos-adultos-castrados-sabor-cordeiro-2kg\/#primaryimage\"},\"image\":{\"@id\":\"https:\/\/bepet.pet\/loja\/produto\/racao-farmina-matisse-para-gatos-adultos-castrados-sabor-cordeiro-2kg\/#primaryimage\"},\"thumbnailUrl\":\"https:\/\/bepet.pet\/loja\/wp-content\/uploads\/2024\/01\/p077fc157-9364-4b21-a2ef-9a69c0c78362.png\",\"datePublished\":\"2024-01-16T12:37:18+00:00\",\"dateModified\":\"2025-12-10T20:06:07+00:00\",\"breadcrumb\":{\"@id\":\"https:\/\/bepet.pet\/loja\/produto\/racao-farmina-matisse-para-gatos-adultos-castrados-sabor-cordeiro-2kg\/#breadcrumb\"},\"inLanguage\":\"pt-BR\",\"potentialAction\":[{\"@type\":\"ReadAction\",\"target\":[\"https:\/\/bepet.pet\/loja\/produto\/racao-farmina-matisse-para-gatos-adultos-castrados-sabor-cordeiro-2kg\/\"]}]},{\"@type\":\"ImageObject\",\"inLanguage\":\"pt-BR\",\"@id\":\"https:\/\/bepet.pet\/loja\/produto\/racao-farmina-matisse-para-gatos-adultos-castrados-sabor-cordeiro-2kg\/#primaryimage\",\"url\":\"https:\/\/bepet.pet\/loja\/wp-content\/uploads\/2024\/01\/p077fc157-9364-4b21-a2ef-9a69c0c78362.png\",\"contentUrl\":\"https:\/\/bepet.pet\/loja\/wp-content\/uploads\/2024\/01\/p077fc157-9364-4b21-a2ef-9a69c0c78362.png\",\"width\":800,\"height\":800},{\"@type\":\"BreadcrumbList\",\"@id\":\"https:\/\/bepet.pet\/loja\/produto\/racao-farmina-matisse-para-gatos-adultos-castrados-sabor-cordeiro-2kg\/#breadcrumb\",\"itemListElement\":[{\"@type\":\"ListItem\",\"position\":1,\"name\":\"Home\",\"item\":\"https:\/\/bepet.pet\/loja\/\"},{\"@type\":\"ListItem\",\"position\":2,\"name\":\"Shop\",\"item\":\"https:\/\/bepet.pet\/loja\/shop-2\/\"},{\"@type\":\"ListItem\",\"position\":3,\"name\":\"Ra\u00e7\u00e3o Farmina Matisse para Gatos Adultos Castrados Sabor Cordeiro 2kg\"}]},{\"@type\":\"WebSite\",\"@id\":\"https:\/\/bepet.pet\/loja\/#website\",\"url\":\"https:\/\/bepet.pet\/loja\/\",\"name\":\"BePet\",\"description\":\"Nossa vida \u00e9 cuidar do seu pet\",\"publisher\":{\"@id\":\"https:\/\/bepet.pet\/loja\/#organization\"},\"potentialAction\":[{\"@type\":\"SearchAction\",\"target\":{\"@type\":\"EntryPoint\",\"urlTemplate\":\"https:\/\/bepet.pet\/loja\/?s={search_term_string}\"},\"query-input\":{\"@type\":\"PropertyValueSpecification\",\"valueRequired\":true,\"valueName\":\"search_term_string\"}}],\"inLanguage\":\"pt-BR\"},{\"@type\":\"Organization\",\"@id\":\"https:\/\/bepet.pet\/loja\/#organization\",\"name\":\"BePet\",\"url\":\"https:\/\/bepet.pet\/loja\/\",\"logo\":{\"@type\":\"ImageObject\",\"inLanguage\":\"pt-BR\",\"@id\":\"https:\/\/bepet.pet\/loja\/#\/schema\/logo\/image\/\",\"url\":\"https:\/\/bepet.pet\/loja\/wp-content\/uploads\/2020\/10\/logo.jpg\",\"contentUrl\":\"https:\/\/bepet.pet\/loja\/wp-content\/uploads\/2020\/10\/logo.jpg\",\"width\":100,\"height\":99,\"caption\":\"BePet\"},\"image\":{\"@id\":\"https:\/\/bepet.pet\/loja\/#\/schema\/logo\/image\/\"}}]}<\/script>\n<!-- \/ Yoast SEO plugin. -->","yoast_head_json":{"title":"Ra\u00e7\u00e3o Farmina Matisse para Gatos Adultos Castrados Sabor Cordeiro 2kg - BePet","robots":{"index":"index","follow":"follow","max-snippet":"max-snippet:-1","max-image-preview":"max-image-preview:large","max-video-preview":"max-video-preview:-1"},"canonical":"https:\/\/bepet.pet\/loja\/produto\/racao-farmina-matisse-para-gatos-adultos-castrados-sabor-cordeiro-2kg\/","og_locale":"pt_BR","og_type":"article","og_title":"Ra\u00e7\u00e3o Farmina Matisse para Gatos Adultos Castrados Sabor Cordeiro 2kg - BePet","og_description":"Agora no website e_Commerce, temos o prazer de apresentar a ra\u00e7\u00e3o Farmina Matisse para Gatos Adultos Castrados, com o irresist\u00edvel sabor de cordeiro. Desenvolvida especialmente para atender \u00e0s necessidades nutricionais dos gatos castrados, esta ra\u00e7\u00e3o \u00e9 a escolha perfeita para manter a sa\u00fade e o bem-estar do seu felino em dia. Com um equil\u00edbrio ideal de nutrientes, a ra\u00e7\u00e3o Farmina Matisse proporciona uma alimenta\u00e7\u00e3o completa e balanceada, garantindo que seu gato receba todos os nutrientes essenciais para uma vida saud\u00e1vel. Al\u00e9m disso, a ra\u00e7\u00e3o Farmina Matisse auxilia no controle do peso, evitando o ganho excessivo de peso ap\u00f3s a castra\u00e7\u00e3o. Com ingredientes de alta qualidade, como o cordeiro, esta ra\u00e7\u00e3o \u00e9 altamente palat\u00e1vel, garantindo que seu gato ir\u00e1 adorar cada refei\u00e7\u00e3o. Com embalagem de 2kg, a ra\u00e7\u00e3o Farmina Matisse \u00e9 pr\u00e1tica e econ\u00f4mica, garantindo que voc\u00ea tenha sempre o suficiente para manter seu gato satisfeito e saud\u00e1vel. N\u00e3o deixe de oferecer o melhor para o seu gato castrado. Experimente agora mesmo a ra\u00e7\u00e3o Farmina Matisse com sabor de cordeiro e proporcione uma alimenta\u00e7\u00e3o de qualidade para o seu felino. Aproveite a comodidade de comprar online e garanta j\u00e1 a ra\u00e7\u00e3o Farmina Matisse para Gatos Adultos Castrados no website e_Commerce. Seu&hellip; Read More","og_url":"https:\/\/bepet.pet\/loja\/produto\/racao-farmina-matisse-para-gatos-adultos-castrados-sabor-cordeiro-2kg\/","og_site_name":"BePet","article_modified_time":"2025-12-10T20:06:07+00:00","twitter_card":"summary_large_image","twitter_misc":{"Est. tempo de leitura":"1 minuto"},"schema":{"@context":"https:\/\/schema.org","@graph":[{"@type":"WebPage","@id":"https:\/\/bepet.pet\/loja\/produto\/racao-farmina-matisse-para-gatos-adultos-castrados-sabor-cordeiro-2kg\/","url":"https:\/\/bepet.pet\/loja\/produto\/racao-farmina-matisse-para-gatos-adultos-castrados-sabor-cordeiro-2kg\/","name":"Ra\u00e7\u00e3o Farmina Matisse para Gatos Adultos Castrados Sabor Cordeiro 2kg - BePet","isPartOf":{"@id":"https:\/\/bepet.pet\/loja\/#website"},"primaryImageOfPage":{"@id":"https:\/\/bepet.pet\/loja\/produto\/racao-farmina-matisse-para-gatos-adultos-castrados-sabor-cordeiro-2kg\/#primaryimage"},"image":{"@id":"https:\/\/bepet.pet\/loja\/produto\/racao-farmina-matisse-para-gatos-adultos-castrados-sabor-cordeiro-2kg\/#primaryimage"},"thumbnailUrl":"https:\/\/bepet.pet\/loja\/wp-content\/uploads\/2024\/01\/p077fc157-9364-4b21-a2ef-9a69c0c78362.png","datePublished":"2024-01-16T12:37:18+00:00","dateModified":"2025-12-10T20:06:07+00:00","breadcrumb":{"@id":"https:\/\/bepet.pet\/loja\/produto\/racao-farmina-matisse-para-gatos-adultos-castrados-sabor-cordeiro-2kg\/#breadcrumb"},"inLanguage":"pt-BR","potentialAction":[{"@type":"ReadAction","target":["https:\/\/bepet.pet\/loja\/produto\/racao-farmina-matisse-para-gatos-adultos-castrados-sabor-cordeiro-2kg\/"]}]},{"@type":"ImageObject","inLanguage":"pt-BR","@id":"https:\/\/bepet.pet\/loja\/produto\/racao-farmina-matisse-para-gatos-adultos-castrados-sabor-cordeiro-2kg\/#primaryimage","url":"https:\/\/bepet.pet\/loja\/wp-content\/uploads\/2024\/01\/p077fc157-9364-4b21-a2ef-9a69c0c78362.png","contentUrl":"https:\/\/bepet.pet\/loja\/wp-content\/uploads\/2024\/01\/p077fc157-9364-4b21-a2ef-9a69c0c78362.png","width":800,"height":800},{"@type":"BreadcrumbList","@id":"https:\/\/bepet.pet\/loja\/produto\/racao-farmina-matisse-para-gatos-adultos-castrados-sabor-cordeiro-2kg\/#breadcrumb","itemListElement":[{"@type":"ListItem","position":1,"name":"Home","item":"https:\/\/bepet.pet\/loja\/"},{"@type":"ListItem","position":2,"name":"Shop","item":"https:\/\/bepet.pet\/loja\/shop-2\/"},{"@type":"ListItem","position":3,"name":"Ra\u00e7\u00e3o Farmina Matisse para Gatos Adultos Castrados Sabor Cordeiro 2kg"}]},{"@type":"WebSite","@id":"https:\/\/bepet.pet\/loja\/#website","url":"https:\/\/bepet.pet\/loja\/","name":"BePet","description":"Nossa vida \u00e9 cuidar do seu pet","publisher":{"@id":"https:\/\/bepet.pet\/loja\/#organization"},"potentialAction":[{"@type":"SearchAction","target":{"@type":"EntryPoint","urlTemplate":"https:\/\/bepet.pet\/loja\/?s={search_term_string}"},"query-input":{"@type":"PropertyValueSpecification","valueRequired":true,"valueName":"search_term_string"}}],"inLanguage":"pt-BR"},{"@type":"Organization","@id":"https:\/\/bepet.pet\/loja\/#organization","name":"BePet","url":"https:\/\/bepet.pet\/loja\/","logo":{"@type":"ImageObject","inLanguage":"pt-BR","@id":"https:\/\/bepet.pet\/loja\/#\/schema\/logo\/image\/","url":"https:\/\/bepet.pet\/loja\/wp-content\/uploads\/2020\/10\/logo.jpg","contentUrl":"https:\/\/bepet.pet\/loja\/wp-content\/uploads\/2020\/10\/logo.jpg","width":100,"height":99,"caption":"BePet"},"image":{"@id":"https:\/\/bepet.pet\/loja\/#\/schema\/logo\/image\/"}}]}},"jetpack_sharing_enabled":true,"_links":{"self":[{"href":"https:\/\/bepet.pet\/loja\/wp-json\/wp\/v2\/product\/10121","targetHints":{"allow":["GET"]}}],"collection":[{"href":"https:\/\/bepet.pet\/loja\/wp-json\/wp\/v2\/product"}],"about":[{"href":"https:\/\/bepet.pet\/loja\/wp-json\/wp\/v2\/types\/product"}],"replies":[{"embeddable":true,"href":"https:\/\/bepet.pet\/loja\/wp-json\/wp\/v2\/comments?post=10121"}],"wp:featuredmedia":[{"embeddable":true,"href":"https:\/\/bepet.pet\/loja\/wp-json\/wp\/v2\/media\/10120"}],"wp:attachment":[{"href":"https:\/\/bepet.pet\/loja\/wp-json\/wp\/v2\/media?parent=10121"}],"wp:term":[{"taxonomy":"product_brand","embeddable":true,"href":"https:\/\/bepet.pet\/loja\/wp-json\/wp\/v2\/product_brand?post=10121"},{"taxonomy":"product_cat","embeddable":true,"href":"https:\/\/bepet.pet\/loja\/wp-json\/wp\/v2\/product_cat?post=10121"},{"taxonomy":"product_tag","embeddable":true,"href":"https:\/\/bepet.pet\/loja\/wp-json\/wp\/v2\/product_tag?post=10121"}],"curies":[{"name":"wp","href":"https:\/\/api.w.org\/{rel}","templated":true}]}}